NOAA-Style Climate Reports

Select a Year or Month report
2022: Jan Feb Mar Apr May Jun Jul Aug Sep Oct Nov Dec
2021: Jan Feb Mar Apr May Jun Jul Aug Sep Oct Nov Dec
2020: Jan Feb Mar Apr May Jun Jul Aug Sep Oct Nov Dec
2019: Jan Feb Mar Apr May Jun Jul Aug Sep Oct Nov Dec
2018: Jan Feb Mar Apr May Jun Jul Aug Sep Oct Nov Dec
2017: Jan Feb Mar Apr May Jun Jul Aug Sep Oct Nov Dec

Report for 2020
                     CLIMATOLOGICAL SUMMARY for year 2020


NAME: Darfield                  
ELEV: 725 meters    LAT: 51-15.63 N    LONG: 120-12.20 W


                                       TEMPERATURE (C)

                              HEAT    COOL                              MAX    MAX    MIN    MIN
          MEAN   MEAN         DEG     DEG                                >=     <=     <=     <=
 YR  MO   MAX    MIN    MEAN  DAYS    DAYS      HI  DAY     LOW  DAY     30      0      0    -20
------------------------------------------------------------------------------------------------
2020 01   -1.6   -9.4   -5.5  733.8    0.0     6.7   20   -30.4   13      0     13     29      6
2020 02    2.2   -7.4   -3.0  617.8    0.0    10.0   28   -13.3   04      0      9     29      0
2020 03    5.5   -5.1   -0.5  485.4    0.0    11.5   29   -12.4   09      0      1     24      0
2020 04   11.8   -1.8    5.1  404.7    0.0    21.2   20   -14.0   04      0      2     18      0
2020 05   19.0    4.1   11.0  228.3    0.0    24.5   09    -2.0   04      0      0      2      0
2020 06   20.0    7.3   12.9  163.4    0.4    28.3   18     1.0   09      0      0      0      0
2020 07   23.9    9.6   15.7   96.5   13.7    34.1   30     5.3   13      5      0      0      0
2020 08   26.9    8.9   15.3  102.1    9.1    37.6   16     3.1   12      8      0      0      0
2020 09   22.7    7.0   12.9  162.0    0.0    32.8   11     0.2   27      3      0      0      0
2020 10    8.6    0.6    3.8  449.8    0.0    21.1   03   -11.1   24      0      3     15      0
2020 11    2.9   -3.4   -0.3  560.8    0.0    10.8   04   -10.1   09      0      4     27      0
2020 12    0.4   -4.3   -2.2  634.8    0.0     4.3   07   -12.0   23      0     11     31      0
------------------------------------------------------------------------------------------------
          11.9    0.6    5.6 4639.5   23.1    37.6  Aug   -30.4  Jan     16     43    175      6


                  PRECIPITATION (mm)

                  MAX         ---DAYS OF RAIN---
                  OS.           `   OVER
 YR  MO  TOTAL    DAY  DATE   0.30   3.x0  30.10
-----------,----------------------
---------,---
2020 01   66.3   20n1    20    10      6      0
202 02   21.6    5.1    26      9      3     0
2020 03    7.1    3.3    30!     3      3      0
2020 04    910   3.3    17     !2 0    1      0
2020 05   7!.4   17.5    30     13      6      0
6020 06  145.3   20n8    27     18   0 11      0
2020 07  `66."   33.3    010   11      8      1
2020 08!  44.7   20.3    26      9 (    3      0
2020 09   20.3    7.8    23      5      2      0
202p 10 117.1   65.9!   29     17     10      0
2020 11  $6;.1   78.3    17   ! 10      3  ((  1
2020 12   32.5   15.2    18      7      4    0 0
-=---------)--------------)---------------------
         680.7   38.1   Nov    118    (58      2

  $        WIND CPEED (km/h)

                 `    0  !      EMM
 YR  MO    AVG     HI   DETE  $ DIR
---------,%-----------
------------
2020 01    1.0   32.5     04    240
220 02    0.8  21.7     29    268
2020 03    2.1   26.7     11    267
2020 04    2.4   30.0     07    279
2020 05    1.8   25.0     20    289
2020 06    1.1   26.7     07    244
2020 07    1.2   22.5     17    264
2020 08    1.0   24.2     06    257
2020 09    1.0   22.5     02    282
2020 10    0.7   25.0     30    290
2020 11    0.8   27.5     07    256
2020 12    0.5   15.9     22    235
-----------------------------------
           1.2   32.5    Jan    270