NOAA-Style Climate Reports

Select a Year or Month report
2022: Jan Feb Mar Apr May Jun Jul Aug Sep Oct Nov Dec
2021: Jan Feb Mar Apr May Jun Jul Aug Sep Oct Nov Dec
2020: Jan Feb Mar Apr May Jun Jul Aug Sep Oct Nov Dec
2019: Jan Feb Mar Apr May Jun Jul Aug Sep Oct Nov Dec
2018: Jan Feb Mar Apr May Jun Jul Aug Sep Oct Nov Dec
2017: Jan Feb Mar Apr May Jun Jul Aug Sep Oct Nov Dec

Report for 2017
                     CLIMATOLOGICAL SUMMARY for year 2017


NAME: Darfield                  
ELEV: 725 meters    LAT: 51-15.63 N    LONG: 120-12.20 W


                                       TEMPERATURE (C)

                              HEAT    COOL                              MAX    MAX    MIN    MIN
          MEAN   MEAN         DEG     DEG                                >=     <=     <=     <=
 YR  MO   MAX    MIN    MEAN  DAYS    DAYS      HI  DAY     LOW  DAY     30      0      0    -20
------------------------------------------------------------------------------------------------
2017 01
2017 02
2017 03
2017 04
2017 05   24.2    7.4   15.5   38.4    0.8    30.6   29     3.4   26      1      0      0      0
2017 06   23.2    7.3   15.1  109.1   13.3    33.6   25     2.8   15      4      0      0      0
2017 07   28.4   10.2   18.7   35.0   48.7    34.0   26     4.0   17     13      0      0      0
2017 08   29.0    9.7   18.2   48.5   44.1    35.7   11     3.8   25     18      0      0      0
2017 09   20.9    6.3   12.6  177.2    5.1    31.8   02    -0.8   19      2      0      1      0
2017 10    9.9   -0.9    3.9  447.7    0.0    17.3   05    -5.4   30      0      0     23      0
2017 11    2.8   -3.9   -0.9  568.3    0.0    10.6   23   -16.8   04      0      7     23      0
2017 12   -4.2   -9.4   -6.2  780.8    0.0     3.8   01   -23.4   31      0     23     31      3
------------------------------------------------------------------------------------------------
          16.0    2.9    9.1 2204.9  112.0    35.7  Aug   -23.4  Dec     38     30     78      3


                  PRECIPITATION (mm)

                  MAX         ---DAYS OF RAIN---
                  OBS.               OVER
 YR  MO  TOTAL    DAY  DATE   0.30   3.00  30.00
------------------------------------------------
2017 01
2017 02
2017 03
2017 04
2017 05   12.4    8.1    31      3      2      0
2017 06    5.6    2.3    16      3      0      0
2017 07   16.8   10.7    20      4      2      0
2017 08   21.6   17.0    13      2      2      0
2017 09   25.7   11.2    08      8      3      0
2017 10   61.7   11.2    21     15      9      0
2017 11   55.6   15.0    12      8      6      0
2017 12    0.3    0.3    17      0      0      0
------------------------------------------------
         199.6   17.0   Aug     43     24      0


           WIND SPEED (km/h)

                                DOM
 YR  MO    AVG     HI   DATE    DIR
-----------------------------------
2017 01
2017 02
2017 03
2017 04
2017 05    1.7   33.3     23    283
2017 06    1.6   29.1     27    257
2017 07    1.6   30.8     23    266
2017 08    1.3   34.9     18    291
2017 09    1.5   23.4     02    296
2017 10    1.6   31.6     17    233
2017 11    1.7   25.0     02    215
2017 12    0.8   20.9     20    277
-----------------------------------
           1.4   34.9    Aug    267