NOAA-Style Climate Reports

Select a Year or Month report
2022: Jan Feb Mar Apr May Jun Jul Aug Sep Oct Nov Dec
2021: Jan Feb Mar Apr May Jun Jul Aug Sep Oct Nov Dec
2020: Jan Feb Mar Apr May Jun Jul Aug Sep Oct Nov Dec
2019: Jan Feb Mar Apr May Jun Jul Aug Sep Oct Nov Dec
2018: Jan Feb Mar Apr May Jun Jul Aug Sep Oct Nov Dec
2017: Jan Feb Mar Apr May Jun Jul Aug Sep Oct Nov Dec

Report for 2019
                     CLIMATOLOGICAL SUMMARY for year 2019


NAME: Darfield                  
ELEV: 725 meters    LAT: 51-15.63 N    LONG: 120-12.20 W


                                       TEMPERATURE (C)

                              HEAT    COOL                              MAX    MAX    MIN    MIN
          MEAN   MEAN         DEG     DEG                                >=     <=     <=     <=
 YR  MO   MAX    MIN    MEAN  DAYS    DAYS      HI  DAY     LOW  DAY     30      0      0    -20
------------------------------------------------------------------------------------------------
2019 01    0.7   -6.1   -2.9  658.1    0.0     6.4   19   -14.7   08      0     15     31      0
2019 02   -6.3  -16.0  -11.5  834.5    0.0     4.6   01   -27.0   05      0     25     28     10
2019 03    8.9   -5.8    0.2  561.8    0.0    18.2   20   -21.2   03      0      4     28      2
2019 04   13.0   -1.3    5.3  390.9    0.0    18.8   17    -4.1   28      0      0     24      0
2019 05   21.7    5.9   13.4  156.4    3.8    30.9   28     0.0   01      2      0      1      0
2019 06   22.4    7.7   14.6  118.7    6.8    30.6   12     2.9   06      2      0      0      0
2019 07   24.0    9.9   16.2   74.1    7.1    32.0   22     6.3   25      2      0      0      0
2019 08   25.8    9.7   16.6   65.9   11.9    34.5   07     4.6   27      5      0      0      0
2019 09   17.8    6.5   11.3  210.4    0.0    28.8   06    -0.3   30      0      0      1      0
2019 10    8.2   -1.3    3.0  475.7    0.0    14.7   07   -10.9   29      0      0     19      0
2019 11    1.7   -4.2   -1.4  591.1    0.0     7.7   17   -17.3   30      0      9     23      0
2019 12   -1.0   -5.2   -3.2  666.1    0.0     3.2   07   -14.4   01      0     17     31      0
------------------------------------------------------------------------------------------------
          11.5    0.1    5.3 4803.7   29.6    34.5  Aug   -27.0  Feb     11     70    186     12


                  PRECIPITATION (mm)

                  MAX         ---DAYS OF RAIN---
                  OBS.               OVER
 YR  MO  TOTAL    DAY  DATE   0.30   3.00  30.00
------------------------------------------------
2019 01   59.7   25.9    03      9      5      0
2019 02    0.5    0.5    01      1      0      0
2019 03   12.4    5.6    25      7      1      0
2019 04   22.4    5.1    03     11      2      0
2019 05   24.6   10.2    17      7      4      0
2019 06   78.0   22.4    28     13      8      0
2019 07   73.2   18.5    05     14      7      0
2019 08   64.3   29.0    11      7      5      0
2019 09   82.3   13.5    15     13      8      0
2019 10   29.7    7.4    25      8      5      0
2019 11   81.3   24.9    14     14      6      0
2019 12   19.8   13.2    20      5      1      0
------------------------------------------------
         548.1   29.0   Aug    109     52      0


           WIND SPEED (km/h)

                                DOM
 YR  MO    AVG     HI   DATE    DIR
-----------------------------------
2019 01    0.7   28.3     27    232
2019 02    1.9   22.5     02    290
2019 03    1.4   27.5     12    266
2019 04    2.1   33.3     27    255
2019 05    1.6   27.5     06    271
2019 06    1.7   28.3     18    270
2019 07    1.3   21.7     01    240
2019 08    1.5   27.5     02    262
2019 09    1.1   26.7     26    263
2019 10    1.3   42.4     25    266
2019 11    1.0   24.2     19    278
2019 12    0.3   20.0     07    290
-----------------------------------
           1.3   42.4    Oct    269