NOAA-Style Climate Reports


Report for 2024 June
                   MONTHLY CLIMATOLOGICAL SUMMARY for Jun 2024


NAME: Boulder Mountain - Posby Lake - Chinook Cove                  
ELEV: 723 meters    LAT: 51-15.63 N    LONG: 120-12.20 W


                   TEMPERATURE (C), RAIN (mm), WIND SPEED (km/h)

                                         HEAT   COOL         AVG
      MEAN                               DEG    DEG          WIND                   DOM
DAY   TEMP   HIGH   TIME    LOW   TIME   DAYS   DAYS   RAIN  SPEED   HIGH   TIME    DIR
---------------------------------------------------------------------------------------
 01   11.1   15.9  15:35    8.2  05:39    7.2    0.0    7.1    0.0    0.0  00:00    N/A
 02   10.6   16.4  12:18    6.8  04:43    7.8    0.0   19.8    0.0    0.0  00:00    N/A
 03   10.2   14.2  11:34    7.3  23:43    8.1    0.0    4.2    0.0    0.0  00:00    N/A
 04   10.4   18.2  15:57    3.5  04:04    8.0    0.0    0.2    0.0    0.0  00:00    N/A
 05    9.9   16.4  17:18    3.1  03:17    8.5    0.0    0.0    0.0    0.0  00:01    N/A
 06   12.3   19.7  13:02    5.0  04:47    6.1    0.0    0.0    0.0    0.0  00:00    N/A
 07   13.5   21.3  15:08    4.5  05:39    4.8    0.0    0.0    0.0    0.0  00:00    N/A
 08   14.9   24.2  17:10    4.5  05:21    3.4    0.0    0.0    0.0    0.0  00:00    N/A
 09   16.3   24.0  14:23    7.6  04:30    2.1    0.0    0.0    0.0    0.0  00:00    N/A
 10   16.0   21.7  15:25    9.2  05:58    2.4    0.0    0.0    0.0    0.0  00:00    N/A
 11   14.6   21.1  15:35    9.8  02:25    3.7    0.0    2.2    0.0    0.0  00:00    N/A
 12   11.7   17.6  14:30    6.2  05:46    6.7    0.0    0.0    0.0    0.0  00:00    N/A
 13   13.3   23.5  15:03    3.8  05:30    5.0    0.0    0.0    0.0    0.0  00:00    N/A
 14
 15
 16
 17
 18
 19
 20
 21
 22
 23
 24
 25
 26
 27
 28
 29
 30
---------------------------------------------------------------------------------------
      12.7   24.2     08    3.1     05   73.6    0.0   33.7    0.0    0.0     01    N/A