NOAA-Style Climate Reports


Report for 2024 February
                   MONTHLY CLIMATOLOGICAL SUMMARY for Feb 2024


NAME: Boulder Mountain - Posby Lake - Chinook Cove                  
ELEV: 723 meters    LAT: 51-15.63 N    LONG: 120-12.20 W


                   TEMPERATURE (C), RAIN (mm), WIND SPEED (km/h)

                                         HEAT   COOL         AVG
      MEAN                               DEG    DEG          WIND                   DOM
DAY   TEMP   HIGH   TIME    LOW   TIME   DAYS   DAYS   RAIN  SPEED   HIGH   TIME    DIR
---------------------------------------------------------------------------------------
 01    5.6    8.1  13:30    3.9  02:38   12.8    0.0    5.6    0.0    0.0  00:00    N/A
 02    3.1    5.9  12:51    0.0  07:47   15.2    0.0    0.2    0.1    6.1  14:41    285
 03    2.1    6.0  14:46   -0.7  22:11   16.2    0.0    0.0    1.6   15.1  16:00    296
 04   -2.7    0.3  00:00   -4.1  23:28   21.0    0.0    1.8    1.5    9.4  09:00    299
 05   -2.4   -0.1  14:21   -4.1  00:10   20.7    0.0    0.0    0.5    8.3  13:55    297
 06   -0.9    0.6  13:45   -1.9  02:00   19.2    0.0    2.0    0.0    0.0  00:00    N/A
 07   -0.3    1.6  14:45   -2.2  05:18   18.7    0.0    0.0    0.1    7.6  22:46    317
 08   -1.0    1.3  13:25   -3.1  05:47   19.3    0.0    0.0    1.3    9.4  14:30    295
 09   -4.7   -0.6  14:42   -9.1  07:39   23.0    0.0    0.0    0.6    9.4  02:01    300
 10   -4.0   -1.3  14:21   -7.7  01:58   22.3    0.0    2.0    0.4    4.3  09:40    286
 11   -1.1    0.5  15:00   -2.6  01:48   19.4    0.0   14.3    0.0    3.6  03:15    304
 12   -1.5    1.4  12:46   -5.4  21:03   19.9    0.0    0.0    0.0    0.0  00:01    N/A
 13   -4.3   -0.1  14:13  -10.7  23:50   22.7    0.0    0.0    0.0    0.0  00:00    N/A
 14   -8.1   -2.6  15:50  -11.7  23:50   26.5    0.0    0.0    0.0    0.0  00:01    N/A
 15   -9.9   -2.8  15:25  -15.3  07:10   28.2    0.0    0.0    0.0    0.0  00:00    N/A
 16  -10.6   -4.0  15:21  -15.6  07:26   28.9    0.0    0.0    0.0    0.0  00:01    N/A
 17   -8.8   -2.1  14:55  -14.0  07:20   27.1    0.0    0.0    0.0    0.0  00:00    N/A
 18   -3.8    0.3  16:02   -7.8  00:00   22.1    0.0    0.0    0.0    0.0  00:00    N/A
 19   -2.2    3.3  16:10   -6.3  04:18   20.5    0.0    0.0    0.0    0.0  00:00    N/A
 20    0.9    3.5  14:01   -0.6  03:45   17.4    0.0    5.6    0.0    2.5  13:25    245
 21    1.3    3.8  14:26    0.2  07:14   17.1    0.0    2.9    0.2    6.1  14:55    291
 22    1.2    5.0  13:26   -1.6  22:49   17.2    0.0    0.0    0.1    6.8  14:06    288
 23    1.7    6.3  14:00   -1.3  00:00   16.6    0.0    0.0    0.3    6.8  12:55    185
 24    1.3    5.0  14:15   -0.6  22:08   17.0    0.0    0.2    0.6    8.3  17:06    297
 25
 26
 27
 28
 29
---------------------------------------------------------------------------------------
      -2.0    8.1     01  -15.6     16  489.0    0.0   34.6    0.3   15.1     03    294