NOAA-Style Climate Reports

Select a Year or Month report
2022: Jan Feb Mar Apr May Jun Jul Aug Sep Oct Nov Dec
2021: Jan Feb Mar Apr May Jun Jul Aug Sep Oct Nov Dec
2020: Jan Feb Mar Apr May Jun Jul Aug Sep Oct Nov Dec
2019: Jan Feb Mar Apr May Jun Jul Aug Sep Oct Nov Dec
2018: Jan Feb Mar Apr May Jun Jul Aug Sep Oct Nov Dec
2017: Jan Feb Mar Apr May Jun Jul Aug Sep Oct Nov Dec

Report for 2022 June
                   MONTHLY CLIMATOLOGICAL SUMMARY for Jun 2022


NAME: Darfield                  
ELEV: 725 meters    LAT: 51-15.63 N    LONG: 120-12.20 W


                   TEMPERATURE (C), RAIN (mm), WIND SPEED (km/h)

                                         HEAT   COOL         AVG
      MEAN                               DEG    DEG          WIND                   DOM
DAY   TEMP   HIGH   TIME    LOW   TIME   DAYS   DAYS   RAIN  SPEED   HIGH   TIME    DIR
---------------------------------------------------------------------------------------
 01   12.7   21.3  15:05    5.5  03:35    5.7    0.0    0.3    1.2   11.3  17:52    276
 02   12.7   19.1  16:00    8.5  04:00    5.6    0.0    0.0    0.7    6.4  13:24    206
 03   10.4   14.0  16:15    9.4  11:47    7.9    0.0   21.1    0.6    6.4  09:41    292
 04   13.1   20.5  14:52    6.9  05:15    5.2    0.0    0.3    0.9    6.4  09:08    205
 05   12.0   16.4  17:55    8.6  02:45    6.4    0.0    3.3    0.5    6.4  12:21    182
 06   11.4   20.0  13:44    6.9  23:57    6.9    0.0    8.1    0.5    9.7  16:39    220
 07   13.2   20.7  15:43    6.4  00:46    5.1    0.0    0.0    1.2    8.0  09:31    257
 08   14.7   21.8  13:12    7.9  23:56    3.7    0.0    0.0    1.7   11.3  09:18    173
 09   10.1   16.7  12:42    4.7  04:25    8.2    0.0   13.0    0.6    6.4  08:14    183
 10   14.7   22.5  14:10    8.8  05:53    3.7    0.0    0.3    1.5   11.3  14:37    171
 11   13.5   21.2  13:45    7.9  05:36    4.8    0.0    2.3    1.0   12.9  16:07    190
 12   11.8   18.4  12:56    6.7  03:51    6.5    0.0    0.0    2.5   17.7  16:28    300
 13   11.3   12.9  16:27    9.0  01:06    7.0    0.0    1.0    1.9   14.5  10:19    304
 14   13.0   19.6  18:30    7.8  04:20    5.3    0.0    3.3    3.4   20.9  10:44    304
 15   15.5   23.7  14:54    6.9  05:35    2.9    0.0    1.3    1.3   12.9  01:41    214
 16   11.1   15.3  11:25    7.7  23:10    7.2    0.0    3.3    1.0   14.5  12:42    297
 17   10.4   14.4  14:36    4.8  04:03    8.0    0.0    0.0    1.1   11.3  10:02    286
 18   12.5   17.1  16:20    9.4  04:15    5.9    0.0    5.3    0.5    8.0  16:12    267
 19   11.9   15.0  18:15    9.3  03:41    6.4    0.0    5.6    0.3    6.4  15:37    257
 20   15.4   22.6  17:45    8.3  01:55    3.0    0.0    1.3    1.6   12.9  18:12    285
 21   14.9   19.5  11:14   11.2  05:49    3.4    0.0    2.0    0.9   11.3  11:05    172
 22   13.8   20.0  14:06    8.6  23:58    4.6    0.0    4.6    2.8   19.3  23:02    301
 23    9.9   14.4  15:28    6.9  05:32    8.5    0.0    0.3    3.5   20.9  10:52    302
 24   12.6   19.5  14:19    6.2  05:20    5.7    0.0    0.0    1.9   12.9  11:03    295
 25   14.6   24.1  15:33    5.9  04:55    3.7    0.0    0.0    1.1    9.7  11:15    261
 26   16.8   27.4  14:13    7.0  05:02    1.6    0.0    0.0    1.2    8.0  10:49    279
 27   18.9   29.8  15:19    9.3  05:07    0.0    0.5    0.0    0.9    6.4  07:43    272
 28   16.7   22.3  13:18   12.4  23:55    1.7    0.0    0.0    1.2   12.9  20:25    282
 29   11.9   14.0  17:35    9.9  03:05    6.5    0.0    4.6    0.2    4.8  06:39    195
 30
---------------------------------------------------------------------------------------
      13.2   29.8     27    4.7     09  150.9    0.5   81.0    1.3   20.9     14    276