NOAA-Style Climate Reports

Select a Year or Month report
2022: Jan Feb Mar Apr May Jun Jul Aug Sep Oct Nov Dec
2021: Jan Feb Mar Apr May Jun Jul Aug Sep Oct Nov Dec
2020: Jan Feb Mar Apr May Jun Jul Aug Sep Oct Nov Dec
2019: Jan Feb Mar Apr May Jun Jul Aug Sep Oct Nov Dec
2018: Jan Feb Mar Apr May Jun Jul Aug Sep Oct Nov Dec
2017: Jan Feb Mar Apr May Jun Jul Aug Sep Oct Nov Dec

Report for 2018
                     CLIMATOLOGICAL SUMMARY for year 2018


NAME: Darfield                  
ELEV: 725 meters    LAT: 51-15.63 N    LONG: 120-12.20 W


                                       TEMPERATURE (C)

                              HEAT    COOL                              MAX    MAX    MIN    MIN
          MEAN   MEAN         DEG     DEG                                >=     <=     <=     <=
 YR  MO   MAX    MIN    MEAN  DAYS    DAYS      HI  DAY     LOW  DAY     30      0      0    -20
------------------------------------------------------------------------------------------------
2018 01   -0.6   -6.5   -3.7  680.9    0.0     6.0   18   -19.5   02      0     10     31      0
2018 02   -2.9  -12.2   -8.3  735.0    0.0     4.1   27   -22.1   21      0     20     28      4
2018 03    6.2   -4.9   -0.2  569.3    0.0    12.6   13   -15.6   05      0      3     29      0
2018 04   12.3   -0.9    5.3  393.6    0.0    26.9   27    -6.8   04      0      0     19      0
2018 05   24.2    6.6   14.6  117.9    2.9    31.6   23     1.1   31      4      0      0      0
2018 06   22.3    7.5   14.1  137.4   11.4    34.7   20     2.0   12      3      0      0      0
2018 07   27.5    9.9   18.0   46.3   34.9    36.0   30     5.3   21     12      0      0      0
2018 08   26.9    9.7   17.1   51.9   18.8    37.2   09     5.7   19      9      0      0      0
2018 09
2018 10
2018 11    1.8   -2.5   -0.3  320.1    0.0     5.8   28    -7.1   19      0      4     15      0
2018 12    0.7   -4.7   -2.0  629.6    0.0     6.9   20   -13.2   07      0     12     29      0
------------------------------------------------------------------------------------------------
          12.1    0.2    6.1 3682.0   68.0    37.2  Aug   -22.1  Feb     28     49    151      4


                  PRECIPITATION (mm)

                  MAX         ---DAYS OF RAIN---
                  OBS.               OVER
 YR  MO  TOTAL    DAY  DATE   0.30   3.00  30.00
------------------------------------------------
2018 01   88.6   26.9    29      9      6      0
2018 02    8.6    5.6    03      4      1      0
2018 03   55.1   10.9    27     13      6      0
2018 04   45.0   12.7    16     11      6      0
2018 05   33.0   13.2    09      5      3      0
2018 06  107.2   35.3    25     15      9      1
2018 07   35.6   13.5    01      9      3      0
2018 08   21.6    7.6    11      6      3      0
2018 09
2018 10
2018 11   18.0    5.8    23      6      3      0
2018 12   37.1   18.8    13      8      2      0
------------------------------------------------
         449.8   35.3   Jun     86     42      1


           WIND SPEED (km/h)

                                DOM
 YR  MO    AVG     HI   DATE    DIR
-----------------------------------
2018 01    0.9   17.6     21    234
2018 02    1.8   30.0     18    292
2018 03    1.9   29.1     30    287
2018 04    1.7   29.1     21    237
2018 05    2.1   23.4     12    276
2018 06    1.5   25.0     10    217
2018 07    1.5   25.0     13    282
2018 08    1.1   31.6     01    279
2018 09
2018 10
2018 11    1.0   12.6     30    214
2018 12    0.9   28.3     15    199
-----------------------------------
           1.5   31.6    Aug    266