NOAA-Style Climate Reports


Report for 2022 September
                   MONTHLY CLIMATOLOGICAL SUMMARY for Sep 2022


NAME: Boulder Mountain - Posby Lake - Chinook Cove                  
ELEV: 723 meters    LAT: 51-15.63 N    LONG: 120-12.20 W


                   TEMPERATURE (C), RAIN (mm), WIND SPEED (km/h)

                                         HEAT   COOL         AVG
      MEAN                               DEG    DEG          WIND                   DOM
DAY   TEMP   HIGH   TIME    LOW   TIME   DAYS   DAYS   RAIN  SPEED   HIGH   TIME    DIR
---------------------------------------------------------------------------------------
 01   20.2   28.7  16:05   14.4  06:54    0.0    1.8    0.0    0.0    0.0  00:00    N/A
 02   19.7   32.2  16:17   11.0  06:43    0.0    1.3    0.0    0.0    0.0  00:00    N/A
 03   20.2   31.1  15:36   13.5  04:58    0.0    1.8    0.0    0.0    0.0  00:00    N/A
 04   17.4   21.4  15:08   11.0  23:56    1.0    0.0    0.0    0.0    0.0  00:00    N/A
 05   13.0   19.4  15:57    7.9  23:59    5.3    0.0    2.0    0.0    0.0  00:00    N/A
 06   12.9   24.7  16:25    5.4  05:36    5.4    0.0    0.0    0.0    0.0  00:00    N/A
 07   19.2   23.4  13:29   12.6  07:11    0.0    0.9    0.0    0.0    0.0  07:09    N/A
 08   14.3   18.7  15:18    8.2  22:58    4.1    0.0    0.0    0.0    0.0  00:01    N/A
 09   11.4   20.6  16:51    4.4  06:35    6.9    0.0    0.0    0.0    0.0  00:01    N/A
 10   12.3   24.3  16:25    3.9  06:36    6.0    0.0    0.0    0.0    0.0  00:01    N/A
 11   11.9   18.5  16:21    6.6  06:33    6.4    0.0    0.0    0.0    0.0  00:00    N/A
 12   12.9   22.1  15:40    6.4  06:59    5.4    0.0    0.0    0.0    0.0  00:00    N/A
 13   14.9   21.4  16:08    9.4  07:08    3.5    0.0    0.0    0.0    0.0  00:00    N/A
 14   14.5   18.5  16:48   12.3  05:14    3.8    0.0    0.0    0.0    0.0  00:00    N/A
 15   15.1   21.2  15:15   12.0  23:59    3.2    0.0    1.1    0.0    0.0  00:00    N/A
 16   10.1   18.2  12:41    3.2  23:59    8.3    0.0    6.0    0.0    0.0  00:00    N/A
 17    6.5   13.1  16:40    2.2  01:47   11.8    0.0    0.0    0.0    0.0  00:00    N/A
 18    7.6   16.4  16:25    1.2  07:00   10.8    0.0    0.0    0.0    0.0  00:00    N/A
 19    8.5   15.3  16:23    3.9  07:11    9.8    0.0    0.9    0.0    0.0  00:00    N/A
 20    7.5   16.9  16:33    1.4  07:07   10.8    0.0    0.2    0.0    0.0  00:01    N/A
 21    7.8   19.1  16:15    0.8  06:59   10.5    0.0    0.0    0.0    0.0  00:01    N/A
 22    9.0   20.2  16:10    1.8  07:04    9.3    0.0    0.0    0.0    0.0  00:01    N/A
 23   11.6   17.9  13:00    6.9  02:59    6.7    0.0    0.2    0.0    0.0  00:00    N/A
 24   11.8   19.5  15:46    7.3  05:54    6.6    0.0    0.0    0.0    0.0  00:00    N/A
 25   11.8   21.3  16:05    5.5  06:45    6.5    0.0    0.0    0.0    0.0  00:00    N/A
 26   11.5   21.0  14:43    7.3  07:03    6.9    0.0    0.0    0.0    0.0  00:01    N/A
 27
 28
 29
 30
---------------------------------------------------------------------------------------
      12.8   32.2     02    0.8     21  149.0    5.9   10.5    0.0    0.0     01    N/A