NOAA-Style Climate Reports

Select a Year or Month report
2022: Jan Feb Mar Apr May Jun Jul Aug Sep Oct Nov Dec
2021: Jan Feb Mar Apr May Jun Jul Aug Sep Oct Nov Dec
2020: Jan Feb Mar Apr May Jun Jul Aug Sep Oct Nov Dec
2019: Jan Feb Mar Apr May Jun Jul Aug Sep Oct Nov Dec
2018: Jan Feb Mar Apr May Jun Jul Aug Sep Oct Nov Dec
2017: Jan Feb Mar Apr May Jun Jul Aug Sep Oct Nov Dec

Report for 2022 July
                   MONTHLY CLIMATOLOGICAL SUMMARY for Jul 2022


NAME: Darfield                  
ELEV: 725 meters    LAT: 51-15.63 N    LONG: 120-12.20 W


                   TEMPERATURE (C), RAIN (mm), WIND SPEED (km/h)

                                         HEAT   COOL         AVG
      MEAN                               DEG    DEG          WIND                   DOM
DAY   TEMP   HIGH   TIME    LOW   TIME   DAYS   DAYS   RAIN  SPEED   HIGH   TIME    DIR
---------------------------------------------------------------------------------------
 01   17.3   26.0  13:57   10.9  01:30    1.0    0.0   21.1    1.6    9.7  15:51    290
 02   16.6   24.7  16:42    9.6  05:45    1.7    0.0    2.0    1.2   11.3  16:24    296
 03   14.0   17.1  11:05   10.1  05:11    4.4    0.0    0.8    0.4    6.4  08:26    267
 04   15.0   20.2  12:50   11.4  23:47    3.3    0.0    6.9    0.3    8.0  12:53    173
 05   12.5   15.5  17:15    9.7  00:00    5.8    0.0    5.8    0.7    8.0  17:06    300
 06   13.4   18.9  17:59    8.0  05:05    4.9    0.0    1.3    0.5    8.0  17:04    281
 07   16.7   22.7  13:48   12.2  05:50    1.6    0.0    1.3    0.8   12.9  13:00    183
 08   16.0   23.0  15:33    9.7  05:00    2.3    0.0    0.0    0.8    9.7  13:21    203
 09   15.3   21.0  13:17   10.1  02:43    3.0    0.0    0.0    1.3    9.7  20:46    293
 10   16.0   22.1  13:02    9.6  05:43    2.3    0.0    0.8    0.4    8.0  13:21    200
 11   18.1   27.8  16:18    8.6  05:51    0.2    0.0    0.0    1.0    9.7  14:23    177
 12   20.6   31.0  15:32   10.4  05:34    0.0    2.2    0.0    1.7   12.9  12:47    180
 13   18.2   24.8  13:53   11.8  23:57    0.2    0.0    0.0    1.6   12.9  11:10    290
 14   16.8   26.0  15:47    9.1  06:00    1.5    0.0    0.0    0.5    6.4  11:42    181
 15   18.2   27.1  15:19   13.5  05:40    0.1    0.0    0.5    0.9   12.9  17:34    199
 16   17.1   25.7  13:42    9.4  06:11    1.2    0.0    0.0    0.9    9.7  11:17    174
 17   17.6   24.8  15:12   11.6  05:40    0.8    0.0    0.0    1.4   11.3  18:15    293
 18   18.5   24.8  15:31   12.2  04:42    0.0    0.2    0.0    1.4   22.5  12:53    297
 19   19.2   25.6  13:51   12.4  05:50    0.0    0.9    0.0    1.6    9.7  01:21    289
 20   19.5   28.1  14:19   11.8  06:09    0.0    1.2    0.0    1.2    8.0  10:48    264
 21   19.6   29.8  14:51   10.7  05:28    0.0    1.3    0.0    0.9    8.0  15:06    239
 22   20.3   29.0  15:23   12.1  05:53    0.0    1.9    0.0    1.5   12.9  15:42    292
 23   19.3   28.4  14:47   11.0  05:45    0.0    1.0    0.0    1.8   11.3  13:17    298
 24   19.6   27.4  13:52   10.8  06:00    0.0    1.3    0.0    2.1   14.5  15:58    292
 25   21.0   27.9  17:37   12.8  05:46    0.0    2.6    0.0    2.1   12.9  18:44    292
 26   21.4   29.7  15:30   13.4  05:28    0.0    3.1    0.0    1.6    9.7  09:19    292
 27   22.7   33.3  14:10   13.8  05:55    0.0    4.3    0.0    0.8    6.4  08:52    247
 28   24.3   34.4  13:59   15.7  06:07    0.0    6.0    0.0    0.6    6.4  09:32    231
 29   23.7   32.3  15:42   17.6  07:08    0.0    5.4    0.5    0.9   14.5  17:39    253
 30   22.4   33.6  15:17   14.0  05:35    0.0    4.1    0.0    0.8    8.0  16:53    239
 31   18.9   30.7  12:54   14.3  06:18    0.0    0.5    0.0    0.3    4.8  11:42    186
---------------------------------------------------------------------------------------
      18.4   34.4     28    8.0     06   34.5   36.0   40.9    1.1   22.5     18    270