NOAA-Style Climate Reports

Select a Year or Month report
2022: Jan Feb Mar Apr May Jun Jul Aug Sep Oct Nov Dec
2021: Jan Feb Mar Apr May Jun Jul Aug Sep Oct Nov Dec
2020: Jan Feb Mar Apr May Jun Jul Aug Sep Oct Nov Dec
2019: Jan Feb Mar Apr May Jun Jul Aug Sep Oct Nov Dec
2018: Jan Feb Mar Apr May Jun Jul Aug Sep Oct Nov Dec
2017: Jan Feb Mar Apr May Jun Jul Aug Sep Oct Nov Dec

Report for 2022 April
                   MONTHLY CLIMATOLOGICAL SUMMARY for Apr 2022


NAME: Darfield                  
ELEV: 725 meters    LAT: 51-15.63 N    LONG: 120-12.20 W


                   TEMPERATURE (C), RAIN (mm), WIND SPEED (km/h)

                                         HEAT   COOL         AVG
      MEAN                               DEG    DEG          WIND                   DOM
DAY   TEMP   HIGH   TIME    LOW   TIME   DAYS   DAYS   RAIN  SPEED   HIGH   TIME    DIR
---------------------------------------------------------------------------------------
 01    2.4    7.0  15:15   -3.0  06:21   15.9    0.0    0.0    0.8    8.0  12:35    178
 02    4.0   10.4  16:28   -0.5  05:21   14.3    0.0    0.0    1.0   14.5  14:50    218
 03    5.3   10.2  12:09    2.1  03:32   13.1    0.0    0.0    1.5   12.9  13:09    183
 04    4.9    9.0  17:05    0.6  21:44   13.4    0.0    1.5    1.4   20.9  11:53    170
 05    2.2    7.6  13:20   -0.8  06:46   16.1    0.0    2.0    1.6   20.9  11:45    298
 06    2.5    9.0  15:35   -4.6  06:14   15.8    0.0    0.0    0.8    9.7  13:40    162
 07    7.9   12.9  17:42    3.2  03:13   10.4    0.0    0.0    1.5   12.9  16:49    188
 08    7.4   13.6  13:36    1.1  22:50   10.9    0.0    2.3    2.2   17.7  11:34    203
 09    1.8    6.1  14:03   -2.5  22:24   16.5    0.0    0.0    3.7   22.5  10:27    297
 10   -0.0    5.5  14:32   -5.1  06:30   18.4    0.0    0.0    1.5   12.9  01:09    301
 11    0.6    6.9  15:10   -4.6  06:18   17.7    0.0    0.0    1.9   16.1  14:23    300
 12   -0.5    5.9  12:46   -5.6  06:40   18.9    0.0    0.0    1.4   11.3  12:01    297
 13   -1.4    5.2  13:42   -6.6  05:25   19.7    0.0    0.0    1.6   12.9  14:18    302
 14    0.1    6.9  14:48   -6.2  05:45   18.3    0.0    0.0    2.2   16.1  12:56    301
 15    0.5    7.3  13:28   -5.3  06:20   17.9    0.0    0.0    1.0    9.7  12:39    289
 16    1.9    9.3  13:51   -6.0  06:18   16.4    0.0    0.0    1.2   12.9  13:06    298
 17    2.0   11.4  13:50   -5.1  06:30   16.3    0.0    0.0    0.8    8.0  13:53    170
 18    2.9    5.7  14:15   -1.1  00:57   15.4    0.0    5.3    1.3   11.3  11:52    188
 19    2.6    7.9  14:35   -1.6  00:00   15.7    0.0    0.8    1.6   19.3  17:53    304
 20    3.6   11.4  13:51   -4.0  06:17   14.7    0.0    0.3    1.1   11.3  13:45    199
 21    6.4   12.3  15:17    1.4  23:57   12.0    0.0    0.0    0.7    6.4  13:20    186
 22    5.1   11.7  13:23    0.5  05:45   13.2    0.0    0.0    1.2   14.5  16:28    291
 23    6.3   16.2  15:29   -1.9  05:51   12.0    0.0    0.0    0.9    8.0  12:21    166
 24    9.3   17.7  14:48   -0.7  05:55    9.0    0.0    0.0    1.4    8.0  12:35    176
 25    7.3   11.6  09:10    4.8  04:20   11.0    0.0    0.0    0.3    4.8  08:47    166
 26
 27
 28
 29
 30
---------------------------------------------------------------------------------------
       3.3   17.7     24   -6.6     13  373.2    0.0   12.2    1.4   22.5     09    253