NOAA-Style Climate Reports

Select a Year or Month report
2022: Jan Feb Mar Apr May Jun Jul Aug Sep Oct Nov Dec
2021: Jan Feb Mar Apr May Jun Jul Aug Sep Oct Nov Dec
2020: Jan Feb Mar Apr May Jun Jul Aug Sep Oct Nov Dec
2019: Jan Feb Mar Apr May Jun Jul Aug Sep Oct Nov Dec
2018: Jan Feb Mar Apr May Jun Jul Aug Sep Oct Nov Dec
2017: Jan Feb Mar Apr May Jun Jul Aug Sep Oct Nov Dec

Report for 2022 March
                   MONTHLY CLIMATOLOGICAL SUMMARY for Mar 2022


NAME: Darfield                  
ELEV: 725 meters    LAT: 51-15.63 N    LONG: 120-12.20 W


                   TEMPERATURE (C), RAIN (mm), WIND SPEED (km/h)

                                         HEAT   COOL         AVG
      MEAN                               DEG    DEG          WIND                   DOM
DAY   TEMP   HIGH   TIME    LOW   TIME   DAYS   DAYS   RAIN  SPEED   HIGH   TIME    DIR
---------------------------------------------------------------------------------------
 01    2.4    7.8  12:23   -0.5  23:40   15.9    0.0    0.0    0.4    6.4  11:03    182
 02    0.7    5.5  14:51   -2.1  00:00   17.7    0.0    0.0    0.3    4.8  10:48    238
 03    0.9    5.9  15:10   -2.2  00:01   17.4    0.0    0.0    1.0    8.0  11:33    299
 04    0.5    6.4  14:55   -4.3  06:55   17.8    0.0    0.0    2.5   16.1  15:48    300
 05    0.6    5.3  15:34   -3.9  06:05   17.7    0.0    0.0    2.9   17.7  13:13    305
 06   -1.1    4.6  14:55   -6.0  06:24   19.5    0.0    0.0    0.6    6.4  10:29    281
 07    2.7    7.9  14:09   -3.0  01:01   15.6    0.0    0.0    4.4   24.1  14:42    299
 08   -1.8    1.9  15:54   -7.8  23:48   20.1    0.0    0.0    2.4   16.1  12:17    301
 09   -6.5   -1.3  15:00  -11.3  06:47   24.8    0.0    0.0    1.5   11.3  16:30    298
 10   -4.4    1.3  15:35  -10.1  00:41   22.8    0.0    0.0    0.5    4.8  09:01    290
 11   -1.7   -0.5  10:00   -3.0  04:40   20.0    0.0    0.0    0.8    6.4  09:29    180
 12    0.2    4.3  12:51   -2.1  03:40   18.1    0.0    2.8    0.2    3.2  03:10    173
 13    1.5    5.8  13:28   -0.5  06:33   16.8    0.0    2.0    0.2    6.4  14:18    175
 14    3.2    7.8  13:17   -0.1  07:35   15.2    0.0    0.3    0.5    6.4  13:03    173
 15    3.4    8.4  16:16   -0.4  21:47   14.9    0.0    0.0    0.7    8.0  14:04    170
 16    1.9    8.4  14:47   -3.7  07:38   16.4    0.0    0.0    0.6    8.0  14:49    171
 17    1.1    3.7  11:10   -0.9  06:41   17.2    0.0    4.3    0.3    4.8  11:11    181
 18    2.6    7.3  15:35   -0.3  08:20   15.7    0.0    0.3    0.9    6.4  12:52    175
 19    2.8    7.4  16:24   -0.3  23:57   15.6    0.0    0.8    1.3   17.7  19:49    278
 20    0.7    6.3  13:19   -5.4  07:30   17.7    0.0    1.5    0.8    9.7  12:47    179
 21    3.9    9.2  15:56   -0.7  07:40   14.5    0.0    0.0    1.0    6.4  13:07    178
 22    4.3    6.2  16:25    1.9  06:45   14.0    0.0    4.6    1.4    8.0  15:41    183
 23    5.7   11.4  11:54   -0.5  23:36   12.6    0.0    0.0    2.0   12.9  19:16    191
 24    1.7    7.9  16:40   -3.4  06:58   16.7    0.0    0.0    0.8   11.3  12:48    292
 25    3.0    8.3  17:04   -0.8  07:04   15.3    0.0    0.0    0.8    6.4  10:37    300
 26    3.4    8.0  15:16   -0.1  06:10   14.9    0.0    0.0    0.3    4.8  09:44    193
 27    3.2    5.6  17:25    0.7  03:45   15.1    0.0    2.5    0.4    4.8  16:51    295
 28    4.0    8.3  16:09   -0.6  00:00   14.3    0.0    0.8    2.6   19.3  12:00    301
 29    3.3   12.7  16:34   -3.4  06:42   15.0    0.0    0.0    0.7    6.4  10:01    213
 30    2.9    7.7  17:04   -1.4  23:40   15.4    0.0    1.3    1.4   16.1  15:23    300
 31    2.0    7.2  13:36   -1.8  06:35   16.4    0.0    0.0    1.1   16.1  12:58    303
---------------------------------------------------------------------------------------
       1.5   12.7     29  -11.3     09  521.1    0.0   21.1    1.1   24.1     07    275