NOAA-Style Climate Reports

Select a Year or Month report
2022: Jan Feb Mar Apr May Jun Jul Aug Sep Oct Nov Dec
2021: Jan Feb Mar Apr May Jun Jul Aug Sep Oct Nov Dec
2020: Jan Feb Mar Apr May Jun Jul Aug Sep Oct Nov Dec
2019: Jan Feb Mar Apr May Jun Jul Aug Sep Oct Nov Dec
2018: Jan Feb Mar Apr May Jun Jul Aug Sep Oct Nov Dec
2017: Jan Feb Mar Apr May Jun Jul Aug Sep Oct Nov Dec

Report for 2022 February
                   MONTHLY CLIMATOLOGICAL SUMMARY for Feb 2022


NAME: Darfield                  
ELEV: 725 meters    LAT: 51-15.63 N    LONG: 120-12.20 W


                   TEMPERATURE (C), RAIN (mm), WIND SPEED (km/h)

                                         HEAT   COOL         AVG
      MEAN                               DEG    DEG          WIND                   DOM
DAY   TEMP   HIGH   TIME    LOW   TIME   DAYS   DAYS   RAIN  SPEED   HIGH   TIME    DIR
---------------------------------------------------------------------------------------
 01   -6.5   -2.8  11:35  -13.0  22:34   24.8    0.0    0.0    3.3   24.1  13:46    302
 02  -13.7  -11.1  22:55  -17.9  03:16   32.0    0.0    0.0    0.3    4.8  00:08    299
 03   -8.3   -4.8  23:55  -11.3  00:05   26.6    0.0    0.0    0.0    0.0  00:00    N/A
 04   -2.0    1.0  13:51   -6.2  03:10   20.4    0.0    0.0    0.0    0.0  00:00    N/A
 05   -0.8    4.7  13:02   -3.6  06:18   19.2    0.0   15.7    0.2    3.2  12:30    306
 06   -0.2    3.4  14:25   -2.7  07:28   18.5    0.0    1.0    0.4    4.8  10:36    197
 07    2.3   10.0  14:41   -3.0  07:47   16.1    0.0    5.8    1.2   19.3  10:53    188
 08    0.0    2.4  12:05   -3.2  02:00   18.3    0.0    5.1    0.1    3.2  09:03    179
 09    0.9    4.3  13:37   -1.1  20:01   17.5    0.0    3.3    0.3    3.2  09:59    175
 10    1.1    9.2  15:20   -2.8  23:37   17.2    0.0    0.5    1.2   25.7  15:17    304
 11   -1.2    3.3  13:40   -5.6  23:57   19.6    0.0    0.0    1.1   14.5  03:47    303
 12   -5.3    0.4  15:06   -8.8  07:22   23.7    0.0    0.0    0.5    6.4  12:38    293
 13   -2.6    2.3  14:18   -6.4  01:40   20.9    0.0    0.0    0.3    6.4  20:24    297
 14   -0.4    2.9  15:21   -3.2  05:34   18.7    0.0    0.0    0.3   11.3  21:30    239
 15    0.2    4.2  12:35   -3.6  06:44   18.2    0.0    0.5    0.3    6.4  10:43    291
 16    0.4    4.7  15:17   -3.4  22:34   17.9    0.0    0.0    1.9   14.5  03:10    306
 17    0.2    3.6  13:51   -2.2  00:00   18.2    0.0   16.5    0.0    3.2  20:53    288
 18    0.6    4.4  15:01   -2.1  05:13   17.7    0.0    0.5    0.0    3.2  12:34    188
 19    1.2    6.4  13:51   -2.1  23:41   17.2    0.0    1.0    0.7   12.9  14:21    240
 20   -1.0    2.5  13:54   -5.3  00:00   19.3    0.0    0.0    2.9   16.1  14:14    307
 21  -11.3   -5.3  00:00  -14.9  23:57   29.6    0.0    0.0    4.4   17.7  13:38    302
 22  -14.4   -9.2  15:55  -18.2  06:08   32.8    0.0    0.0    1.1    9.7  15:17    304
 23  -14.0   -9.4  15:29  -19.1  02:52   32.3    0.0    0.0    0.3    3.2  10:08    281
 24  -12.6   -6.0  15:10  -17.5  07:17   30.9    0.0    0.0    0.3    4.8  11:04    275
 25  -10.8   -3.7  15:50  -16.3  05:58   29.1    0.0    0.0    0.4    4.8  11:13    292
 26   -4.3   -0.4  20:27  -12.1  02:46   22.7    0.0    0.0    1.4   11.3  23:31    183
 27    0.5    3.2  15:55   -0.8  00:20   17.8    0.0    1.8    1.1    4.8  01:11    182
 28    1.5    4.2  13:38    0.1  02:22   16.9    0.0    2.0    0.4    4.8  05:44    181
---------------------------------------------------------------------------------------
      -3.6   10.0     07  -19.1     23  613.9    0.0   53.8    0.9   25.7     10    289