NOAA-Style Climate Reports

Select a Year or Month report
2022: Jan Feb Mar Apr May Jun Jul Aug Sep Oct Nov Dec
2021: Jan Feb Mar Apr May Jun Jul Aug Sep Oct Nov Dec
2020: Jan Feb Mar Apr May Jun Jul Aug Sep Oct Nov Dec
2019: Jan Feb Mar Apr May Jun Jul Aug Sep Oct Nov Dec
2018: Jan Feb Mar Apr May Jun Jul Aug Sep Oct Nov Dec
2017: Jan Feb Mar Apr May Jun Jul Aug Sep Oct Nov Dec

Report for 2022 January
                   MONTHLY CLIMATOLOGICAL SUMMARY for Jan 2022


NAME: Darfield                  
ELEV: 725 meters    LAT: 51-15.63 N    LONG: 120-12.20 W


                   TEMPERATURE (C), RAIN (mm), WIND SPEED (km/h)

                                         HEAT   COOL         AVG
      MEAN                               DEG    DEG          WIND                   DOM
DAY   TEMP   HIGH   TIME    LOW   TIME   DAYS   DAYS   RAIN  SPEED   HIGH   TIME    DIR
---------------------------------------------------------------------------------------
 01  -15.2   -9.1  23:56  -21.5  00:05   33.5    0.0    0.3    1.0    6.4  16:36    186
 02   -6.6   -3.6  23:39   -9.4  01:36   24.9    0.0    0.0    2.2   14.5  02:57    185
 03   -3.3    0.1  12:45  -13.6  23:59   21.6    0.0    0.0    0.9   11.3  21:33    198
 04  -16.6  -13.6  00:00  -19.8  07:01   34.9    0.0    0.0    1.6    9.7  00:30    307
 05  -19.8  -17.1  00:05  -22.5  08:09   38.1    0.0    0.0    0.6    9.7  00:50    311
 06  -17.1  -14.4  23:44  -20.0  02:15   35.4    0.0    0.0    0.1    1.6  00:01    300
 07  -13.3  -10.1  12:52  -15.8  18:50   31.6    0.0    0.0    1.0   12.9  09:17    307
 08  -14.8  -12.5  23:46  -18.1  02:17   33.1    0.0    0.0    0.2    3.2  04:46    300
 09   -9.1   -6.0  13:06  -12.5  00:00   27.4    0.0    1.0    0.1    3.2  16:22    303
 10   -3.2    0.5  23:10   -8.3  00:09   21.5    0.0    0.0    0.8    9.7  22:37    179
 11    1.1    2.8  12:42   -0.1  08:10   17.2    0.0    6.6    1.5    6.4  01:55    177
 12    0.6    1.9  21:02   -0.1  04:05   17.7    0.0   23.4    0.3    3.2  00:37    207
 13    0.9    2.7  11:54   -0.1  03:25   17.4    0.0    4.8    0.2    6.4  02:14    287
 14    1.4    3.4  13:51    0.1  05:01   17.0    0.0    0.0    0.8    4.8  17:30    181
 15    0.2    3.6  13:11   -2.5  21:29   18.2    0.0    0.0    0.2    4.8  10:56    178
 16    0.3    2.5  14:43   -2.1  00:45   18.0    0.0    0.5    0.6    4.8  13:09    168
 17    0.9    3.4  11:45   -0.2  18:57   17.5    0.0    2.0    0.3    6.4  20:31    232
 18   -1.4    1.2  01:11   -6.0  23:30   19.7    0.0    0.0    1.1   11.3  06:35    304
 19   -6.0   -4.0  13:55   -8.7  08:13   24.3    0.0    0.0    0.4    6.4  12:29    297
 20   -0.3    1.9  12:10   -4.7  00:20   18.6    0.0    3.0    0.8    4.8  03:27    212
 21   -1.0    2.9  13:16   -4.7  23:46   19.4    0.0    0.5    0.3    3.2  00:01    266
 22   -3.2   -1.6  13:15   -6.3  04:14   21.5    0.0    0.0    0.3    3.2  13:24    291
 23   -3.7   -1.8  14:30   -6.0  20:30   22.0    0.0    0.0    0.1    3.2  11:34    216
 24   -4.0   -0.7  14:31   -6.6  21:05   22.4    0.0    0.0    0.4    4.8  09:49    301
 25   -4.3   -2.8  14:38   -7.2  19:48   22.7    0.0    0.0    0.1    1.6  00:24    237
 26   -4.9   -3.9  13:15   -5.8  22:32   23.2    0.0    0.0    0.3    4.8  20:45    296
 27   -6.3   -3.1  13:49  -10.1  20:09   24.7    0.0    0.0    0.2    4.8  14:09    274
 28   -4.7   -2.4  13:50  -10.1  00:00   23.0    0.0    0.0    1.2    4.8  09:03    165
 29   -5.2   -1.6  13:45   -8.5  06:55   23.5    0.0    0.0    0.5    4.8  14:51    204
 30   -1.0    1.3  12:47   -2.6  02:18   19.4    0.0    0.3    1.3    6.4  13:13    172
 31   -2.3    0.3  15:11   -5.5  08:19   20.6    0.0    0.0    1.5   17.7  12:00    305
---------------------------------------------------------------------------------------
      -5.3    3.6     15  -22.5     05  730.4    0.0   42.4    0.7   17.7     31    226