NOAA-Style Climate Reports

Select a Year or Month report
2022: Jan Feb Mar Apr May Jun Jul Aug Sep Oct Nov Dec
2021: Jan Feb Mar Apr May Jun Jul Aug Sep Oct Nov Dec
2020: Jan Feb Mar Apr May Jun Jul Aug Sep Oct Nov Dec
2019: Jan Feb Mar Apr May Jun Jul Aug Sep Oct Nov Dec
2018: Jan Feb Mar Apr May Jun Jul Aug Sep Oct Nov Dec
2017: Jan Feb Mar Apr May Jun Jul Aug Sep Oct Nov Dec

Report for 2021 December
                   MONTHLY CLIMATOLOGICAL SUMMARY for Dec 2021


NAME: Darfield                  
ELEV: 725 meters    LAT: 51-15.63 N    LONG: 120-12.20 W


                   TEMPERATURE (C), RAIN (mm), WIND SPEED (km/h)

                                         HEAT   COOL         AVG
      MEAN                               DEG    DEG          WIND                   DOM
DAY   TEMP   HIGH   TIME    LOW   TIME   DAYS   DAYS   RAIN  SPEED   HIGH   TIME    DIR
---------------------------------------------------------------------------------------
 01    2.5    4.8  06:14   -0.3  23:59   15.8    0.0    0.3    1.8   11.3  06:38    300
 02   -0.3    3.0  03:53   -5.1  00:00   18.6    0.0    0.0    1.7   14.5  07:57    297
 03   -5.2   -3.4  13:43   -6.4  22:55   23.5    0.0    0.0    0.2    3.2  01:17    296
 04   -5.5   -3.0  22:52   -6.8  18:40   23.8    0.0    0.0    0.6   17.7  22:49    306
 05   -5.8   -3.8  00:00   -8.1  17:40   24.2    0.0    0.0    1.7   12.9  02:12    302
 06   -8.6   -6.4  12:30  -11.6  20:45   27.0    0.0    0.0    0.6    4.8  02:40    302
 07   -6.7   -1.7  23:56   -9.2  00:00   25.1    0.0    0.0    0.5    4.8  11:40    280
 08   -2.3    2.2  02:29   -5.9  23:27   20.6    0.0    0.0    0.7    9.7  13:58    248
 09   -7.0   -3.0  14:20  -10.7  23:35   25.3    0.0    0.0    0.0    1.6  01:45    293
 10   -7.3   -0.9  23:42  -12.3  05:56   25.7    0.0    0.0    0.5    4.8  23:40    181
 11   -0.7    3.7  13:42   -4.2  23:45   19.0    0.0    1.3    1.0   19.3  10:23    183
 12   -3.3    0.9  13:03   -5.8  08:07   21.7    0.0    0.0    0.4    6.4  11:00    175
 13   -2.1   -0.3  12:56   -3.8  01:14   20.5    0.0    0.0    0.6    8.0  15:23    301
 14   -7.5   -1.9  00:00  -10.4  20:10   25.8    0.0    0.0    0.0    0.0  00:00    N/A
 15   -9.1   -5.1  23:35  -11.6  08:30   27.4    0.0    0.0    0.0    0.0  00:00    N/A
 16   -8.0   -4.4  01:54  -14.6  23:59   26.4    0.0    0.0    0.9   11.3  15:33    299
 17  -15.0  -11.6  23:34  -19.7  05:52   33.4    0.0    0.0    0.3    4.8  00:31    301
 18   -6.8   -4.8  14:50  -11.7  00:00   25.1    0.0    0.0    0.0    0.0  00:00    N/A
 19   -9.6   -5.6  00:00  -12.7  16:15   27.9    0.0    0.0    0.0    0.0  00:00    N/A
 20  -11.3  -10.1  12:30  -12.1  19:53   29.6    0.0    0.0    0.0    0.0  00:00    N/A
 21  -13.0  -10.8  13:27  -15.8  04:49   31.3    0.0    0.0    0.0    0.0  00:00    N/A
 22   -4.5   -1.1  23:46  -11.4  00:00   22.8    0.0    0.0    0.0    0.0  00:00    N/A
 23   -7.1   -1.1  01:30  -10.2  08:35   25.4    0.0    0.0    0.0    0.0  00:00    N/A
 24  -12.1   -9.8  13:35  -16.6  00:00   30.5    0.0    0.0    1.3   12.9  10:51    305
 25  -19.3  -16.6  00:00  -22.5  23:51   37.6    0.0    0.0    0.2    6.4  00:13    311
 26  -24.9  -22.4  01:45  -30.0  23:37   43.2    0.0    0.0    0.0    0.0  00:00    N/A
 27  -28.5  -25.8  15:59  -32.5  07:50   46.9    0.0    0.0    0.1    1.6  10:48    302
 28  -23.8  -20.7  17:36  -28.8  02:55   42.2    0.0    0.0    0.3    3.2  17:05    306
 29  -22.8  -19.9  16:40  -27.4  08:45   41.1    0.0    0.0    0.3    3.2  01:29    305
 30  -19.8  -17.9  14:28  -21.6  01:40   38.2    0.0    0.0    0.2    3.2  11:16    306
 31  -22.5  -19.2  13:04  -25.2  08:40   40.8    0.0    0.0    0.1    1.6  00:41    301
---------------------------------------------------------------------------------------
     -10.3    4.8     01  -32.5     27  886.3    0.0    1.5    0.4   19.3     11    292