NOAA-Style Climate Reports

Select a Year or Month report
2022: Jan Feb Mar Apr May Jun Jul Aug Sep Oct Nov Dec
2021: Jan Feb Mar Apr May Jun Jul Aug Sep Oct Nov Dec
2020: Jan Feb Mar Apr May Jun Jul Aug Sep Oct Nov Dec
2019: Jan Feb Mar Apr May Jun Jul Aug Sep Oct Nov Dec
2018: Jan Feb Mar Apr May Jun Jul Aug Sep Oct Nov Dec
2017: Jan Feb Mar Apr May Jun Jul Aug Sep Oct Nov Dec

Report for 2021 November
                   MONTHLY CLIMATOLOGICAL SUMMARY for Nov 2021


NAME: Darfield                  
ELEV: 725 meters    LAT: 51-15.63 N    LONG: 120-12.20 W


                   TEMPERATURE (C), RAIN (mm), WIND SPEED (km/h)

                                         HEAT   COOL         AVG
      MEAN                               DEG    DEG          WIND                   DOM
DAY   TEMP   HIGH   TIME    LOW   TIME   DAYS   DAYS   RAIN  SPEED   HIGH   TIME    DIR
---------------------------------------------------------------------------------------
 01   -3.5    1.5  15:37   -7.6  08:21   21.8    0.0    0.0    0.2    4.8  12:02    296
 02    2.0    6.2  16:00   -0.7  00:00   16.3    0.0    7.6    0.3    4.8  11:31    234
 03    4.1    5.3  14:50    3.3  00:05   14.2    0.0   10.7    0.5    4.8  10:43    194
 04    5.7    7.8  14:38    3.8  01:49   12.7    0.0    5.8    0.1    3.2  02:07    286
 05    2.5    6.1  14:41   -2.2  23:57   15.9    0.0    1.0    0.4    8.0  14:42    191
 06    1.0    5.1  13:15   -2.5  00:31   17.3    0.0    0.0    0.2    4.8  16:09    185
 07   -0.0    2.3  13:47   -2.1  23:51   18.4    0.0    2.3    0.1    4.8  17:06    194
 08    0.4    3.4  23:52   -3.0  03:38   17.9    0.0    1.0    0.8    8.0  22:28    193
 09    3.9    7.8  12:46    1.0  18:56   14.5    0.0    1.3    2.7   16.1  08:01    190
 10    0.0    5.6  13:23   -3.1  07:55   18.3    0.0    0.0    0.3    6.4  11:48    178
 11    1.2    4.3  18:45   -2.3  07:55   17.2    0.0    2.0    1.0    6.4  15:20    206
 12    3.4    7.1  14:55   -0.8  23:56   14.9    0.0    0.3    1.0    6.4  03:24    181
 13    0.5    4.4  13:37   -2.8  06:08   17.8    0.0    3.3    0.2    4.8  17:40    186
 14    1.9    3.0  13:44    0.3  00:01   16.5    0.0   17.0    0.7    4.8  05:53    189
 15    2.5   28.2  17:45   -1.8  23:59   15.9    0.0    6.6    2.5   33.8  19:03    306
 16   -3.0    0.5  12:00   -7.1  23:58   21.3    0.0    0.0    1.5   19.3  12:34    306
 17   -5.5   -2.7  23:59   -8.4  06:47   23.8    0.0    0.0    0.4    4.8  12:34    297
 18   -2.8   -1.1  13:19   -4.0  23:20   21.1    0.0    0.3    0.0    1.6  00:14    184
 19   -4.0   -1.7  13:52   -7.1  20:51   22.3    0.0    0.0    0.0    0.0  00:00    N/A
 20   -2.0    0.4  13:35   -3.3  07:16   20.3    0.0    0.0    0.0    0.0  00:00    N/A
 21    0.0    0.7  22:50   -0.9  02:23   18.3    0.0    1.0    0.5    6.4  21:27    178
 22    1.0    4.0  13:30   -0.7  06:37   17.3    0.0    6.9    1.3    6.4  10:38    182
 23   -1.3    1.3  14:52   -5.1  00:00   19.6    0.0    0.3    0.3    8.0  15:31    314
 24   -3.3   -0.2  22:25   -7.3  06:30   21.7    0.0    0.0    0.1    3.2  10:11    222
 25    0.8    2.3  23:30   -0.5  00:45   17.5    0.0   27.4    0.5    4.8  20:46    179
 26    0.6    4.9  14:14   -3.1  23:12   17.8    0.0   12.7    0.6    9.7  14:08    223
 27   -0.2    1.6  16:34   -3.0  00:02   18.5    0.0   10.9    0.8    4.8  12:49    183
 28    0.7    1.9  14:42   -0.7  18:05   17.6    0.0    7.9    0.1    3.2  00:45    284
 29    0.7    1.5  10:17   -0.5  02:13   17.7    0.0    0.3    0.0    4.8  18:25    283
 30    2.0    3.6  11:22    0.9  00:06   16.3    0.0    4.1    0.2    3.2  01:45    188
---------------------------------------------------------------------------------------
       0.3   28.2     15   -8.4     17  540.7    0.0  130.6    0.6   33.8     15    215