NOAA-Style Climate Reports

Select a Year or Month report
2022: Jan Feb Mar Apr May Jun Jul Aug Sep Oct Nov Dec
2021: Jan Feb Mar Apr May Jun Jul Aug Sep Oct Nov Dec
2020: Jan Feb Mar Apr May Jun Jul Aug Sep Oct Nov Dec
2019: Jan Feb Mar Apr May Jun Jul Aug Sep Oct Nov Dec
2018: Jan Feb Mar Apr May Jun Jul Aug Sep Oct Nov Dec
2017: Jan Feb Mar Apr May Jun Jul Aug Sep Oct Nov Dec

Report for 2021 October
                   MONTHLY CLIMATOLOGICAL SUMMARY for Oct 2021


NAME: Darfield                  
ELEV: 725 meters    LAT: 51-15.63 N    LONG: 120-12.20 W


                   TEMPERATURE (C), RAIN (mm), WIND SPEED (km/h)

                                         HEAT   COOL         AVG
      MEAN                               DEG    DEG          WIND                   DOM
DAY   TEMP   HIGH   TIME    LOW   TIME   DAYS   DAYS   RAIN  SPEED   HIGH   TIME    DIR
---------------------------------------------------------------------------------------
 01    5.8   12.9  15:49    0.5  06:50   12.5    0.0    0.0    0.5    6.4  12:01    179
 02    8.3   11.6  14:17    5.2  02:54   10.0    0.0    0.0    0.4    4.8  12:44    183
 03    9.2   16.5  13:16    3.6  07:05    9.1    0.0    0.0    0.8   11.3  11:48    177
 04    7.5   10.6  14:49    4.6  06:57   10.8    0.0    0.0    1.4    9.7  15:05    304
 05    7.1   11.2  15:45    4.9  05:50   11.2    0.0    0.0    0.4    9.7  15:27    185
 06    4.1    9.6  12:58   -0.9  08:00   14.3    0.0    0.3    0.4    6.4  17:12    204
 07    3.6   10.0  15:50   -0.1  22:55   14.8    0.0    0.0    0.5    8.0  13:06    176
 08    2.5   10.8  15:43   -1.9  07:08   15.9    0.0    0.0    0.5    6.4  10:29    275
 09    4.5   10.1  15:15   -1.2  01:53   13.9    0.0    2.3    0.5    6.4  11:17    183
 10    3.8    8.8  15:08   -0.6  00:00   14.6    0.0    1.5    2.0   29.0  15:09    304
 11    1.4    7.0  12:49   -2.3  23:49   16.9    0.0    0.0    0.5    9.7  12:50    298
 12    0.8    6.1  13:52   -3.7  05:09   17.5    0.0    7.1    0.5    6.4  16:24    179
 13    0.8    4.9  15:24   -1.4  23:25   17.5    0.0    3.6    0.2    4.8  13:41    295
 14    2.4    8.0  15:42   -2.1  05:55   16.0    0.0    0.3    0.4    6.4  12:41    182
 15    5.4    7.0  16:36    3.4  01:41   13.0    0.0    2.8    1.1    4.8  10:54    179
 16    7.7   10.4  12:46    5.8  02:00   10.6    0.0    2.0    1.0    6.4  13:53    182
 17    7.6   11.4  14:25    4.6  03:26   10.7    0.0    0.0    0.3   14.5  23:46    325
 18    6.3   11.1  15:22    1.6  23:50   12.0    0.0    0.0    1.4   16.1  00:43    301
 19    4.1    8.4  16:00    1.0  01:13   14.2    0.0    0.0    0.9    8.0  12:49    299
 20    4.7    8.9  17:06    1.3  02:45   13.6    0.0    0.3    0.2    3.2  02:05    271
 21    7.2   12.2  12:23    1.0  05:47   11.1    0.0    0.3    1.6   16.1  15:41    196
 22    8.5   10.7  13:45    6.6  23:59    9.8    0.0    2.0    0.2    4.8  00:07    187
 23    6.2   11.0  14:56    1.9  06:17   12.1    0.0    0.0    0.5    4.8  10:46    180
 24    7.4   10.5  13:10    4.9  06:09   10.9    0.0    5.6    1.1    9.7  07:27    196
 25    5.9    8.3  23:46    3.4  03:17   12.4    0.0    0.5    0.4    4.8  14:29    183
 26    7.5   11.1  14:40    4.4  07:36   10.8    0.0    0.5    2.0    9.7  04:52    179
 27    4.4   10.6  16:05   -0.4  05:25   13.9    0.0    0.0    0.6    6.4  12:25    177
 28    2.6    3.7  12:15    1.5  22:21   15.8    0.0   10.9    0.0    1.6  12:23    225
 29    1.1    4.9  13:39   -3.5  23:40   17.2    0.0    0.0    1.4   17.7  13:12    299
 30   -3.2    1.9  15:30   -6.3  07:59   21.5    0.0    0.0    0.4    6.4  12:16    301
 31   -4.0    1.8  15:42   -7.1  07:35   22.3    0.0    0.0    0.5    6.4  11:00    302
---------------------------------------------------------------------------------------
       4.6   16.5     03   -7.1     31  426.9    0.0   39.9    0.7   29.0     10    228