NOAA-Style Climate Reports

Select a Year or Month report
2022: Jan Feb Mar Apr May Jun Jul Aug Sep Oct Nov Dec
2021: Jan Feb Mar Apr May Jun Jul Aug Sep Oct Nov Dec
2020: Jan Feb Mar Apr May Jun Jul Aug Sep Oct Nov Dec
2019: Jan Feb Mar Apr May Jun Jul Aug Sep Oct Nov Dec
2018: Jan Feb Mar Apr May Jun Jul Aug Sep Oct Nov Dec
2017: Jan Feb Mar Apr May Jun Jul Aug Sep Oct Nov Dec

Report for 2021 September
                   MONTHLY CLIMATOLOGICAL SUMMARY for Sep 2021


NAME: Darfield                  
ELEV: 725 meters    LAT: 51-15.63 N    LONG: 120-12.20 W


                   TEMPERATURE (C), RAIN (mm), WIND SPEED (km/h)

                                         HEAT   COOL         AVG
      MEAN                               DEG    DEG          WIND                   DOM
DAY   TEMP   HIGH   TIME    LOW   TIME   DAYS   DAYS   RAIN  SPEED   HIGH   TIME    DIR
---------------------------------------------------------------------------------------
 01   10.1   15.7  15:54    6.3  06:40    8.2    0.0    4.1    0.6    9.7  13:02    295
 02   10.1   19.6  15:50    3.8  06:25    8.2    0.0    0.0    0.8    8.0  13:05    290
 03   12.3   22.3  15:50    4.1  06:27    6.0    0.0    0.0    0.8    8.0  15:42    211
 04   11.1   17.1  13:05    6.1  06:16    7.2    0.0    9.9    0.3    4.8  09:49    206
 05   13.5   19.8  15:27    8.8  05:19    4.8    0.0    0.3    0.6    8.0  05:28    187
 06   13.1   21.3  16:13    5.9  06:41    5.3    0.0    0.0    0.7    8.0  14:56    197
 07   14.2   24.7  15:45    6.8  06:07    4.1    0.0    0.0    0.8    6.4  10:36    258
 08   13.3   17.4  14:52   10.7  03:04    5.1    0.0    0.0    0.3    6.4  10:46    280
 09   13.9   18.2  15:05    9.6  06:38    4.4    0.0    0.0    0.9    9.7  19:25    279
 10   12.5   18.4  17:05    7.5  06:09    5.9    0.0    0.0    0.8    8.0  09:36    290
 11   14.1   20.4  15:45    8.9  03:56    4.2    0.0    0.0    0.3    6.4  11:34    183
 12   12.9   17.6  16:00    8.2  23:54    5.4    0.0    1.3    1.7   16.1  13:59    302
 13   10.0   18.4  15:45    4.0  07:05    8.3    0.0    0.0    0.8    8.0  13:24    280
 14    8.9   12.4  16:08    4.4  04:46    9.4    0.0    2.0    0.3    3.2  08:46    190
 15    7.4   13.1  16:10    2.2  22:30   10.9    0.0    3.6    1.9   22.5  01:52    301
 16    6.9   14.4  15:28    1.1  07:10   11.4    0.0    0.0    0.9    9.7  15:38    192
 17    6.2    8.6  05:28    4.7  17:35   12.1    0.0   24.4    0.5    8.0  06:51    187
 18    9.5   15.7  16:27    3.4  23:40    8.8    0.0    2.5    1.2    9.7  11:58    186
 19    5.9   12.9  16:21    1.0  04:55   12.4    0.0    0.0    0.6    6.4  10:53    285
 20    9.3   15.8  15:32    3.2  05:58    9.0    0.0    0.0    0.8    9.7  13:33    177
 21    9.5   13.8  15:04    4.3  06:41    8.9    0.0    0.0    0.5    6.4  11:43    176
 22   11.1   16.1  16:26    7.0  23:34    7.3    0.0    3.0    0.3    4.8  07:12    284
 23    9.7   16.6  15:38    5.2  06:50    8.6    0.0    0.0    0.5    4.8  10:18    288
 24   10.1   18.8  16:00    4.6  05:11    8.3    0.0    0.0    0.6    6.4  11:59    264
 25   11.6   17.8  15:27    6.2  07:13    6.8    0.0    0.0    0.5    6.4  12:30    287
 26   12.0   15.1  16:25   10.4  06:34    6.3    0.0    6.1    0.1    3.2  03:45    232
 27   12.3   17.7  13:06    8.1  07:49    6.0    0.0    0.0    1.4   16.1  12:24    175
 28    6.8   11.8  13:40    2.6  06:47   11.5    0.0    1.5    0.3    6.4  10:14    179
 29    5.5    9.0  15:59    1.3  07:10   12.9    0.0    3.0    0.3    4.8  13:14    187
 30    8.1   10.0  02:00    4.4  23:57   10.2    0.0    3.0    1.3    9.7  16:29    187
---------------------------------------------------------------------------------------
      10.4   24.7     07    1.0     19  237.9    0.0   64.8    0.7   22.5     15    240