NOAA-Style Climate Reports

Select a Year or Month report
2022: Jan Feb Mar Apr May Jun Jul Aug Sep Oct Nov Dec
2021: Jan Feb Mar Apr May Jun Jul Aug Sep Oct Nov Dec
2020: Jan Feb Mar Apr May Jun Jul Aug Sep Oct Nov Dec
2019: Jan Feb Mar Apr May Jun Jul Aug Sep Oct Nov Dec
2018: Jan Feb Mar Apr May Jun Jul Aug Sep Oct Nov Dec
2017: Jan Feb Mar Apr May Jun Jul Aug Sep Oct Nov Dec

Report for 2021 August
                   MONTHLY CLIMATOLOGICAL SUMMARY for Aug 2021


NAME: Darfield                  
ELEV: 725 meters    LAT: 51-15.63 N    LONG: 120-12.20 W


                   TEMPERATURE (C), RAIN (mm), WIND SPEED (km/h)

                                         HEAT   COOL         AVG
      MEAN                               DEG    DEG          WIND                   DOM
DAY   TEMP   HIGH   TIME    LOW   TIME   DAYS   DAYS   RAIN  SPEED   HIGH   TIME    DIR
---------------------------------------------------------------------------------------
 01   17.9   20.8  10:48   16.4  23:28    0.4    0.0    2.8    0.4   12.9  11:06    302
 02   19.6   26.4  16:24   14.4  06:32    0.0    1.3    0.3    0.5    8.0  11:56    179
 03   21.7   32.7  15:28   13.1  05:54    0.0    3.3    0.0    1.0    8.0  13:34    213
 04   20.8   32.1  15:05   12.1  05:51    0.0    2.5    0.0    1.0    8.0  10:45    251
 05   22.7   32.3  14:05   13.2  05:56    0.0    4.4    0.0    1.5   11.3  15:21    212
 06   18.5   21.8  12:49   13.4  23:36    0.0    0.1    0.0    1.6   12.9  14:45    299
 07   16.2   23.5  14:50   11.9  03:50    2.2    0.0    0.3    1.5   12.9  15:59    219
 08   19.0   22.2  16:58   13.6  00:05    0.0    0.7    0.0    3.0   11.3  16:19    297
 09   18.7   27.8  15:49   10.4  03:35    0.0    0.4    0.0    1.0   11.3  14:02    181
 10   19.1   24.3  18:55   14.8  05:15    0.0    0.8    0.0    1.1   11.3  11:51    286
 11   21.2   29.4  14:27   13.8  05:37    0.0    2.9    0.0    3.7   24.1  10:03    308
 12   22.5   30.0  16:49   16.4  06:04    0.0    4.1    0.0    3.5   14.5  12:01    298
 13   20.9   33.6  14:29   11.9  06:10    0.0    2.6    0.0    0.7    6.4  10:09    202
 14   20.3   28.4  13:43   13.3  06:55    0.0    2.0    0.0    0.4    8.0  19:43    201
 15   18.5   23.5  10:46   15.4  22:56    0.0    0.1    1.3    0.6    8.0  20:17    297
 16   15.9   20.2  14:28   11.8  23:54    2.4    0.0   18.3    1.6   11.3  12:44    296
 17   13.2   21.0  17:13    9.4  23:58    5.2    0.0    2.8    1.1   11.3  16:46    293
 18   15.3   24.8  15:55    6.4  05:57    3.1    0.0    0.0    1.1    9.7  22:41    219
 19   18.2   22.4  15:15   13.1  23:57    0.2    0.0    0.0    3.1   12.9  15:24    297
 20   15.3   24.4  14:29    8.2  06:12    3.0    0.0    0.0    1.1    9.7  11:41    243
 21   15.4   24.7  15:50    7.5  06:14    2.9    0.0    0.0    1.0   14.5  22:25    197
 22   10.9   14.3  00:05    8.4  10:59    7.5    0.0   13.7    0.6    6.4  08:19    265
 23    8.9   12.6  16:21    6.7  23:55    9.4    0.0   11.2    0.3    6.4  17:30    307
 24   11.4   19.6  14:10    5.1  06:39    6.9    0.0    0.0    0.6    6.4  12:41    183
 25   12.6   23.2  15:40    4.8  06:13    5.7    0.0    0.0    0.8    8.0  14:37    203
 26   12.1   19.4  15:43    6.2  06:40    6.2    0.0    2.8    0.6    8.0  21:52    242
 27   12.4   18.7  14:43    8.4  23:55    5.9    0.0    2.0    0.9   12.9  16:53    292
 28   12.9   20.5  14:44    6.1  06:25    5.4    0.0    0.3    0.7    8.0  13:02    230
 29   14.6   23.5  15:17    7.8  06:49    3.7    0.0    0.0    0.7    8.0  12:32    203
 30   13.2   19.6  13:21    8.2  06:32    5.1    0.0    0.3    1.0    9.7  21:52    292
 31    9.6   12.4  00:13    7.8  22:23    8.8    0.0    3.8    0.6    9.7  02:09    304
---------------------------------------------------------------------------------------
      16.4   33.6     13    4.8     25   83.9   25.0   59.7    1.2   24.1     11    278