NOAA-Style Climate Reports

Select a Year or Month report
2022: Jan Feb Mar Apr May Jun Jul Aug Sep Oct Nov Dec
2021: Jan Feb Mar Apr May Jun Jul Aug Sep Oct Nov Dec
2020: Jan Feb Mar Apr May Jun Jul Aug Sep Oct Nov Dec
2019: Jan Feb Mar Apr May Jun Jul Aug Sep Oct Nov Dec
2018: Jan Feb Mar Apr May Jun Jul Aug Sep Oct Nov Dec
2017: Jan Feb Mar Apr May Jun Jul Aug Sep Oct Nov Dec

Report for 2021 June
                   MONTHLY CLIMATOLOGICAL SUMMARY for Jun 2021


NAME: Darfield                  
ELEV: 725 meters    LAT: 51-15.63 N    LONG: 120-12.20 W


                   TEMPERATURE (C), RAIN (mm), WIND SPEED (km/h)

                                         HEAT   COOL         AVG
      MEAN                               DEG    DEG          WIND                   DOM
DAY   TEMP   HIGH   TIME    LOW   TIME   DAYS   DAYS   RAIN  SPEED   HIGH   TIME    DIR
---------------------------------------------------------------------------------------
 01
 02
 03
 04   18.0   21.7  14:04   10.4  23:55    0.4    0.0    0.0    2.2   11.3  18:11    163
 05   10.0   15.6  14:04    6.6  00:00    8.3    0.0   11.2    0.9   12.9  10:20    232
 06    8.8   14.6  12:50    4.9  05:25    9.6    0.0    0.5    0.8    9.7  17:55    208
 07    8.6   13.2  13:55    4.9  05:15    9.8    0.0    0.8    0.8    9.7  11:44    288
 08   10.4   18.2  13:24    2.7  03:40    7.9    0.0    0.0    1.1   11.3  09:56    255
 09   12.4   19.3  14:37    7.0  23:58    6.0    0.0    2.3    1.2   11.3  17:05    167
 10    9.2   15.4  12:17    3.7  05:38    9.1    0.0    0.0    1.5   14.5  14:03    293
 11    9.9   16.8  13:16    2.9  05:06    8.4    0.0    0.0    0.8    9.7  13:27    172
 12   13.9   21.7  14:39    4.7  05:20    4.4    0.0    0.0    1.4    9.7  10:03    177
 13   15.9   19.7  17:18   12.2  02:15    2.5    0.0    0.0    0.6   11.3  11:57    193
 14   16.9   24.4  14:55   12.6  04:24    1.4    0.0    0.3    1.1    9.7  15:53    177
 15   15.8   22.3  14:52    9.4  23:49    2.5    0.0    0.0    2.1   19.3  20:50    275
 16   14.2   22.3  13:57    7.6  05:38    4.1    0.0    0.0    1.0    9.7  12:38    183
 17   15.0   24.8  15:13    5.7  05:04    3.4    0.0    0.0    0.9    9.7  13:18    175
 18   17.6   25.7  14:00   10.0  05:13    0.7    0.0    0.0    1.5   11.3  18:24    277
 19   13.8   16.9  14:01   11.2  23:48    4.5    0.0    1.3    1.3   12.9  18:35    302
 20   16.1   26.0  14:22    6.4  04:44    2.2    0.0    0.0    1.6   11.3  10:19    293
 21   19.4   30.2  14:56    9.0  05:43    0.0    1.1    0.0    1.2    9.7  14:30    206
 22   21.1   29.8  12:53   12.4  04:20    0.0    2.7    0.0    1.8   16.1  14:42    299
 23   19.5   26.4  14:55   11.7  05:33    0.0    1.1    0.3    2.7   19.3  18:24    298
 24   19.6   25.6  13:45   11.8  04:48    0.0    1.3    0.0    3.3   17.7  17:23    303
 25   23.1   30.0  16:30   12.6  05:25    0.0    4.7    0.0    4.1   22.5  14:24    303
 26   25.1   35.2  13:41   15.6  05:23    0.0    6.7    0.0    1.7   11.3  08:48    285
 27   26.1   38.4  15:20   16.1  05:55    0.0    7.7    0.0    1.1    8.0  07:58    266
 28   27.3   40.1  15:25   16.5  05:15    0.0    9.0    0.0    1.4    8.0  10:34    257
 29   28.5   41.6  14:20   18.4  05:29    0.0   10.1    0.0    1.6    8.0  15:40    274
 30   28.8   42.1  13:56   18.6  05:33    0.0   10.4    0.0    1.5   14.5  16:03    251
---------------------------------------------------------------------------------------
      17.3   42.1     30    2.7     08   85.1   54.9   16.5    1.5   22.5     25    271