NOAA-Style Climate Reports

Select a Year or Month report
2022: Jan Feb Mar Apr May Jun Jul Aug Sep Oct Nov Dec
2021: Jan Feb Mar Apr May Jun Jul Aug Sep Oct Nov Dec
2020: Jan Feb Mar Apr May Jun Jul Aug Sep Oct Nov Dec
2019: Jan Feb Mar Apr May Jun Jul Aug Sep Oct Nov Dec
2018: Jan Feb Mar Apr May Jun Jul Aug Sep Oct Nov Dec
2017: Jan Feb Mar Apr May Jun Jul Aug Sep Oct Nov Dec

Report for 2021 May
                   MONTHLY CLIMATOLOGICAL SUMMARY for May 2021


NAME: Darfield                  
ELEV: 725 meters    LAT: 51-15.63 N    LONG: 120-12.20 W


                   TEMPERATURE (C), RAIN (mm), WIND SPEED (km/h)

                                         HEAT   COOL         AVG
      MEAN                               DEG    DEG          WIND                   DOM
DAY   TEMP   HIGH   TIME    LOW   TIME   DAYS   DAYS   RAIN  SPEED   HIGH   TIME    DIR
---------------------------------------------------------------------------------------
 01    8.1   16.3  13:37    2.0  23:55   10.2    0.0    0.0    3.4   20.9  16:00    298
 02    7.4   19.8  14:52   -1.4  06:00   10.9    0.0    0.0    0.8   12.6  12:39    280
 03    7.0   17.9  15:11   -0.8  04:40   11.4    0.0    0.0    1.0   10.1  15:16    185
 04    8.7   17.9  15:52    2.0  23:57    9.7    0.0    3.0    1.9   18.4  16:44    291
 05    9.3   21.0  12:50   -1.7  05:45    9.0    0.0    0.0    1.2    9.3  10:00    254
 06   11.5   19.5  14:28    5.2  05:38    6.8    0.0    0.0    1.8   12.6  13:33    301
 07    7.0   10.3  14:03    1.7  23:16   11.3    0.0    0.8    1.8   18.4  15:06    297
 08    7.2   19.3  13:52   -1.2  04:15   11.2    0.0    0.0    1.4   13.4  11:38    280
 09    8.1   18.5  12:52    1.0  05:18   10.2    0.0    0.0    1.4   11.8  12:55    283
 10    7.9   16.8  11:53    2.2  03:30   10.5    0.0    0.3    1.5   19.2  16:37    289
 11   10.0   24.8  14:36   -0.7  05:45    8.3    0.0    0.0    1.2    8.5  09:42    218
 12    7.7   12.2  16:24    3.0  04:45   10.6    0.0    2.8    0.2    7.6  08:46    250
 13   12.1   24.7  14:19    3.1  01:43    6.2    0.0    0.0    0.7    8.5  16:12    247
 14   13.1   27.4  14:40    4.0  04:40    5.2    0.0    0.0    1.0   18.4  16:55    287
 15   15.4   30.6  15:48    3.8  06:04    2.9    0.0    0.0    1.1   11.8  16:08    190
 16   18.2   30.3  13:41    6.7  05:51    0.1    0.0    0.0    1.8   14.2  17:03    180
 17   13.3   17.9  12:31    9.1  23:59    5.1    0.0    0.3    1.7   15.1  13:44    181
 18    7.1    9.1  00:00    5.1  06:30   11.2    0.0    0.3    1.6   11.8  06:02    172
 19
 20
 21
 22
 23
 24
 25   11.5   18.5  13:08    8.9  02:26    6.8    0.0   13.2    0.7   10.1  15:02    298
 26   13.1   21.9  14:24    7.1  04:59    5.3    0.0    0.0    1.2   10.9  12:29    171
 27   11.6   19.2  13:41    7.4  23:44    6.8    0.0    2.8    1.1   15.1  15:10    207
 28    8.7   16.0  14:49    4.1  23:45    9.6    0.0    4.1    1.6   24.2  12:04    300
 29   12.9   25.5  15:12    2.8  03:45    5.4    0.0    0.0    1.2   10.1  11:59    162
 30   14.4   25.4  13:36    4.0  05:45    3.9    0.0    0.0    1.1   11.8  16:13    180
 31   18.8   31.6  14:42    6.4  04:52    0.0    0.5    0.0    2.2   17.6  22:31    266
---------------------------------------------------------------------------------------
      10.9   31.6     31   -1.7     05  188.6    0.5   27.4    1.4   24.2     28    259