NOAA-Style Climate Reports

Select a Year or Month report
2022: Jan Feb Mar Apr May Jun Jul Aug Sep Oct Nov Dec
2021: Jan Feb Mar Apr May Jun Jul Aug Sep Oct Nov Dec
2020: Jan Feb Mar Apr May Jun Jul Aug Sep Oct Nov Dec
2019: Jan Feb Mar Apr May Jun Jul Aug Sep Oct Nov Dec
2018: Jan Feb Mar Apr May Jun Jul Aug Sep Oct Nov Dec
2017: Jan Feb Mar Apr May Jun Jul Aug Sep Oct Nov Dec

Report for 2021 April
                   MONTHLY CLIMATOLOGICAL SUMMARY for Apr 2021


NAME: Darfield                  
ELEV: 725 meters    LAT: 51-15.63 N    LONG: 120-12.20 W


                   TEMPERATURE (C), RAIN (mm), WIND SPEED (km/h)

                                         HEAT   COOL         AVG
      MEAN                               DEG    DEG          WIND                   DOM
DAY   TEMP   HIGH   TIME    LOW   TIME   DAYS   DAYS   RAIN  SPEED   HIGH   TIME    DIR
---------------------------------------------------------------------------------------
 01    5.8   13.7  10:56    2.3  02:22   12.6    0.0    0.0    2.2   10.1  11:01    161
 02    5.2   11.2  13:53    0.1  07:15   13.2    0.0    0.0    1.2    9.3  20:09    209
 03    4.7   12.8  13:58   -2.1  05:40   13.6    0.0    0.0    2.0   13.4  17:06    166
 04    2.0    5.8  12:06   -3.0  00:00   16.3    0.0    0.3    5.3   22.5  11:23    304
 05   -0.2   14.1  13:22   -5.4  06:10   18.6    0.0    0.0    0.6    8.5  12:23    180
 06    1.4   15.3  13:04   -3.7  05:53   16.9    0.0    0.0    1.1    9.3  12:04    157
 07    5.2   10.2  12:41    1.0  23:56   13.1    0.0    0.0    2.7   18.4  19:14    207
 08    1.4    9.5  14:56   -2.6  05:45   16.9    0.0    0.0    3.4   20.0  10:13    306
 09    2.4   10.7  13:55    0.6  06:24   15.9    0.0    0.0    3.1   15.1  13:58    169
 10   -0.4    3.0  10:42   -2.7  01:50   18.7    0.0    0.0    6.4   30.0  10:29    298
 11    N/A    N/A    N/A    N/A    N/A    0.0    0.0    0.0    N/A    N/A    N/A    N/A
 12    1.4    6.9  11:05   -2.7  06:57   17.0    0.0    0.0    4.0   12.6  10:32    298
 13   -1.5    7.7  10:58   -5.4  06:17   19.9    0.0    0.0    1.8    8.5  09:02    316
 14    1.6    7.5  10:44   -3.5  06:30   16.7    0.0    0.0    3.2   10.9  10:35    303
 15    1.5   13.0  11:00   -2.1  06:55   16.8    0.0    0.0    0.8    7.6  08:43    306
 16    4.3   16.8  11:24   -0.6  06:29   14.1    0.0    0.0    1.0    6.0  10:15    297
 17    4.8   17.9  11:12    0.4  06:13   13.6    0.0    0.0    0.4    5.1  09:46    199
 18    6.0   16.0  11:33    1.8  06:10   12.3    0.0    0.0    2.5   15.1  10:38    290
 19   10.5   20.8  16:09    1.2  23:55    7.8    0.0    0.0    2.6    9.3  15:15    267
 20   11.0   24.2  15:27   -1.5  03:48    7.4    0.0    0.0    1.1    7.6  13:24    173
 21    4.3   15.8  11:07   -0.6  07:15   14.1    0.0    0.0    0.5    6.0  10:05    164
 22    3.8    4.3  08:38    3.5  07:43   14.5    0.0    0.0    9.3   22.5  06:55    305
 23    N/A    N/A    N/A    N/A    N/A    0.0    0.0    0.0    N/A    N/A    N/A    N/A
 24    N/A    N/A    N/A    N/A    N/A    0.0    0.0    0.0    N/A    N/A    N/A    N/A
 25    N/A    N/A    N/A    N/A    N/A    0.0    0.0    0.0    N/A    N/A    N/A    N/A
 26   11.6   22.8  15:47   -2.4  06:29    6.8    0.0    0.0    2.1   23.4  11:20    263
 27    8.6   17.0  12:46    0.5  04:40    9.8    0.0    0.0    1.6   10.9  12:50    171
 28    9.2   17.9  13:49    4.1  05:05    9.1    0.0    2.0    0.5    9.3  14:21    162
 29   10.4   15.1  14:40    7.2  04:27    8.0    0.0    1.8    0.6    6.8  13:34    176
 30   12.1   22.4  13:24    4.8  03:46    6.2    0.0    2.0    2.1   14.2  13:19    165
---------------------------------------------------------------------------------------
       6.1   24.2     20   -5.4     05  349.7    0.0    6.1    2.1   30.0     10    250