NOAA-Style Climate Reports

Select a Year or Month report
2022: Jan Feb Mar Apr May Jun Jul Aug Sep Oct Nov Dec
2021: Jan Feb Mar Apr May Jun Jul Aug Sep Oct Nov Dec
2020: Jan Feb Mar Apr May Jun Jul Aug Sep Oct Nov Dec
2019: Jan Feb Mar Apr May Jun Jul Aug Sep Oct Nov Dec
2018: Jan Feb Mar Apr May Jun Jul Aug Sep Oct Nov Dec
2017: Jan Feb Mar Apr May Jun Jul Aug Sep Oct Nov Dec

Report for 2021 March
                   MONTHLY CLIMATOLOGICAL SUMMARY for Mar 2021


NAME: Darfield                  
ELEV: 725 meters    LAT: 51-15.63 N    LONG: 120-12.20 W


                   TEMPERATURE (C), RAIN (mm), WIND SPEED (km/h)

                                         HEAT   COOL         AVG
      MEAN                               DEG    DEG          WIND                   DOM
DAY   TEMP   HIGH   TIME    LOW   TIME   DAYS   DAYS   RAIN  SPEED   HIGH   TIME    DIR
---------------------------------------------------------------------------------------
 01    3.2   10.1  15:30   -0.2  02:05   15.1    0.0    2.0    1.2    8.5  15:12    169
 02    1.8    8.7  11:33   -3.0  05:10   16.6    0.0    0.0    1.6   10.1  12:08    165
 03   -0.6    4.8  14:45   -3.7  01:55   18.9    0.0    0.0    0.3    9.3  15:34    291
 04    1.7   12.8  15:21   -4.6  04:15   16.7    0.0    0.0    0.6    9.3  11:05    272
 05    5.2   13.6  14:16    0.3  03:21   13.2    0.0    0.0    2.0   12.6  16:13    169
 06    2.0   10.8  11:53   -2.2  07:06   16.3    0.0    0.0    1.0   10.9  11:08    168
 07    0.4    7.5  13:14   -3.5  23:35   17.9    0.0    0.0    1.0   16.7  14:38    222
 08    0.9    9.2  12:31   -6.4  07:40   17.4    0.0    0.0    1.0    8.5  12:06    169
 09   -1.4    8.9  15:32   -8.5  06:31   19.8    0.0    0.0    1.0    9.3  10:44    265
 10   -0.9    4.1  11:26   -6.4  23:56   19.2    0.0    0.0    2.4   18.4  10:54    305
 11   -6.9    4.7  11:46  -10.8  06:30   25.3    0.0    0.0    0.4    6.8  10:57    211
 12    N/A    N/A    N/A    N/A    N/A    0.0    0.0    0.0    N/A    N/A    N/A    N/A
 13    2.1    7.6  14:21   -2.5  05:25   16.2    0.0    0.0    0.3    6.8  13:18    285
 14    3.9   11.6  14:10   -0.4  06:35   14.5    0.0    0.0    1.4   27.5  23:47    209
 15   -1.1    2.1  11:30   -2.8  08:15   19.4    0.0    0.0    8.5   27.5  02:23    298
 16   -0.4    4.7  12:15   -3.6  09:54   18.7    0.0    0.0    3.0    7.6  10:27    291
 17   -2.2    8.7  13:21   -5.8  07:12   20.6    0.0    0.0    0.8    7.6  11:47    289
 18    4.3   14.1  14:22   -2.8  06:35   14.1    0.0    0.3    1.1   11.8  22:34    185
 19    3.8   11.6  14:59   -2.7  07:50   14.6    0.0    0.0    1.6   10.1  11:15    162
 20    2.6   11.6  13:11   -1.8  06:45   15.7    0.0    0.0    1.5   15.1  15:33    240
 21    1.0    3.5  15:11   -2.9  06:50   17.4    0.0    0.3    0.9   11.8  13:00    176
 22    1.3    8.8  15:50   -3.1  23:47   17.0    0.0    0.0    2.2   25.0  14:42    299
 23    0.9   11.2  12:52   -5.5  07:10   17.4    0.0    0.0    1.6   10.1  22:13    159
 24    4.3   10.3  12:36    1.0  23:45   14.1    0.0    0.0    2.0   24.2  13:27    262
 25    3.0    9.1  16:07   -2.1  00:00   15.4    0.0    0.0    3.9   26.7  15:33    298
 26    2.4    7.7  13:57   -2.3  00:05   15.9    0.0    0.0    0.0    5.1  16:49    276
 27    5.5   12.4  15:26   -0.7  07:38   12.8    0.0    0.0    2.8   12.6  12:53    167
 28    4.1   12.2  11:41   -1.4  22:16   14.3    0.0    0.0    6.0   28.3  19:52    268
 29   -1.6   -1.0  00:06   -3.4  04:23   19.9    0.0    0.0    6.3   32.5  04:02    303
 30    0.7    6.6  15:26   -6.6  07:02   17.7    0.0    0.0    0.6    7.6  13:10    179
 31    1.8   14.9  13:36   -3.4  04:41   16.5    0.0    0.0    1.5    8.5  09:33    167
---------------------------------------------------------------------------------------
       1.8   14.9     31  -10.8     11  508.6    0.0    2.5    1.7   32.5     29    240