NOAA-Style Climate Reports

Select a Year or Month report
2022: Jan Feb Mar Apr May Jun Jul Aug Sep Oct Nov Dec
2021: Jan Feb Mar Apr May Jun Jul Aug Sep Oct Nov Dec
2020: Jan Feb Mar Apr May Jun Jul Aug Sep Oct Nov Dec
2019: Jan Feb Mar Apr May Jun Jul Aug Sep Oct Nov Dec
2018: Jan Feb Mar Apr May Jun Jul Aug Sep Oct Nov Dec
2017: Jan Feb Mar Apr May Jun Jul Aug Sep Oct Nov Dec

Report for 2021 February
                   MONTHLY CLIMATOLOGICAL SUMMARY for Feb 2021


NAME: Darfield                  
ELEV: 725 meters    LAT: 51-15.63 N    LONG: 120-12.20 W


                   TEMPERATURE (C), RAIN (mm), WIND SPEED (km/h)

                                         HEAT   COOL         AVG
      MEAN                               DEG    DEG          WIND                   DOM
DAY   TEMP   HIGH   TIME    LOW   TIME   DAYS   DAYS   RAIN  SPEED   HIGH   TIME    DIR
---------------------------------------------------------------------------------------
 01    1.4    3.2  14:00    0.4  02:10   16.9    0.0    7.4    0.0    5.1  15:36    286
 02    1.1    4.9  13:36   -3.1  23:55   17.3    0.0    3.3    0.0    3.5  06:00    123
 03   -3.0    0.2  12:46   -7.6  22:40   21.3    0.0    0.0    2.3   15.1  08:24    302
 04   -4.0    0.0  12:58   -8.4  01:50   22.3    0.0    0.0    0.0    0.0  00:00    N/A
 05   -1.4    3.0  12:16   -3.3  01:25   19.8    0.0    0.5    0.0    1.8  13:52    292
 06   -2.4    2.4  12:23   -8.9  23:58   20.7    0.0    0.0    2.1   18.4  19:34    298
 07   -9.2   -4.9  13:44  -13.2  05:32   27.5    0.0    0.0    3.4   24.2  23:18    300
 08  -16.1  -11.9  00:01  -22.2  23:44   34.5    0.0    0.0    5.5   21.7  00:27    303
 09  -19.0  -13.2  15:45  -25.2  06:25   37.3    0.0    0.0    2.4   10.9  15:23    300
 10  -19.9  -15.7  00:00  -22.6  07:03   38.2    0.0    0.0    5.3   15.1  02:19    301
 11  -23.1  -16.4  15:16  -25.9  05:09   41.5    0.0    0.0    1.3    9.3  10:22    293
 12  -22.2  -14.5  15:25  -26.2  07:17   40.6    0.0    0.0    0.0    4.3  02:57    277
 13  -15.3   -8.8  14:21  -22.0  01:51   33.6    0.0    0.0    0.8   10.1  10:56    300
 14   -6.9   -2.9  12:17  -13.4  00:00   25.3    0.0    0.0    1.1    9.3  10:51    178
 15   -6.3   -2.8  12:55   -8.1  21:34   24.7    0.0    0.0    1.1    7.6  13:06    281
 16   -4.7   -0.3  13:38   -8.1  03:26   23.0    0.0    0.0    0.2    8.5  21:57    217
 17   -5.1    1.4  14:07  -11.8  23:58   23.4    0.0    0.0    2.8   21.7  13:04    295
 18   -7.5   -2.2  12:41  -12.7  04:20   25.8    0.0    0.0    0.7    6.8  13:31    183
 19   -2.5    2.6  12:21   -6.5  23:59   20.8    0.0    0.0    0.0    0.0  00:00    N/A
 20   -4.4    3.4  13:34   -9.5  06:32   22.7    0.0    0.5    0.0    0.0  00:00    N/A
 21    3.1    8.8  14:09   -1.1  00:00   15.3    0.0   15.0    1.8   15.9  16:22    166
 22    5.1   10.1  12:20   -2.4  22:23   13.2    0.0    0.0    3.5   32.5  16:42    288
 23   -0.9    4.7  13:14   -4.7  07:11   19.2    0.0    0.0    1.4   14.2  00:58    294
 24   -1.2    4.4  12:22   -7.3  07:15   19.5    0.0    0.0    2.3   15.9  03:44    165
 25    N/A    N/A    N/A    N/A    N/A    0.0    0.0    0.0    N/A    N/A    N/A    N/A
 26   -0.4    4.7  13:45   -4.6  23:55   18.7    0.0    1.3    3.7   20.0  09:46    303
 27   -1.6    4.0  12:32   -6.1  07:25   19.9    0.0    0.0    2.4   18.4  03:10    285
 28    0.5    4.4  12:43   -2.5  02:43   17.9    0.0    5.1    1.3    7.6  12:55    179
---------------------------------------------------------------------------------------
      -5.6   10.1     22  -26.2     12  660.9    0.0   33.0    1.5   32.5     22    288