NOAA-Style Climate Reports

Select a Year or Month report
2022: Jan Feb Mar Apr May Jun Jul Aug Sep Oct Nov Dec
2021: Jan Feb Mar Apr May Jun Jul Aug Sep Oct Nov Dec
2020: Jan Feb Mar Apr May Jun Jul Aug Sep Oct Nov Dec
2019: Jan Feb Mar Apr May Jun Jul Aug Sep Oct Nov Dec
2018: Jan Feb Mar Apr May Jun Jul Aug Sep Oct Nov Dec
2017: Jan Feb Mar Apr May Jun Jul Aug Sep Oct Nov Dec

Report for 2021 January
                   MONTHLY CLIMATOLOGICAL SUMMARY for Jan 2021


NAME: Darfield                  
ELEV: 725 meters    LAT: 51-15.63 N    LONG: 120-12.20 W


                   TEMPERATURE (C), RAIN (mm), WIND SPEED (km/h)

                                         HEAT   COOL         AVG
      MEAN                               DEG    DEG          WIND                   DOM
DAY   TEMP   HIGH   TIME    LOW   TIME   DAYS   DAYS   RAIN  SPEED   HIGH   TIME    DIR
---------------------------------------------------------------------------------------
 01    0.5    1.8  13:46   -1.5  00:00   17.8    0.0   32.3    0.0    4.3  23:10    184
 02    2.5    5.6  11:20   -0.6  23:50   15.8    0.0   34.8    2.0   16.7  10:11    177
 03   -1.9    2.9  14:56   -5.8  23:23   20.2    0.0    0.0    0.1    6.8  00:43    202
 04   -0.8    0.9  11:16   -5.8  00:00   19.1    0.0    4.3    0.3    8.5  05:44    202
 05   -0.6    1.4  21:52   -2.7  05:50   18.9    0.0    0.0    0.7   11.8  21:50    196
 06   -0.3    4.7  13:44   -3.0  20:45   18.6    0.0    1.8    0.2    5.1  12:07    185
 07   -2.5    0.6  13:45   -4.8  05:53   20.8    0.0    0.0    0.1    6.8  14:27    295
 08   -0.9    1.5  13:39   -4.3  00:00   19.3    0.0    0.3    0.6    6.8  06:58    180
 09   -0.7    2.3  11:33   -2.5  18:28   19.1    0.0    0.0    0.2    6.0  16:29    175
 10    1.3    2.9  12:44   -0.2  01:13   17.0    0.0    4.1    1.4    6.8  10:35    175
 11    2.2    4.4  12:09    1.1  05:58   16.1    0.0    3.6    2.1   13.4  23:59    181
 12    2.0    3.5  13:45    0.8  03:10   16.4    0.0    7.1    0.3    7.6  00:00    183
 13   -0.3    3.4  03:50   -5.2  22:45   18.6    0.0    4.6    2.2   25.8  08:09    308
 14   -3.2    0.4  23:21   -8.6  07:11   21.5    0.0    0.0    1.6    8.5  19:46    203
 15   -0.9    3.8  12:34   -5.9  23:52   19.2    0.0    0.0    1.0    7.6  00:02    177
 16   -3.3   -1.3  23:29   -7.5  08:07   21.6    0.0    0.0    0.4    7.6  12:22    294
 17   -1.5    1.1  12:46   -3.4  07:51   19.9    0.0    0.0    0.0    6.0  15:17    300
 18    0.6    5.1  11:35   -5.2  23:58   17.8    0.0    2.0    2.4   14.2  08:20    293
 19   -1.5    1.4  13:31   -5.7  01:10   19.8    0.0    0.0    2.1    6.8  10:11    177
 20   -6.3   -1.5  14:05  -10.2  23:55   24.7    0.0    0.0    0.5    7.6  13:16    293
 21   -9.6   -4.7  14:27  -12.5  23:55   27.9    0.0    0.0    1.0   11.8  09:52    300
 22  -11.8   -7.7  13:45  -15.0  06:39   30.1    0.0    0.0    0.7    7.6  14:10    294
 23   -8.9   -6.6  12:49  -12.7  00:00   27.3    0.0    0.0    0.5    7.6  13:39    290
 24   -7.4   -4.7  14:31  -10.3  05:46   25.8    0.0    0.0    0.5    6.0  00:46    293
 25   -5.2   -2.3  15:05   -7.3  08:00   23.5    0.0    0.0    0.3    6.0  11:32    294
 26   -4.2   -1.2  14:15   -7.2  18:40   22.6    0.0    0.0    0.0    3.5  11:44    267
 27   -3.1   -0.6  13:17   -5.1  00:30   21.5    0.0    0.0    0.2    5.1  02:33    256
 28   -3.1   -1.0  14:24   -5.0  07:34   21.5    0.0    0.0    0.5    6.0  13:00    299
 29   -4.7   -1.8  15:05   -7.1  23:55   23.0    0.0    0.0    0.2    5.1  13:13    293
 30   -2.7    1.1  12:09   -7.4  00:46   21.0    0.0    0.0    0.3    6.0  19:05    180
 31    1.4    5.1  11:48   -0.7  01:50   16.9    0.0   10.4    0.2   12.6  11:42    183
---------------------------------------------------------------------------------------
      -2.4    5.6     02  -15.0     22  643.2    0.0  105.2    0.7   25.8     13    225