NOAA-Style Climate Reports

Select a Year or Month report
2022: Jan Feb Mar Apr May Jun Jul Aug Sep Oct Nov Dec
2021: Jan Feb Mar Apr May Jun Jul Aug Sep Oct Nov Dec
2020: Jan Feb Mar Apr May Jun Jul Aug Sep Oct Nov Dec
2019: Jan Feb Mar Apr May Jun Jul Aug Sep Oct Nov Dec
2018: Jan Feb Mar Apr May Jun Jul Aug Sep Oct Nov Dec
2017: Jan Feb Mar Apr May Jun Jul Aug Sep Oct Nov Dec

Report for 2020 December
                   MONTHLY CLIMATOLOGICAL SUMMARY for Dec 2020


NAME: Darfield                  
ELEV: 725 meters    LAT: 51-15.63 N    LONG: 120-12.20 W


                   TEMPERATURE (C), RAIN (mm), WIND SPEED (km/h)

                                         HEAT   COOL         AVG
      MEAN                               DEG    DEG          WIND                   DOM
DAY   TEMP   HIGH   TIME    LOW   TIME   DAYS   DAYS   RAIN  SPEED   HIGH   TIME    DIR
---------------------------------------------------------------------------------------
 01   -4.3    0.8  00:00   -7.9  23:44   22.7    0.0    0.0    0.5    9.3  00:00    286
 02   -6.9   -2.9  13:55   -9.6  07:59   25.2    0.0    0.0    0.2    6.8  12:55    286
 03   -3.1    0.8  19:57   -6.8  00:30   21.4    0.0    0.0    0.2    8.5  20:23    187
 04   -4.2   -0.9  14:10   -6.3  07:50   22.5    0.0    0.0    0.2    6.0  13:26    291
 05   -3.7    0.1  13:33   -5.5  00:05   22.0    0.0    0.0    0.2    7.6  11:44    280
 06   -1.3    3.3  21:50   -6.5  05:10   19.6    0.0    0.0    1.0    8.5  12:21    178
 07    2.4    4.3  11:14    0.7  16:11   16.0    0.0    4.1    2.5    7.6  03:18    178
 08    2.2    3.8  12:26    0.5  23:05   16.2    0.0    1.8    0.7    7.6  19:50    186
 09   -0.1    1.8  14:10   -2.4  19:52   18.4    0.0    0.0    0.1    4.3  04:37    280
 10   -1.0    0.4  13:12   -1.6  23:58   19.3    0.0    0.0    0.8    6.8  09:20    296
 11   -2.3    0.3  15:10   -3.3  16:21   20.7    0.0    0.0    0.3    6.0  11:33    292
 12   -2.0    0.7  12:03   -3.9  00:00   20.3    0.0    0.0    0.0    0.0  00:00    N/A
 13   -2.5    0.0  12:00   -3.9  00:05   20.8    0.0    0.0    0.4    5.1  08:05    207
 14   -1.2    0.6  13:25   -2.6  06:20   19.5    0.0    0.0    0.1    4.3  21:58    169
 15   -0.7    0.7  13:23   -2.8  23:53   19.0    0.0    0.0    0.0    0.0  00:02    N/A
 16   -0.5    1.7  11:57   -3.3  03:36   18.9    0.0    1.3    0.3    6.0  12:28    178
 17    0.2    2.0  13:03   -0.5  16:20   18.2    0.0    3.6    0.1    9.3  12:27    312
 18    0.7    2.0  21:39   -0.1  00:05   17.7    0.0   15.2    0.0    9.3  23:58    281
 19    0.2    2.9  22:46   -2.2  08:52   18.1    0.0    4.3    0.4   10.1  00:01    191
 20   -0.6    1.8  00:00   -2.6  20:40   18.9    0.0    2.3    0.3    6.8  04:28    292
 21   -2.8   -2.0  22:35   -3.7  03:23   21.1    0.0    0.0    2.0   15.1  18:47    294
 22   -4.1   -0.8  12:30  -11.1  23:51   22.5    0.0    0.0    2.6   15.9  12:08    286
 23   -9.1   -5.8  23:22  -12.0  03:25   27.5    0.0    0.0    0.6    6.8  12:15    278
 24   -4.4   -1.9  11:20   -7.7  01:00   22.7    0.0    0.0    1.7    6.0  07:55    165
 25   -3.5    0.4  11:29   -6.8  03:00   21.8    0.0    0.0    0.8    6.0  08:59    182
 26   -1.1    1.6  13:09   -3.3  00:00   19.4    0.0    0.0    0.0    0.0  00:00    N/A
 27   -2.2    1.2  13:02   -4.1  08:54   20.6    0.0    0.0    0.0    0.0  00:00    N/A
 28   -2.3    1.3  13:17   -6.1  23:59   20.7    0.0    0.0    0.0    0.0  00:00    N/A
 29   -4.4   -2.1  14:15   -7.4  04:05   22.7    0.0    0.0    0.0    0.0  00:00    N/A
 30   -2.3   -1.1  13:35   -2.8  00:00   20.7    0.0    0.0    0.0    0.0  00:00    N/A
 31   -1.5    0.4  12:07   -3.0  07:50   19.8    0.0    0.0    0.0    0.0  00:00    N/A
---------------------------------------------------------------------------------------
      -2.2    4.3     07  -12.0     23  634.8    0.0   32.5    0.5   15.9     22    235