NOAA-Style Climate Reports

Select a Year or Month report
2022: Jan Feb Mar Apr May Jun Jul Aug Sep Oct Nov Dec
2021: Jan Feb Mar Apr May Jun Jul Aug Sep Oct Nov Dec
2020: Jan Feb Mar Apr May Jun Jul Aug Sep Oct Nov Dec
2019: Jan Feb Mar Apr May Jun Jul Aug Sep Oct Nov Dec
2018: Jan Feb Mar Apr May Jun Jul Aug Sep Oct Nov Dec
2017: Jan Feb Mar Apr May Jun Jul Aug Sep Oct Nov Dec

Report for 2020 November
                   MONTHLY CLIMATOLOGICAL SUMMARY for Nov 2020


NAME: Darfield                  
ELEV: 725 meters    LAT: 51-15.63 N    LONG: 120-12.20 W


                   TEMPERATURE (C), RAIN (mm), WIND SPEED (km/h)

                                         HEAT   COOL         AVG
      MEAN                               DEG    DEG          WIND                   DOM
DAY   TEMP   HIGH   TIME    LOW   TIME   DAYS   DAYS   RAIN  SPEED   HIGH   TIME    DIR
---------------------------------------------------------------------------------------
 01    0.2    4.0  14:53   -1.5  23:40   18.1    0.0    0.0    0.5    7.6  13:24    290
 02    0.7    5.1  19:20   -1.6  00:06   17.6    0.0    0.3    0.2   10.1  11:56    287
 03    4.5    6.1  22:41    2.5  00:00   13.8    0.0   10.9    0.3    6.8  05:06    199
 04    7.0   10.8  23:00    3.6  05:11   11.3    0.0    1.0    0.8   10.1  21:44    175
 05    5.4   10.2  01:25   -2.6  23:59   12.9    0.0    0.0    1.8   13.4  09:03    165
 06   -2.2    2.3  13:38   -4.6  07:35   20.6    0.0    0.0    1.0   10.1  11:43    297
 07   -1.5    0.5  11:12   -3.7  00:00   19.8    0.0    0.0    6.0   27.5  19:54    299
 08   -2.9    0.8  13:57   -7.9  23:56   21.3    0.0    0.0    5.4   23.4  01:14    294
 09   -5.8   -2.4  13:40  -10.1  04:25   24.1    0.0    0.0    0.5    6.8  11:00    288
 10   -3.2   -0.4  13:14   -4.5  00:26   21.5    0.0    0.0    0.0    0.0  00:00    N/A
 11   -4.1   -0.3  11:57   -9.5  21:46   22.5    0.0    0.0    0.0    0.0  00:00    N/A
 12   -3.0   -0.5  13:45   -6.6  00:00   21.4    0.0    0.0    0.0    0.0  00:00    N/A
 13   -1.4    0.3  11:51   -2.5  23:56   19.7    0.0    0.0    0.0    0.0  00:00    N/A
 14   -3.7    0.1  13:41   -8.9  07:26   22.0    0.0    0.0    0.0    0.0  00:00    N/A
 15   -0.4    2.6  11:13   -3.5  23:57   18.8    0.0    1.3    0.0    0.0  00:00    N/A
 16   -2.0    1.1  13:34   -4.5  02:34   20.4    0.0    0.0    0.0    0.0  00:00    N/A
 17    2.1    5.5  12:36   -0.5  00:00   16.2    0.0   38.1    0.2    7.6  21:29    193
 18    1.0    3.8  12:08   -1.5  05:06   17.3    0.0    2.5    0.0    5.1  12:52    302
 19   -0.1    3.2  13:42   -3.1  21:37   18.4    0.0    8.4    0.1    6.8  11:40    293
 20   -1.5    2.6  12:43   -4.5  05:33   19.9    0.0    0.0    0.1    8.5  17:37    196
 21   -2.6    1.4  13:05   -4.5  04:30   21.0    0.0    0.0    0.1    6.0  21:04    253
 22   -0.8    2.2  12:59   -4.4  00:00   19.1    0.0    0.3    0.5    7.6  10:16    181
 23   -0.2    3.2  13:06   -2.7  00:05   18.5    0.0    0.0    0.0    4.3  23:59    176
 24    1.3    4.5  12:20   -0.5  00:00   17.1    0.0    1.5    1.6    6.8  16:31    180
 25   -0.7    1.7  14:00   -3.0  23:55   19.1    0.0    0.8    0.0    3.5  00:47    288
 26   -1.7    2.0  13:20   -5.5  04:30   20.0    0.0    0.3    0.1    5.1  16:22    175
 27    3.1    6.7  14:10    0.3  05:53   15.2    0.0    1.5    1.8   21.7  23:44    184
 28   -0.7    2.4  00:00   -3.3  17:45   19.0    0.0    2.3    0.5    9.3  04:28    290
 29   -0.1    1.8  14:53   -2.9  01:52   18.4    0.0    0.0    1.6    7.6  05:35    178
 30    2.4    4.9  12:46   -1.2  19:29   15.9    0.0    0.0    2.9   16.7  22:03    271
---------------------------------------------------------------------------------------
      -0.3   10.8     04  -10.1     09  560.8    0.0   69.1    0.8   27.5     07    256