NOAA-Style Climate Reports

Select a Year or Month report
2022: Jan Feb Mar Apr May Jun Jul Aug Sep Oct Nov Dec
2021: Jan Feb Mar Apr May Jun Jul Aug Sep Oct Nov Dec
2020: Jan Feb Mar Apr May Jun Jul Aug Sep Oct Nov Dec
2019: Jan Feb Mar Apr May Jun Jul Aug Sep Oct Nov Dec
2018: Jan Feb Mar Apr May Jun Jul Aug Sep Oct Nov Dec
2017: Jan Feb Mar Apr May Jun Jul Aug Sep Oct Nov Dec

Report for 2020 October
                   MONTHLY CLIMATOLOGICAL SUMMARY for Oct 2020


NAME: Darfield                  
ELEV: 725 meters    LAT: 51-15.63 N    LONG: 120-12.20 W


                   TEMPERATURE (C), RAIN (mm), WIND SPEED (km/h)

                                         HEAT   COOL         AVG
      MEAN                               DEG    DEG          WIND                   DOM
DAY   TEMP   HIGH   TIME    LOW   TIME   DAYS   DAYS   RAIN  SPEED   HIGH   TIME    DIR
---------------------------------------------------------------------------------------
 01   11.7   18.2  15:47    8.6  05:41    6.6    0.0    0.0    0.1    6.8  14:14    262
 02   11.1   20.3  15:56    6.4  06:12    7.2    0.0    0.0    0.2    7.6  13:20    283
 03   11.0   21.1  15:54    5.9  07:25    7.3    0.0    0.0    0.8    9.3  12:56    286
 04   10.6   16.3  15:15    7.2  23:57    7.7    0.0    2.0    0.0    7.6  11:29    254
 05   10.7   17.4  15:42    5.7  04:49    7.6    0.0    0.0    0.3    8.5  19:59    224
 06   13.3   18.5  15:24   10.0  04:23    5.0    0.0    1.8    0.5    8.5  05:23    300
 07   12.5   17.1  15:52    8.4  23:30    5.8    0.0    0.8    1.7   10.1  13:32    297
 08   11.0   17.4  14:25    8.1  23:07    7.3    0.0    0.0    1.4   15.1  16:14    296
 09    9.9   13.8  12:40    8.1  04:01    8.4    0.0    3.0    0.3    8.5  13:00    172
 10    8.4   14.2  12:49    4.4  22:25    9.9    0.0    3.0    1.3   20.0  13:27    297
 11    5.5   10.9  13:13    2.1  08:36   12.8    0.0    9.9    0.2    6.8  11:57    169
 12    4.0   10.0  16:00    0.4  23:30   14.4    0.0    1.0    0.5   15.9  14:47    291
 13    2.6    4.9  16:40    0.5  00:01   15.7    0.0   11.4    1.0   15.9  19:52    291
 14    3.3    9.3  13:07    0.1  03:26   15.0    0.0    0.0    0.5   12.6  01:50    288
 15    3.0    9.4  12:57   -1.7  08:01   15.3    0.0    9.9    0.3    8.5  17:52    172
 16    3.3    7.1  16:36    0.2  23:58   15.0    0.0   19.0    2.8   22.5  21:19    293
 17    1.6    5.7  16:00   -1.5  08:06   16.7    0.0    0.0    1.7   11.8  03:32    294
 18    0.2    2.0  14:15   -1.1  05:57   18.1    0.0    0.3    1.1    8.5  12:12    298
 19    1.2    5.6  15:08   -1.7  23:26   17.1    0.0    8.6    0.3   12.6  18:22    296
 20    0.5    5.9  14:54   -3.3  07:27   17.9    0.0    1.0    0.5   14.2  17:21    294
 21    0.2    3.7  13:46   -2.0  22:44   18.1    0.0    0.5    0.8   10.1  17:44    293
 22   -0.5    3.8  12:39   -3.7  23:48   18.9    0.0    0.0    0.8   10.1  11:19    297
 23   -2.9   -1.1  15:15   -5.7  22:20   21.2    0.0    0.0    0.4    9.3  06:08    301
 24   -6.1   -2.9  00:00  -11.1  23:09   24.4    0.0    0.0    0.7   11.8  16:53    292
 25   -6.7   -2.8  14:28  -10.4  00:00   25.1    0.0    0.0    0.3    6.0  11:18    162
 26   -3.8    0.4  14:39   -6.4  03:40   22.2    0.0    0.0    0.0    2.7  00:44    283
 27   -0.3    2.7  14:49   -2.3  00:00   18.7    0.0    0.5    0.3    6.8  20:15    175
 28    0.2    2.4  12:55   -0.7  00:05   18.1    0.0   13.5    0.0    3.5  16:53    309
 29    1.1    3.3  12:29    0.1  00:01   17.2    0.0   25.9    0.1    6.0  03:29    298
 30    2.3    7.6  13:48   -1.7  23:47   16.0    0.0    4.8    1.0   25.0  13:57    286
 31   -0.7    3.0  14:22   -3.2  05:40   19.1    0.0    0.0    0.4    7.6  15:09    289
---------------------------------------------------------------------------------------
       3.8   21.1     03  -11.1     24  449.8    0.0  117.1    0.7   25.0     30    290