NOAA-Style Climate Reports

Select a Year or Month report
2022: Jan Feb Mar Apr May Jun Jul Aug Sep Oct Nov Dec
2021: Jan Feb Mar Apr May Jun Jul Aug Sep Oct Nov Dec
2020: Jan Feb Mar Apr May Jun Jul Aug Sep Oct Nov Dec
2019: Jan Feb Mar Apr May Jun Jul Aug Sep Oct Nov Dec
2018: Jan Feb Mar Apr May Jun Jul Aug Sep Oct Nov Dec
2017: Jan Feb Mar Apr May Jun Jul Aug Sep Oct Nov Dec

Report for 2020 September
                   MONTHLY CLIMATOLOGICAL SUMMARY for Sep 2020


NAME: Darfield                  
ELEV: 725 meters    LAT: 51-15.63 N    LONG: 120-12.20 W


                   TEMPERATURE (C), RAIN (mm), WIND SPEED (km/h)

                                         HEAT   COOL         AVG
      MEAN                               DEG    DEG          WIND                   DOM
DAY   TEMP   HIGH   TIME    LOW   TIME   DAYS   DAYS   RAIN  SPEED   HIGH   TIME    DIR
---------------------------------------------------------------------------------------
 01   15.6   25.5  16:39    9.3  04:50    2.8    0.0    0.3    0.7   11.8  19:23    279
 02   15.3   25.4  14:00   11.5  07:35    3.0    0.0    1.0    2.5   22.5  10:45    303
 03   16.2   25.5  12:36    9.4  06:50    2.1    0.0    0.0    1.8   10.9  13:57    293
 04   16.5   28.9  15:47    9.1  05:48    1.8    0.0    0.0    1.5   10.9  14:18    290
 05   17.8   31.0  15:47   10.1  06:40    0.6    0.0    0.0    1.0   14.2  15:53    279
 06   17.8   28.7  13:36   10.3  06:45    0.6    0.0    0.0    4.1   19.2  17:04    296
 07   12.1   18.9  11:48    6.8  23:59    6.2    0.0    0.0    2.8   20.0  09:54    297
 08   10.0   26.2  16:08    2.6  06:40    8.3    0.0    0.0    0.8    9.3  14:02    284
 09   13.7   28.5  15:41    5.1  06:25    4.6    0.0    0.0    0.9    8.5  12:46    286
 10   15.4   32.4  16:03    7.2  06:29    3.0    0.0    0.0    0.8    9.3  11:52    272
 11   16.2   32.8  15:59    7.7  06:55    2.2    0.0    0.0    0.3    7.6  16:20    259
 12   16.0   28.3  13:10    8.1  06:37    2.4    0.0    0.0    1.0    8.5  14:22    281
 13   12.2   18.6  12:30    6.8  07:10    6.2    0.0    0.0    0.6    7.6  11:42    287
 14   12.7   22.6  14:04    5.9  05:35    5.6    0.0    0.0    1.1    8.5  11:33    289
 15   14.5   21.0  13:50    9.3  23:58    3.8    0.0    0.3    1.6   10.9  15:57    294
 16   14.7   25.7  16:26    8.4  02:21    3.7    0.0    0.3    0.8   10.1  11:34    291
 17   14.5   23.9  15:58    9.1  06:54    3.9    0.0    0.0    1.3    9.3  10:07    292
 18   13.8   23.1  16:03    8.2  07:22    4.5    0.0    0.0    0.6    8.5  12:37    291
 19   12.3   14.2  14:10    9.8  05:31    6.0    0.0    1.8    0.0    6.8  12:46    291
 20   12.4   20.1  15:33    6.9  23:55    5.9    0.0    0.0    0.4    6.8  12:21    179
 21   11.2   20.7  13:16    5.5  06:25    7.1    0.0    0.0    0.5    9.3  13:51    164
 22   11.5   22.6  13:06    4.5  06:35    6.9    0.0    0.0    0.8   12.6  14:35    177
 23   11.3   14.5  12:10    8.7  00:15    7.1    0.0    7.9    0.1    4.3  11:04    181
 24   10.1   17.3  15:58    6.1  05:48    8.2    0.0    0.3    1.0   10.9  17:31    174
 25    9.0   13.5  15:39    3.5  23:57    9.3    0.0    5.8    1.2   11.8  17:29    179
 26    6.2   13.7  12:34    2.6  23:10   12.1    0.0    2.5    0.8   17.6  15:10    298
 27    6.3   13.7  15:12    0.2  06:19   12.0    0.0    0.3    0.4    7.6  15:52    264
 28   10.8   19.7  12:42    5.6  06:50    7.6    0.0    0.0    0.4    8.5  12:58    187
 29   10.8   22.3  15:58    5.1  07:35    7.5    0.0    0.0    0.4    6.8  11:06    238
 30   11.1   20.5  15:54    5.6  07:33    7.2    0.0    0.0    0.9    9.3  11:04    291
---------------------------------------------------------------------------------------
      12.9   32.8     11    0.2     27  162.0    0.0   20.3    1.0   22.5     02    282