NOAA-Style Climate Reports

Select a Year or Month report
2022: Jan Feb Mar Apr May Jun Jul Aug Sep Oct Nov Dec
2021: Jan Feb Mar Apr May Jun Jul Aug Sep Oct Nov Dec
2020: Jan Feb Mar Apr May Jun Jul Aug Sep Oct Nov Dec
2019: Jan Feb Mar Apr May Jun Jul Aug Sep Oct Nov Dec
2018: Jan Feb Mar Apr May Jun Jul Aug Sep Oct Nov Dec
2017: Jan Feb Mar Apr May Jun Jul Aug Sep Oct Nov Dec

Report for 2020 August
                   MONTHLY CLIMATOLOGICAL SUMMARY for Aug 2020


NAME: Darfield                  
ELEV: 725 meters    LAT: 51-15.63 N    LONG: 120-12.20 W


                   TEMPERATURE (C), RAIN (mm), WIND SPEED (km/h)

                                         HEAT   COOL         AVG
      MEAN                               DEG    DEG          WIND                   DOM
DAY   TEMP   HIGH   TIME    LOW   TIME   DAYS   DAYS   RAIN  SPEED   HIGH   TIME    DIR
---------------------------------------------------------------------------------------
 01   19.6   30.7  14:13   15.2  05:10    0.0    1.2    0.3    0.5    7.6  12:08    170
 02   17.3   28.0  12:31   11.8  06:15    1.0    0.0    0.0    0.4   10.1  12:19    174
 03   18.1   27.2  13:50   13.8  05:55    0.2    0.0    0.8    0.8   13.4  02:30    215
 04   16.1   32.0  13:05   10.4  06:04    2.2    0.0    0.0    1.0   10.1  11:15    293
 05   18.0   32.9  12:52   10.7  06:13    0.3    0.0    0.0    0.4   10.1  13:08    172
 06   13.7   21.9  10:59    9.7  23:51    4.7    0.0   15.0    1.5   24.2  19:17    281
 07   13.4   24.2  13:07    6.9  05:50    4.9    0.0    0.3    0.6   10.9  13:33    168
 08   12.9   21.1  12:40    6.7  06:22    5.5    0.0    0.0    1.4   15.9  16:39    290
 09   13.7   27.4  13:20    5.7  06:18    4.7    0.0    0.0    0.8   12.6  14:32    278
 10   14.9   27.1  14:47    8.8  05:42    3.4    0.0    0.0    1.8   15.1  14:47    295
 11   13.9   22.7  12:50    6.9  23:20    4.4    0.0    1.8    1.6   22.5  19:30    240
 12   11.4   24.2  16:19    3.1  05:10    6.9    0.0    0.0    1.1   10.9  12:34    264
 13   14.0   23.7  13:51    6.6  06:06    4.4    0.0    0.0    0.7   10.1  12:46    289
 14   16.1   27.9  16:11    7.1  02:42    2.2    0.0    0.0    1.3   10.9  21:26    246
 15   17.7   32.8  14:26    9.2  05:54    0.7    0.0    0.0    0.7   10.1  14:43    182
 16   20.5   37.6  14:49   10.4  06:24    0.0    2.2    0.0    0.5    6.8  10:30    185
 17   21.0   36.7  14:46   15.4  23:52    0.0    2.7    0.0    1.3    9.3  10:55    261
 18   20.1   34.1  14:22   10.4  06:49    0.0    1.8    0.0    1.1   13.4  15:50    166
 19   19.6   32.9  14:17    9.7  06:17    0.0    1.2    0.0    0.8   11.8  15:25    174
 20   16.9   26.5  16:03   12.8  03:41    1.4    0.0    0.8    0.8    9.3  13:10    173
 21   16.1   26.6  12:10   11.3  23:58    2.2    0.0    1.0    0.5    8.5  16:57    172
 22   14.3   27.9  14:24    8.7  06:30    4.1    0.0    0.0    0.5   11.8  14:33    162
 23   11.6   21.3  13:51    5.9  06:25    6.7    0.0    0.0    0.5    8.5  10:17    280
 24   12.8   19.0  13:47    7.0  23:59    5.5    0.0    3.0    0.4   10.9  15:19    296
 25   13.1   26.8  16:19    5.5  03:24    5.3    0.0    0.0    0.8    9.3  10:29    191
 26   14.7   27.1  14:53    7.0  06:39    3.6    0.0   20.3    1.3   10.9  15:04    283
 27   12.4   26.8  13:20    7.5  06:31    5.9    0.0    0.0    1.4   13.4  12:35    294
 28   14.4   28.5  13:34    4.9  06:16    3.9    0.0    0.0    0.9    9.3  23:42    250
 29   14.8   17.1  01:19   12.9  07:51    3.5    0.0    0.0    7.3   19.2  00:59    295
 30   10.4   22.7  12:53    4.1  04:15    7.9    0.0    0.8    1.0   10.1  18:47    271
 31   11.6   19.1  15:48    8.8  06:05    6.7    0.0    0.8    0.1    6.8  13:49    289
---------------------------------------------------------------------------------------
      15.3   37.6     16    3.1     12  102.1    9.1   44.7    1.0   24.2     06    257