NOAA-Style Climate Reports

Select a Year or Month report
2022: Jan Feb Mar Apr May Jun Jul Aug Sep Oct Nov Dec
2021: Jan Feb Mar Apr May Jun Jul Aug Sep Oct Nov Dec
2020: Jan Feb Mar Apr May Jun Jul Aug Sep Oct Nov Dec
2019: Jan Feb Mar Apr May Jun Jul Aug Sep Oct Nov Dec
2018: Jan Feb Mar Apr May Jun Jul Aug Sep Oct Nov Dec
2017: Jan Feb Mar Apr May Jun Jul Aug Sep Oct Nov Dec

Report for 2020 July
                   MONTHLY CLIMATOLOGICAL SUMMARY for Jul 2020


NAME: Darfield                  
ELEV: 725 meters    LAT: 51-15.63 N    LONG: 120-12.20 W


                   TEMPERATURE (C), RAIN (mm), WIND SPEED (km/h)

                                         HEAT   COOL         AVG
      MEAN                               DEG    DEG          WIND                   DOM
DAY   TEMP   HIGH   TIME    LOW   TIME   DAYS   DAYS   RAIN  SPEED   HIGH   TIME    DIR
---------------------------------------------------------------------------------------
 01   10.6   13.2  12:46    9.8  02:39    7.7    0.0   33.3    0.5    8.5  18:59    179
 02   12.4   19.0  15:18    6.7  23:53    5.9    0.0    7.1    0.9    8.5  17:02    169
 03   11.5   17.6  12:24    6.5  05:25    6.8    0.0    0.5    1.0   13.4  16:37    168
 04   12.2   19.6  13:52    6.3  02:56    6.1    0.0    1.3    1.5   14.2  15:10    247
 05   15.3   23.7  15:16    7.6  05:20    3.0    0.0    0.0    1.1   10.9  17:39    273
 06   15.5   25.5  16:03    9.1  05:35    2.8    0.0    0.0    2.6   10.9  14:26    295
 07   14.0   18.3  11:13   10.2  06:05    4.3    0.0    3.3    1.1   10.1  11:10    282
 08   14.1   20.7  11:53   10.2  23:55    4.3    0.0    4.8    0.5    9.3  12:17    296
 09   13.1   20.5  16:05    9.7  02:18    5.2    0.0    4.6    1.6   19.2  18:14    262
 10   15.3   23.3  15:17    8.6  04:20    3.1    0.0    0.0    1.4   10.9  14:03    168
 11   14.0   20.5  14:01    8.2  04:48    4.3    0.0    0.0    0.5   11.8  17:20    170
 12   10.9   15.2  12:43    8.1  05:52    7.4    0.0    1.8    1.1   15.1  13:17    292
 13   13.0   23.2  16:12    5.3  03:49    5.4    0.0    0.0    1.3   15.1  14:59    225
 14   15.6   26.0  16:39    5.5  05:35    2.8    0.0    0.0    0.9    9.3  15:32    180
 15   18.9   25.3  17:10   13.5  06:08    0.0    0.5    0.0    0.4   10.1  11:46    284
 16   16.3   23.1  13:24   12.1  23:57    2.1    0.0    8.1    1.2   21.7  17:00    286
 17   15.7   23.3  15:53   10.0  23:56    2.7    0.0    0.3    2.6   22.5  16:09    297
 18   15.8   24.1  13:56    8.2  04:42    2.5    0.0    0.0    1.0   12.6  22:41    273
 19   17.4   25.6  15:06   11.9  06:10    0.9    0.0    0.0    2.0   15.1  16:40    293
 20   17.9   29.8  16:14    9.0  06:00    0.4    0.0    0.0    1.3   11.8  12:46    268
 21   20.5   28.5  14:53   13.7  05:50    0.0    2.2    0.0    1.0   12.6  21:52    258
 22   17.2   23.8  12:36   12.3  05:06    1.1    0.0    0.0    1.4    7.6  00:12    291
 23   17.4   25.1  16:15   12.3  04:24    0.9    0.0    7.1    1.6   15.9  21:56    279
 24   13.2   18.5  15:09   10.3  04:48    5.2    0.0    3.8    1.3   10.9  16:04    306
 25   14.6   24.5  16:15    9.2  05:20    3.8    0.0    0.0    0.6    6.8  14:49    182
 26   10.5   20.9  11:37    7.3  06:01    7.8    0.0    0.0    0.7    7.6  09:23    298
 27   20.7   32.5  16:20   10.6  06:13    0.0    2.4    0.0    0.8    7.6  17:08    188
 28   21.0   31.7  14:28   11.6  05:55    0.0    2.7    0.0    1.4   18.4  18:43    199
 29   19.6   32.0  16:18   10.4  05:50    0.0    1.2    0.0    0.6    6.8  13:07    184
 30   20.0   34.1  16:17   10.5  06:31    0.0    1.7    0.0    1.0    9.3  11:10    282
 31   21.3   31.0  15:10   13.0  06:15    0.0    3.0    0.3    1.1    9.3  09:33    297
---------------------------------------------------------------------------------------
      15.7   34.1     30    5.3     13   96.5   13.7   76.2    1.2   22.5     17    264