NOAA-Style Climate Reports

Select a Year or Month report
2022: Jan Feb Mar Apr May Jun Jul Aug Sep Oct Nov Dec
2021: Jan Feb Mar Apr May Jun Jul Aug Sep Oct Nov Dec
2020: Jan Feb Mar Apr May Jun Jul Aug Sep Oct Nov Dec
2019: Jan Feb Mar Apr May Jun Jul Aug Sep Oct Nov Dec
2018: Jan Feb Mar Apr May Jun Jul Aug Sep Oct Nov Dec
2017: Jan Feb Mar Apr May Jun Jul Aug Sep Oct Nov Dec

Report for 2020 June
                   MONTHLY CLIMATOLOGICAL SUMMARY for Jun 2020


NAME: Darfield                  
ELEV: 725 meters    LAT: 51-15.63 N    LONG: 120-12.20 W


                   TEMPERATURE (C), RAIN (mm), WIND SPEED (km/h)

                                         HEAT   COOL         AVG
      MEAN                               DEG    DEG          WIND                   DOM
DAY   TEMP   HIGH   TIME    LOW   TIME   DAYS   DAYS   RAIN  SPEED   HIGH   TIME    DIR
---------------------------------------------------------------------------------------
 01   10.6   18.7  14:49    4.7  05:45    7.8    0.0    1.0    0.7    8.5  13:36    177
 02    8.0   11.8  11:04    2.9  04:45   10.4    0.0    9.1    1.1   14.2  19:50    270
 03    9.5   17.9  16:03    3.5  05:58    8.8    0.0    0.0    1.1   10.1  16:52    287
 04   10.0   17.8  13:32    4.6  23:42    8.4    0.0    7.1    1.1   16.7  13:45    190
 05   11.2   21.9  15:37    1.8  05:00    7.2    0.0    0.3    1.6   11.8  23:57    262
 06   11.0   18.3  16:19    6.4  23:59    7.3    0.0   18.0    1.1   15.9  20:32    220
 07   10.7   17.9  16:07    4.8  03:23    7.7    0.0    0.0    4.0   26.7  15:02    296
 08   10.1   15.8  13:17    4.2  23:53    8.3    0.0    0.5    2.0   17.6  07:22    231
 09    8.1   13.7  11:30    1.0  05:22   10.3    0.0    3.0    1.2   10.9  13:00    162
 10   13.9   21.8  14:03    8.5  02:38    4.4    0.0    0.0    1.0   11.8  14:29    180
 11   13.6   20.9  12:19    8.7  04:55    4.7    0.0    1.5    0.2   10.1  13:18    201
 12   12.6   22.0  14:13    7.9  04:50    5.7    0.0    4.3    0.8   11.8  11:22    192
 13    9.1   11.9  16:22    6.3  02:45    9.3    0.0   12.4    0.3    6.8  09:05    240
 14    9.3   11.6  15:59    7.6  08:19    9.0    0.0   18.3    0.4    6.8  15:07    174
 15   11.0   17.2  16:47    5.7  04:45    7.3    0.0    0.0    1.0   10.9  15:11    163
 16   12.6   21.0  12:54    7.1  23:55    5.8    0.0    2.5    1.0   17.6  17:27    208
 17   13.2   22.6  16:56    5.5  03:26    5.1    0.0    0.3    1.0   10.1  17:34    276
 18   16.5   28.3  14:26    6.1  05:30    1.8    0.0    0.0    0.6    8.5  15:26    166
 19   18.7   27.0  16:29   13.5  05:33    0.0    0.4    0.0    0.3    6.8  10:57    170
 20   17.2   24.0  15:12   13.6  05:59    1.2    0.0    2.0    1.2   10.9  16:17    169
 21   16.5   22.9  18:10   10.9  04:39    1.8    0.0    0.5    1.3   15.1  12:05    290
 22   15.2   23.2  13:32    7.1  04:46    3.2    0.0    0.3    1.0   10.1  15:16    164
 23   17.6   23.3  17:03   13.1  00:59    0.7    0.0    0.3    0.9   11.8  19:52    181
 24   15.0   19.6  13:28   11.3  23:59    3.3    0.0   15.7    0.2   10.1  19:59    288
 25   16.8   26.1  15:57    9.3  04:20    1.5    0.0    0.3    0.7    8.5  16:44    181
 26   15.7   21.4  11:58   11.7  23:59    2.6    0.0    7.9    1.4   18.4  22:55    286
 27   10.9   15.8  13:27    7.5  23:59    7.4    0.0   20.8    0.5   15.9  17:05    297
 28   12.6   21.2  15:37    4.7  05:00    5.8    0.0    0.0    2.3   20.0  16:10    289
 29   16.5   25.6  15:35    7.1  05:44    1.8    0.0    1.3    1.6   12.6  20:32    282
 30   13.3   17.9  15:22   10.5  23:42    5.0    0.0   17.8    1.1   10.1  13:16    295
---------------------------------------------------------------------------------------
      12.9   28.3     18    1.0     09  163.4    0.4  145.3    1.1   26.7     07    244