NOAA-Style Climate Reports

Select a Year or Month report
2022: Jan Feb Mar Apr May Jun Jul Aug Sep Oct Nov Dec
2021: Jan Feb Mar Apr May Jun Jul Aug Sep Oct Nov Dec
2020: Jan Feb Mar Apr May Jun Jul Aug Sep Oct Nov Dec
2019: Jan Feb Mar Apr May Jun Jul Aug Sep Oct Nov Dec
2018: Jan Feb Mar Apr May Jun Jul Aug Sep Oct Nov Dec
2017: Jan Feb Mar Apr May Jun Jul Aug Sep Oct Nov Dec

Report for 2020 May
                   MONTHLY CLIMATOLOGICAL SUMMARY for May 2020


NAME: Darfield                  
ELEV: 725 meters    LAT: 51-15.63 N    LONG: 120-12.20 W


                   TEMPERATURE (C), RAIN (mm), WIND SPEED (km/h)

                                         HEAT   COOL         AVG
      MEAN                               DEG    DEG          WIND                   DOM
DAY   TEMP   HIGH   TIME    LOW   TIME   DAYS   DAYS   RAIN  SPEED   HIGH   TIME    DIR
---------------------------------------------------------------------------------------
 01   10.3   20.1  16:46    1.2  06:25    8.0    0.0    0.0    1.3   11.8  16:56    181
 02   11.0   20.1  14:17    2.3  05:30    7.3    0.0    1.5    2.4   16.7  18:27    199
 03    6.3   11.4  16:01    1.5  00:00   12.0    0.0    8.1    1.4   15.1  12:22    302
 04    7.1   17.4  17:03   -2.0  05:30   11.2    0.0    0.0    1.5   10.9  11:11    174
 05   10.9   20.9  14:41    2.2  03:13    7.5    0.0    0.0    1.6   11.8  13:34    180
 06    7.9   11.3  11:00    5.9  23:13   10.4    0.0    3.0    1.9   17.6  15:23    317
 07    9.5   15.6  14:39    3.7  23:58    8.8    0.0    0.0    3.5   20.9  02:29    320
 08   10.5   23.2  16:44    0.8  05:25    7.8    0.0    0.0    2.0   12.6  11:07    308
 09   12.7   24.5  16:19    2.3  05:33    5.7    0.0    0.0    2.1   11.8  13:01    307
 10   12.7   22.4  15:37    5.5  02:27    5.7    0.0    0.0    2.8   20.0  14:38    311
 11   11.7   22.7  16:01    3.3  06:00    6.6    0.0    0.0    2.3   14.2  11:37    315
 12   10.5   21.0  16:12    0.2  05:29    7.9    0.0    0.0    2.7   18.4  14:23    311
 13   11.1   22.1  15:04   -0.7  06:10    7.3    0.0    0.0    1.6   11.8  16:51    170
 14   12.8   22.1  16:14    6.2  02:30    5.6    0.0    1.0    2.1   15.1  18:04    261
 15   11.2   19.4  13:43    5.0  04:52    7.2    0.0    0.3    1.3   13.4  12:08    205
 16   10.6   18.2  12:23    3.1  04:22    7.7    0.0    1.8    1.2   10.9  15:57    175
 17   10.3   16.0  15:59    7.2  02:00    8.1    0.0    7.6    0.9    9.3  18:24    309
 18    9.7   16.1  15:52    5.4  23:58    8.7    0.0   15.2    0.5   10.9  15:51    280
 19   12.4   23.4  13:44    4.7  01:02    5.9    0.0    0.0    1.6   13.4  13:52    311
 20   13.5   23.9  14:18    5.1  06:10    4.9    0.0    0.0    2.1   25.0  19:24    286
 21   10.5   14.5  15:39    6.8  23:57    7.8    0.0    1.0    5.9   25.0  10:16    308
 22    9.0   13.2  13:39    5.9  03:55    9.3    0.0    0.8    2.2   24.2  13:48    303
 23   10.7   16.8  15:47    7.1  23:56    7.6    0.0    1.3    0.4    8.5  13:17    169
 24   12.6   21.2  15:25    3.9  05:53    5.8    0.0    0.0    1.6   10.9  14:33    164
 25   11.9   15.5  16:42    9.1  23:59    6.5    0.0    9.7    0.3    6.8  10:47    178
 26   10.9   18.5  16:00    4.2  23:52    7.4    0.0    0.3    2.8   21.7  08:50    296
 27   10.8   20.9  13:33    0.3  05:39    7.6    0.0    0.0    1.5   10.9  09:56    272
 28   11.4   20.2  16:57    3.7  05:10    7.0    0.0    0.0    1.4   10.9  12:54    293
 29   13.8   21.1  16:09    5.9  04:45    4.5    0.0    0.0    2.1   11.8  17:36    300
 30   13.6   18.8  09:54    9.5  05:18    4.7    0.0   17.5    1.1   11.8  09:57    297
 31   12.5   16.0  16:23    8.5  23:51    5.8    0.0    2.3    0.7   10.9  22:02    250
---------------------------------------------------------------------------------------
      11.0   24.5     09   -2.0     04  228.3    0.0   71.4    1.8   25.0     20    289