NOAA-Style Climate Reports

Select a Year or Month report
2022: Jan Feb Mar Apr May Jun Jul Aug Sep Oct Nov Dec
2021: Jan Feb Mar Apr May Jun Jul Aug Sep Oct Nov Dec
2020: Jan Feb Mar Apr May Jun Jul Aug Sep Oct Nov Dec
2019: Jan Feb Mar Apr May Jun Jul Aug Sep Oct Nov Dec
2018: Jan Feb Mar Apr May Jun Jul Aug Sep Oct Nov Dec
2017: Jan Feb Mar Apr May Jun Jul Aug Sep Oct Nov Dec

Report for 2020 April
                   MONTHLY CLIMATOLOGICAL SUMMARY for Apr 2020


NAME: Darfield                  
ELEV: 725 meters    LAT: 51-15.63 N    LONG: 120-12.20 W


                   TEMPERATURE (C), RAIN (mm), WIND SPEED (km/h)

                                         HEAT   COOL         AVG
      MEAN                               DEG    DEG          WIND                   DOM
DAY   TEMP   HIGH   TIME    LOW   TIME   DAYS   DAYS   RAIN  SPEED   HIGH   TIME    DIR
---------------------------------------------------------------------------------------
 01   -5.0   -4.7  00:00   -5.4  00:57   23.3    0.0    0.0   10.4   22.5  00:01    288
 02   -5.0   -2.7  22:41   -7.9  08:03   23.3    0.0    0.0    2.2   11.8  10:39    284
 03   -2.6    1.6  13:33   -4.3  04:50   20.9    0.0    0.0    3.6   21.7  14:08    292
 04   -4.1    4.0  16:14  -14.0  06:30   22.4    0.0    0.3    1.5   10.9  09:46    256
 05   -0.8    4.7  14:52   -5.6  04:07   19.1    0.0    0.0    2.3   15.1  12:02    293
 06    0.2   10.4  17:09   -8.5  07:03   18.1    0.0    0.0    1.2   10.1  13:20    167
 07    3.0    9.4  16:00   -2.7  23:56   15.3    0.0    0.0    6.7   30.0  11:37    293
 08    2.1   12.5  17:16   -5.7  06:32   16.3    0.0    0.0    1.0   10.1  09:10    224
 09    6.2   17.6  15:40   -1.9  06:43   12.2    0.0    0.0    1.3    8.5  13:11    201
 10    7.9   14.0  13:02    2.0  21:08   10.5    0.0    0.0    4.9   22.5  12:20    291
 11    3.6    8.5  13:50   -2.5  23:50   14.7    0.0    0.0    8.9   27.5  03:00    291
 12    1.4    8.9  16:47   -6.4  06:35   17.0    0.0    0.0    3.5   20.9  13:42    289
 13    N/A    N/A    N/A    N/A    N/A    0.0    0.0    0.0    N/A    N/A    N/A    N/A
 14    8.4   12.1  12:18    5.0  20:58   10.0    0.0    0.0    4.0   21.7  23:34    291
 15    6.9   14.3  13:18   -0.2  23:58   11.5    0.0    0.0    4.1   22.5  11:51    291
 16    4.7   16.1  17:08   -4.3  06:35   13.7    0.0    0.0    1.1    9.3  13:13    234
 17    5.2    9.2  14:10    0.5  03:25   13.1    0.0    3.3    0.1    5.1  07:15    289
 18    6.8   14.7  16:54    1.5  23:50   11.5    0.0    0.5    1.9   15.1  17:43    283
 19    6.7   17.8  16:23   -1.6  06:08   11.7    0.0    0.0    0.8    8.5  18:00    160
 20    8.9   21.2  15:45   -0.2  05:50    9.5    0.0    0.0    1.2   11.8  14:53    154
 21    8.5   17.9  15:42    0.5  04:12    9.8    0.0    0.0    1.1   10.9  15:56    159
 22    8.9   14.6  14:10    1.3  06:39    9.4    0.0    0.0    1.2   10.1  11:34    173
 23    7.3   14.4  16:57    3.1  05:54   11.0    0.0    0.8    2.6   20.0  12:42    312
 24    7.6   17.4  15:18   -0.9  06:20   10.7    0.0    0.0    1.5   10.9  15:38    172
 25    6.5   12.2  17:43    1.2  23:48   11.9    0.0    2.8    1.1   15.9  15:16    183
 26    5.6   14.2  11:43   -1.2  04:37   12.8    0.0    0.0    1.7   15.1  11:32    174
 27    7.1   17.1  12:59    0.9  07:04   11.3    0.0    0.8    2.8   29.1  18:16    297
 28    5.2   11.8  12:27   -1.5  04:58   13.1    0.0    0.3    1.3   11.8  13:11    181
 29    7.1   14.6  17:02    1.9  01:10   11.3    0.0    0.5    1.3   10.1  08:11    236
 30    8.9   17.0  12:27    3.7  06:01    9.4    0.0    0.0    1.8   19.2  14:50    304
---------------------------------------------------------------------------------------
       5.1   21.2     20  -14.0     04  404.7    0.0    9.1    2.4   30.0     07    279