NOAA-Style Climate Reports

Select a Year or Month report
2022: Jan Feb Mar Apr May Jun Jul Aug Sep Oct Nov Dec
2021: Jan Feb Mar Apr May Jun Jul Aug Sep Oct Nov Dec
2020: Jan Feb Mar Apr May Jun Jul Aug Sep Oct Nov Dec
2019: Jan Feb Mar Apr May Jun Jul Aug Sep Oct Nov Dec
2018: Jan Feb Mar Apr May Jun Jul Aug Sep Oct Nov Dec
2017: Jan Feb Mar Apr May Jun Jul Aug Sep Oct Nov Dec

Report for 2020 March
                   MONTHLY CLIMATOLOGICAL SUMMARY for Mar 2020


NAME: Darfield                  
ELEV: 725 meters    LAT: 51-15.63 N    LONG: 120-12.20 W


                   TEMPERATURE (C), RAIN (mm), WIND SPEED (km/h)

                                         HEAT   COOL         AVG
      MEAN                               DEG    DEG          WIND                   DOM
DAY   TEMP   HIGH   TIME    LOW   TIME   DAYS   DAYS   RAIN  SPEED   HIGH   TIME    DIR
---------------------------------------------------------------------------------------
 01   -0.4    5.0  14:36   -5.6  06:50   18.7    0.0    0.0    1.5   12.6  01:09    169
 02    0.8    8.0  14:21   -3.4  04:01   17.6    0.0    1.0    1.1   10.1  15:21    145
 03    0.7    7.2  16:08   -5.1  06:35   17.6    0.0    0.0    1.4   16.7  22:42    178
 04   -0.3    5.8  15:38   -4.5  07:35   18.7    0.0    0.3    1.8   24.2  11:11    290
 05    3.3   10.2  14:16   -0.8  06:13   15.1    0.0    0.0    2.6   14.2  10:42    169
 06    0.7    7.4  14:26   -3.1  06:43   17.6    0.0    0.0    1.3   14.2  11:38    298
 07   -0.3    5.2  14:41   -2.4  06:55   18.6    0.0    0.0    3.4   15.1  08:37    290
 08   -4.3    0.3  12:44   -8.4  09:14   22.6    0.0    0.0    3.3   10.1  12:32    295
 09   -6.0    3.6  16:16  -12.4  07:28   24.3    0.0    0.0    1.3    6.8  10:17    151
 10   -1.2    2.1  16:30   -4.8  01:39   19.5    0.0    0.3    2.0    7.6  05:12    160
 11   -0.7    5.7  13:01   -6.0  23:58   19.0    0.0    0.3    3.3   26.7  13:24    294
 12   -3.0    4.0  13:06   -6.6  01:06   21.4    0.0    0.0    2.1   20.9  13:23    298
 13   -6.5   -0.8  12:39   -9.5  07:46   24.9    0.0    0.0    5.3   20.9  12:50    293
 14    N/A    N/A    N/A    N/A    N/A    0.0    0.0    0.0    N/A    N/A    N/A    N/A
 15    N/A    N/A    N/A    N/A    N/A    0.0    0.0    0.0    N/A    N/A    N/A    N/A
 16    N/A    N/A    N/A    N/A    N/A    0.0    0.0    0.0    N/A    N/A    N/A    N/A
 17   -4.7    4.0  12:20   -8.2  05:45   23.1    0.0    0.0    2.3   10.1  11:25    293
 18   -2.6    4.8  12:10   -5.8  05:16   20.9    0.0    0.0    2.7   14.2  11:45    299
 19   -2.3    4.9  12:21   -6.4  07:10   20.7    0.0    0.0    1.9   14.2  12:18    293
 20   -2.7    8.7  13:02   -6.5  06:30   21.0    0.0    0.0    0.8    8.5  09:40    262
 21   -2.5    7.9  12:11   -6.0  06:55   20.8    0.0    0.0    0.6   10.1  11:34    277
 22   -1.8    5.9  11:52   -5.9  07:11   20.1    0.0    0.0    0.8    6.8  10:06    172
 23    1.3    9.1  12:51   -2.8  07:12   17.1    0.0    0.0    1.0    9.3  11:15    141
 24    0.7    4.3  14:14   -1.6  06:53   17.6    0.0    0.0    2.5   24.2  14:38    298
 25   -2.6    0.8  11:23   -6.1  08:24   21.0    0.0    0.0    1.7    7.6  09:01    301
 26    N/A    N/A    N/A    N/A    N/A    0.0    0.0    0.0    N/A    N/A    N/A    N/A
 27    N/A    N/A    N/A    N/A    N/A    0.0    0.0    0.0    N/A    N/A    N/A    N/A
 28    N/A    N/A    N/A    N/A    N/A    0.0    0.0    0.0    N/A    N/A    N/A    N/A
 29    6.1   11.5  12:23    1.2  07:02   12.2    0.0    2.0    2.7   15.9  14:30    152
 30    2.4    8.7  17:05   -2.7  23:55   16.0    0.0    3.3    1.2   14.2  15:38    188
 31   -1.0    4.3  12:35   -4.7  23:56   19.4    0.0    0.0    5.0   20.0  19:32    292
---------------------------------------------------------------------------------------
      -0.5   11.5     29  -12.4     09  485.4    0.0    7.1    2.1   26.7     11    267