NOAA-Style Climate Reports

Select a Year or Month report
2022: Jan Feb Mar Apr May Jun Jul Aug Sep Oct Nov Dec
2021: Jan Feb Mar Apr May Jun Jul Aug Sep Oct Nov Dec
2020: Jan Feb Mar Apr May Jun Jul Aug Sep Oct Nov Dec
2019: Jan Feb Mar Apr May Jun Jul Aug Sep Oct Nov Dec
2018: Jan Feb Mar Apr May Jun Jul Aug Sep Oct Nov Dec
2017: Jan Feb Mar Apr May Jun Jul Aug Sep Oct Nov Dec

Report for 2020 February
                   MONTHLY CLIMATOLOGICAL SUMMARY for Feb 2020


NAME: Darfield                  
ELEV: 725 meters    LAT: 51-15.63 N    LONG: 120-12.20 W


                   TEMPERATURE (C), RAIN (mm), WIND SPEED (km/h)

                                         HEAT   COOL         AVG
      MEAN                               DEG    DEG          WIND                   DOM
DAY   TEMP   HIGH   TIME    LOW   TIME   DAYS   DAYS   RAIN  SPEED   HIGH   TIME    DIR
---------------------------------------------------------------------------------------
 01    0.6    6.3  04:29   -7.8  23:53   17.8    0.0    4.6    2.2   19.2  09:31    238
 02   -5.5   -0.6  13:56  -10.1  04:45   23.8    0.0    0.3    0.1    5.1  18:40    285
 03   -9.0   -4.1  12:21  -13.3  00:00   27.3    0.0    0.0    1.0   10.9  12:56    298
 04   -9.1   -5.1  14:53  -13.3  00:05   27.5    0.0    0.0    0.2    7.6  10:07    147
 05   -6.1   -4.0  14:20   -7.9  00:59   24.4    0.0    0.0    0.0    0.0  00:00    N/A
 06   -5.3   -0.3  11:54   -8.9  03:49   23.7    0.0    0.0    0.0    0.0  00:00    N/A
 07   -4.5   -1.7  12:17   -7.4  01:20   22.8    0.0    0.0    0.0    0.0  00:00    N/A
 08   -2.5    0.5  12:32   -7.3  23:57   20.8    0.0    0.0    1.5   10.9  14:48    283
 09   -4.5   -0.5  13:17   -8.3  02:07   22.9    0.0    0.0    0.0    0.0  00:00    N/A
 10   -3.5    2.7  13:53   -8.2  07:46   21.8    0.0    0.0    0.2    6.8  01:17    290
 11   -1.3    4.3  14:09   -5.0  23:42   19.6    0.0    1.5    0.6   20.0  16:14    261
 12   -4.1   -0.8  15:13   -7.7  07:15   22.5    0.0    0.0    0.9    8.5  12:01    283
 13   -0.2    5.6  12:43   -5.5  00:10   18.6    0.0    1.5    0.8    7.6  07:54    163
 14   -1.9    4.6  12:57   -4.5  08:29   20.3    0.0    1.3    0.2   13.4  13:30    313
 15   -1.3    4.7  13:31   -4.6  07:50   19.7    0.0    1.5    0.4    6.8  20:06    269
 16   -2.8    2.9  15:00   -6.5  06:25   21.1    0.0    0.0    0.3    8.5  17:07    211
 17   -2.1    3.4  13:33   -6.3  05:00   20.5    0.0    0.0    1.7   15.9  14:38    296
 18   -3.0    3.4  14:55   -9.1  00:00   21.3    0.0    0.0    0.4    6.8  15:52    235
 19   -6.8    0.6  15:20  -12.2  07:18   25.1    0.0    0.0    0.8   10.9  12:39    283
 20   -4.2    3.2  15:23  -10.8  07:25   22.5    0.0    0.0    1.1   10.9  13:22    226
 21   -1.1    3.4  13:13   -5.9  07:30   19.4    0.0    0.0    1.5   10.1  09:40    156
 22   -0.4    4.7  10:59   -5.4  21:33   18.7    0.0    0.5    1.8   16.7  05:59    274
 23   -4.4   -0.3  13:51   -6.5  02:20   22.8    0.0    0.0    1.2    9.3  10:33    292
 24   -4.1    1.9  12:12  -11.1  23:59   22.4    0.0    0.0    1.6   18.4  13:37    292
 25   -4.2    1.6  15:33  -11.1  00:00   22.6    0.0    0.0    0.9    9.3  11:30    268
 26   -0.0    5.7  14:43   -2.9  04:42   18.4    0.0    5.1    0.6    6.8  01:25    145
 27    1.6    8.2  14:17   -2.3  03:03   16.7    0.0    4.1    0.9    8.5  12:26    163
 28    3.4   10.0  14:57   -0.3  00:00   14.9    0.0    1.3    0.9    7.6  14:07    165
 29    0.3    3.8  13:23   -3.3  03:42   18.0    0.0    0.0    2.9   21.7  11:37    299
---------------------------------------------------------------------------------------
      -3.0   10.0     28  -13.3     04  617.8    0.0   21.6    0.8   21.7     29    268