NOAA-Style Climate Reports

Select a Year or Month report
2022: Jan Feb Mar Apr May Jun Jul Aug Sep Oct Nov Dec
2021: Jan Feb Mar Apr May Jun Jul Aug Sep Oct Nov Dec
2020: Jan Feb Mar Apr May Jun Jul Aug Sep Oct Nov Dec
2019: Jan Feb Mar Apr May Jun Jul Aug Sep Oct Nov Dec
2018: Jan Feb Mar Apr May Jun Jul Aug Sep Oct Nov Dec
2017: Jan Feb Mar Apr May Jun Jul Aug Sep Oct Nov Dec

Report for 2020 January
                   MONTHLY CLIMATOLOGICAL SUMMARY for Jan 2020


NAME: Darfield                  
ELEV: 725 meters    LAT: 51-15.63 N    LONG: 120-12.20 W


                   TEMPERATURE (C), RAIN (mm), WIND SPEED (km/h)

                                         HEAT   COOL         AVG
      MEAN                               DEG    DEG          WIND                   DOM
DAY   TEMP   HIGH   TIME    LOW   TIME   DAYS   DAYS   RAIN  SPEED   HIGH   TIME    DIR
---------------------------------------------------------------------------------------
 01   -0.4    0.4  20:46   -1.3  00:00   18.7    0.0    0.0    2.8   13.4  20:44    286
 02   -4.0   -0.5  12:38   -7.2  07:02   22.3    0.0    0.0    0.7   14.2  02:43    276
 03   -0.2    3.2  13:10   -3.5  00:05   18.5    0.0    6.1    0.2    6.0  14:16    167
 04   -0.6    4.3  12:50   -4.8  23:57   18.9    0.0    8.1    1.1   32.5  07:52    227
 05   -1.3    2.8  13:12   -6.0  03:52   19.7    0.0    0.0    1.7   16.7  17:55    204
 06   -5.1   -2.7  11:17   -9.3  05:02   23.4    0.0    0.0    0.5    9.3  11:48    288
 07   -3.4   -0.3  14:05   -5.8  01:06   21.7    0.0    0.0    0.1    6.0  03:19    295
 08   -5.5    0.1  01:40  -13.3  23:00   23.8    0.0    0.0    1.9   12.6  04:40    288
 09   -9.3   -5.0  14:03  -12.1  01:51   27.6    0.0    0.0    0.1    5.1  18:46    250
 10   -5.5   -3.6  00:00   -9.9  00:00   23.8    0.0    0.0    0.1    6.0  03:23    154
 11   -3.7    0.0  13:34   -6.0  23:35   22.0    0.0    0.0    0.0    0.0  00:00    N/A
 12  -13.6   -5.8  02:08  -22.0  23:58   31.9    0.0    0.3    4.7   21.7  21:42    299
 13  -25.3  -21.8  14:20  -30.4  23:45   43.7    0.0    0.0    2.1   19.2  00:37    287
 14  -26.5  -23.8  13:23  -30.3  00:01   44.9    0.0    0.0    2.3   10.9  10:32    295
 15  -24.2  -21.5  23:34  -30.1  00:52   42.6    0.0    0.0    2.3   13.4  04:41    293
 16  -18.6  -13.1  13:48  -23.9  02:00   37.0    0.0    0.0    0.0    0.0  00:00    N/A
 17  -17.2  -14.1  15:10  -20.7  20:52   35.5    0.0    0.0    0.0    0.0  00:00    N/A
 18  -12.1   -5.9  22:33  -19.1  00:00   30.4    0.0    0.0    0.0    0.0  00:00    N/A
 19    0.2    2.6  12:47   -6.5  00:00   18.1    0.0   13.5    1.0    9.3  15:43    169
 20    2.3    6.7  14:13   -1.7  22:50   16.1    0.0   20.1    1.1   10.1  04:27    169
 21   -0.3    2.2  13:21   -1.8  01:19   18.6    0.0    7.1    0.1    5.1  08:01    166
 22    0.2    3.2  13:30   -3.3  08:00   18.1    0.0    1.3    0.3    6.8  21:43    166
 23    2.5    5.7  13:50    0.2  02:00   15.8    0.0    4.1    2.6    8.5  17:01    167
 24    2.3    6.0  13:30   -2.8  23:28   16.0    0.0    0.3    1.0    6.8  07:50    168
 25   -1.1    2.7  13:51   -3.8  03:25   19.4    0.0    0.0    0.2    5.1  09:49    267
 26    0.7    6.1  12:42   -2.2  00:00   17.6    0.0    1.5    0.7    7.6  12:43    162
 27    0.9    6.2  13:17   -2.4  18:40   17.4    0.0    0.0    0.4    6.0  12:14    157
 28    1.2    4.6  14:32    0.1  08:05   17.1    0.0    1.3    0.6    6.8  12:11    256
 29    1.2    4.5  13:49   -4.4  23:20   17.2    0.0    0.0    1.6    8.5  00:01    171
 30   -1.2    2.3  14:40   -6.1  05:58   19.5    0.0    0.0    1.4    9.3  12:01    162
 31    1.9    4.7  21:13   -2.2  02:50   16.4    0.0    2.8    1.7    8.5  17:13    161
---------------------------------------------------------------------------------------
      -5.5    6.7     20  -30.4     13  733.8    0.0   66.3    1.0   32.5     04    240