NOAA-Style Climate Reports

Select a Year or Month report
2022: Jan Feb Mar Apr May Jun Jul Aug Sep Oct Nov Dec
2021: Jan Feb Mar Apr May Jun Jul Aug Sep Oct Nov Dec
2020: Jan Feb Mar Apr May Jun Jul Aug Sep Oct Nov Dec
2019: Jan Feb Mar Apr May Jun Jul Aug Sep Oct Nov Dec
2018: Jan Feb Mar Apr May Jun Jul Aug Sep Oct Nov Dec
2017: Jan Feb Mar Apr May Jun Jul Aug Sep Oct Nov Dec

Report for 2019 December
                   MONTHLY CLIMATOLOGICAL SUMMARY for Dec 2019


NAME: Darfield                  
ELEV: 725 meters    LAT: 51-15.63 N    LONG: 120-12.20 W


                   TEMPERATURE (C), RAIN (mm), WIND SPEED (km/h)

                                         HEAT   COOL         AVG
      MEAN                               DEG    DEG          WIND                   DOM
DAY   TEMP   HIGH   TIME    LOW   TIME   DAYS   DAYS   RAIN  SPEED   HIGH   TIME    DIR
---------------------------------------------------------------------------------------
 01  -10.3   -7.2  22:50  -14.4  06:41   28.6    0.0    0.0    0.3    6.0  14:26    282
 02   -5.2   -3.2  23:35   -7.6  00:00   23.5    0.0    0.0    0.3    6.8  10:29    287
 03   -0.7    1.7  11:19   -3.4  04:13   19.0    0.0    0.3    0.5    6.0  17:02    141
 04   -0.7    2.8  12:16   -7.2  23:56   19.0    0.0    1.0    2.1   12.6  14:33    293
 05   -4.3   -2.4  15:45   -7.8  01:12   22.6    0.0    0.0    0.7    7.6  22:57    297
 06   -3.1   -1.4  23:51   -3.9  00:55   21.4    0.0    0.0    0.1    5.1  03:45    288
 07    0.1    3.2  11:47   -3.0  23:57   18.2    0.0    2.0    1.7   20.0  21:42    298
 08   -5.7   -2.7  14:29   -9.7  23:46   24.0    0.0    0.0    2.3   15.1  00:51    290
 09   -9.8   -6.8  11:09  -11.7  06:42   28.1    0.0    0.0    0.3    6.8  11:24    286
 10   -7.6   -5.4  23:35  -11.3  02:07   26.0    0.0    0.0    0.5    7.6  11:33    284
 11   -3.7   -1.4  13:00   -5.4  00:00   22.0    0.0    0.0    0.3    6.8  13:30    274
 12   -0.3    1.9  11:39   -2.1  00:05   18.7    0.0    0.0    0.0    3.5  00:16    112
 13   -0.3    2.2  12:49   -1.3  06:30   18.6    0.0    0.3    0.0    0.0  00:00    N/A
 14   -1.6    0.8  13:02   -3.2  19:45   19.9    0.0    0.0    0.0    0.0  00:00    N/A
 15   -4.1   -0.1  13:48   -8.4  18:35   22.4    0.0    0.0    0.0    0.0  00:00    N/A
 16   -4.1   -3.0  22:14   -5.6  03:58   22.4    0.0    0.0    0.0    0.0  00:00    N/A
 17   -1.2    0.2  13:01   -3.0  00:05   19.5    0.0    0.0    0.0    0.0  00:00    N/A
 18   -0.5    0.4  13:02   -1.0  07:25   18.8    0.0    0.0    0.0    0.0  00:00    N/A
 19   -0.6    1.7  12:51   -2.0  08:28   19.0    0.0    0.0    0.0    0.0  00:00    N/A
 20    0.2    0.9  12:30   -0.7  00:05   18.1    0.0   13.2    0.0    0.0  00:00    N/A
 21    0.0    1.7  13:41   -0.5  17:00   18.3    0.0    1.3    0.0    0.0  00:00    N/A
 22   -1.7   -0.4  00:15   -3.6  23:50   20.0    0.0    0.0    0.0    0.0  00:00    N/A
 23   -5.4   -3.6  00:05   -6.5  23:40   23.7    0.0    0.0    0.0    0.0  00:00    N/A
 24   -6.7   -3.7  11:27   -8.4  18:59   25.0    0.0    0.0    0.0    0.0  00:00    N/A
 25   -7.2   -4.9  12:15  -10.2  07:35   25.5    0.0    0.0    0.0    0.0  00:00    N/A
 26   -4.9   -3.7  11:35   -6.7  00:00   23.3    0.0    0.0    0.0    0.0  00:00    N/A
 27   -2.8    0.2  12:12   -3.9  00:05   21.1    0.0    0.0    0.0    0.0  00:00    N/A
 28   -2.4   -0.2  12:29   -3.5  03:45   20.8    0.0    0.0    0.0    0.0  00:00    N/A
 29   -2.0    0.1  12:53   -2.8  02:34   20.3    0.0    0.0    0.0    0.0  00:00    N/A
 30   -0.8    0.4  12:25   -2.3  00:00   19.1    0.0    0.0    0.0    0.0  00:00    N/A
 31   -0.6   -0.1  13:40   -0.7  00:05   18.9    0.0    1.8    0.0    0.0  00:00    N/A
---------------------------------------------------------------------------------------
      -3.2    3.2     07  -14.4     01  666.1    0.0   19.8    0.3   20.0     07    290