NOAA-Style Climate Reports

Select a Year or Month report
2022: Jan Feb Mar Apr May Jun Jul Aug Sep Oct Nov Dec
2021: Jan Feb Mar Apr May Jun Jul Aug Sep Oct Nov Dec
2020: Jan Feb Mar Apr May Jun Jul Aug Sep Oct Nov Dec
2019: Jan Feb Mar Apr May Jun Jul Aug Sep Oct Nov Dec
2018: Jan Feb Mar Apr May Jun Jul Aug Sep Oct Nov Dec
2017: Jan Feb Mar Apr May Jun Jul Aug Sep Oct Nov Dec

Report for 2019 November
                   MONTHLY CLIMATOLOGICAL SUMMARY for Nov 2019


NAME: Darfield                  
ELEV: 725 meters    LAT: 51-15.63 N    LONG: 120-12.20 W


                   TEMPERATURE (C), RAIN (mm), WIND SPEED (km/h)

                                         HEAT   COOL         AVG
      MEAN                               DEG    DEG          WIND                   DOM
DAY   TEMP   HIGH   TIME    LOW   TIME   DAYS   DAYS   RAIN  SPEED   HIGH   TIME    DIR
---------------------------------------------------------------------------------------
 01   -2.6    1.9  13:58   -7.2  07:54   21.0    0.0    0.0    0.7    7.6  10:38    286
 02    0.7    3.8  12:16   -0.9  23:58   17.6    0.0    1.0    0.3    7.6  13:28    229
 03    0.8    5.1  13:26   -2.6  06:50   17.6    0.0    1.0    0.1    5.1  13:26    259
 04    3.5    7.3  15:28    1.8  00:05   14.8    0.0    0.3    0.0    4.3  12:18    177
 05    3.4    6.7  13:40    0.7  21:38   14.9    0.0    0.0    0.6   14.2  23:01    289
 06    0.9    5.0  12:03   -3.5  19:50   17.4    0.0    0.0    1.4   12.6  12:28    289
 07   -1.3    2.5  14:01   -4.6  05:40   19.7    0.0    1.8    0.7    8.5  10:56    282
 08    1.7    4.1  20:20   -0.5  02:25   16.7    0.0    1.5    0.3    6.8  21:37    271
 09    3.6    4.9  11:45    2.2  00:01   14.7    0.0   11.7    0.1    6.8  23:24    297
 10    0.1    3.8  00:00   -3.9  22:45   18.2    0.0    0.3    2.3   18.4  11:39    295
 11   -2.1   -0.4  14:20   -3.8  04:20   20.4    0.0    0.0    0.7    7.6  12:46    284
 12   -0.2    2.1  12:31   -2.0  00:00   18.5    0.0    0.0    0.1    6.8  00:55    290
 13    0.4    2.0  12:10   -0.1  02:10   17.9    0.0    5.8    0.0    0.0  00:00    N/A
 14    1.6    4.5  12:13   -0.1  01:55   16.7    0.0   24.9    0.7    6.0  18:36    148
 15    2.8    4.7  11:13    0.8  19:37   15.5    0.0    7.1    0.7    9.3  01:08    160
 16    2.0    3.2  11:45    1.1  17:08   16.3    0.0   14.0    1.1    7.6  22:01    165
 17    3.8    7.7  13:30    0.8  20:45   14.5    0.0    1.5    1.5    7.6  05:45    154
 18    1.8    2.5  14:10    0.7  19:51   16.6    0.0    1.3    1.1   10.9  15:53    292
 19    1.8    5.1  13:27   -2.1  20:02   16.6    0.0    0.8    4.6   24.2  13:06    288
 20   -2.8    1.0  14:15   -5.5  23:59   21.1    0.0    0.0    0.8   11.8  00:02    289
 21   -4.4   -1.7  12:09  -11.4  03:22   22.8    0.0    6.1    0.3    6.8  13:19    279
 22   -3.6   -1.1  23:59   -6.8  07:15   21.9    0.0    0.0    0.3    8.5  01:23    276
 23    1.0    3.1  12:30   -3.4  03:57   17.3    0.0    0.0    1.6    7.6  12:55    156
 24   -0.3    4.4  14:27   -3.3  21:44   18.6    0.0    2.3    0.8   22.5  00:50    299
 25   -3.5    0.0  15:17   -6.4  23:40   21.8    0.0    0.0    0.5    7.6  15:14    284
 26   -6.1   -3.0  14:32   -9.4  06:53   24.5    0.0    0.0    1.5   14.2  13:28    293
 27   -5.7   -3.1  14:10   -8.6  23:56   24.0    0.0    0.0    5.0   20.0  17:48    291
 28  -11.4   -7.3  14:25  -14.9  23:45   29.8    0.0    0.0    1.3   10.9  13:44    296
 29  -14.2   -9.6  14:45  -16.9  06:19   32.5    0.0    0.0    0.5    8.5  11:00    294
 30  -12.9   -9.5  23:10  -17.3  07:25   31.2    0.0    0.0    0.6    6.8  12:42    286
---------------------------------------------------------------------------------------
      -1.4    7.7     17  -17.3     30  591.1    0.0   81.3    1.0   24.2     19    278