NOAA-Style Climate Reports

Select a Year or Month report
2022: Jan Feb Mar Apr May Jun Jul Aug Sep Oct Nov Dec
2021: Jan Feb Mar Apr May Jun Jul Aug Sep Oct Nov Dec
2020: Jan Feb Mar Apr May Jun Jul Aug Sep Oct Nov Dec
2019: Jan Feb Mar Apr May Jun Jul Aug Sep Oct Nov Dec
2018: Jan Feb Mar Apr May Jun Jul Aug Sep Oct Nov Dec
2017: Jan Feb Mar Apr May Jun Jul Aug Sep Oct Nov Dec

Report for 2019 October
                   MONTHLY CLIMATOLOGICAL SUMMARY for Oct 2019


NAME: Darfield                  
ELEV: 725 meters    LAT: 51-15.63 N    LONG: 120-12.20 W


                   TEMPERATURE (C), RAIN (mm), WIND SPEED (km/h)

                                         HEAT   COOL         AVG
      MEAN                               DEG    DEG          WIND                   DOM
DAY   TEMP   HIGH   TIME    LOW   TIME   DAYS   DAYS   RAIN  SPEED   HIGH   TIME    DIR
---------------------------------------------------------------------------------------
 01    4.2   11.7  16:28   -2.3  05:42   14.1    0.0    0.0    0.3    6.0  13:58    157
 02    7.7   13.7  14:43    3.4  07:15   10.7    0.0    0.0    0.7    9.3  16:39    164
 03    6.0    8.8  16:23    4.5  08:07   12.3    0.0    5.3    0.1    5.1  14:55    156
 04    6.5   11.5  13:42    3.4  08:13   11.9    0.0    0.0    0.6   10.1  12:15    155
 05    6.0   13.2  16:28    1.2  07:42   12.3    0.0    0.0    0.4    9.3  02:41    237
 06    4.6   12.7  15:21   -1.4  07:05   13.7    0.0    0.0    0.6   10.1  15:24    156
 07    6.7   14.7  15:56    0.7  23:47   11.7    0.0    4.6    2.8   25.0  17:39    228
 08    1.5    3.8  16:24   -1.0  23:58   16.9    0.0    0.3    4.1   19.2  20:37    289
 09   -2.1    4.0  16:50   -6.8  08:00   20.5    0.0    0.0    1.7   13.4  00:14    284
 10   -2.2    6.3  16:48   -7.3  07:07   20.6    0.0    0.0    0.3    6.0  13:14    189
 11   -0.2   10.0  15:47   -5.6  07:24   18.5    0.0    0.0    0.6   10.9  15:59    217
 12    2.5    5.4  15:59   -1.1  04:20   15.8    0.0    0.0    1.9   14.2  13:56    291
 13    2.9    5.2  12:36   -1.1  22:00   15.4    0.0    1.5    0.1    6.0  00:46    281
 14    3.8    8.6  16:04   -0.1  06:10   14.5    0.0    0.3    0.3    6.8  13:44    152
 15    5.0    7.7  16:15    3.0  07:05   13.4    0.0    3.0    0.4    5.1  14:14    171
 16    9.3   13.6  16:22    6.6  05:48    9.0    0.0    1.0    1.8   14.2  16:01    172
 17    6.3   10.2  11:34    0.8  07:07   12.1    0.0    0.3    0.8   11.8  11:26    164
 18    4.4    9.0  12:14    0.6  23:58   14.0    0.0    0.0    0.6   10.1  11:23    149
 19    1.9    8.9  15:33   -1.8  04:35   16.5    0.0    0.0    0.7   10.9  12:11    289
 20    1.0    4.1  13:31   -2.1  00:45   17.3    0.0    5.3    0.1    4.3  14:00    161
 21    3.3    5.1  11:50    0.7  00:00   15.1    0.0    0.5    0.7    6.8  23:34    166
 22    5.2   12.8  12:14    0.1  08:10   13.1    0.0    0.3    3.4   35.8  13:41    287
 23    5.0    9.5  15:45    0.0  08:09   13.3    0.0    0.0    2.0   13.4  02:36    281
 24    5.8   10.0  15:36    3.6  02:36   12.5    0.0    0.0    1.3   10.1  13:05    168
 25    5.1    8.9  09:21    0.0  22:19   13.2    0.0    7.4    2.9   42.4  09:33    281
 26    2.9    7.8  14:53   -1.7  21:59   15.4    0.0    0.0    3.9   17.6  02:13    290
 27   -0.1    5.1  16:04   -4.3  07:40   18.5    0.0    0.0    1.1   11.8  10:33    287
 28    1.0    4.9  13:55   -6.5  00:00   17.4    0.0    0.0    3.9   22.5  14:27    286
 29   -5.2    1.1  15:31  -10.9  07:25   23.5    0.0    0.0    0.4    7.6  12:11    243
 30   -4.4    1.5  15:34   -8.9  06:40   22.7    0.0    0.0    0.7    8.5  12:58    280
 31   -1.7    3.5  15:10   -4.8  23:56   20.0    0.0    0.0    0.3    6.8  10:24    176
---------------------------------------------------------------------------------------
       3.0   14.7     07  -10.9     29  475.7    0.0   29.7    1.3   42.4     25    266