NOAA-Style Climate Reports

Select a Year or Month report
2022: Jan Feb Mar Apr May Jun Jul Aug Sep Oct Nov Dec
2021: Jan Feb Mar Apr May Jun Jul Aug Sep Oct Nov Dec
2020: Jan Feb Mar Apr May Jun Jul Aug Sep Oct Nov Dec
2019: Jan Feb Mar Apr May Jun Jul Aug Sep Oct Nov Dec
2018: Jan Feb Mar Apr May Jun Jul Aug Sep Oct Nov Dec
2017: Jan Feb Mar Apr May Jun Jul Aug Sep Oct Nov Dec

Report for 2019 September
                   MONTHLY CLIMATOLOGICAL SUMMARY for Sep 2019


NAME: Darfield                  
ELEV: 725 meters    LAT: 51-15.63 N    LONG: 120-12.20 W


                   TEMPERATURE (C), RAIN (mm), WIND SPEED (km/h)

                                         HEAT   COOL         AVG
      MEAN                               DEG    DEG          WIND                   DOM
DAY   TEMP   HIGH   TIME    LOW   TIME   DAYS   DAYS   RAIN  SPEED   HIGH   TIME    DIR
---------------------------------------------------------------------------------------
 01   16.6   26.5  13:56    9.9  06:03    1.7    0.0    0.3    1.4   17.6  17:18    254
 02   15.8   26.0  15:31   10.0  06:37    2.6    0.0    0.0    1.5   15.9  16:24    281
 03   15.8   27.3  16:40    7.4  05:52    2.5    0.0    0.5    1.5   15.9  19:41    243
 04   16.0   24.6  13:54    8.6  06:49    2.3    0.0    0.3    1.1   15.1  20:51    174
 05   15.5   26.8  16:46    8.6  07:01    2.9    0.0    0.0    1.5   11.8  08:34    282
 06   16.7   28.8  16:13    9.5  06:46    1.6    0.0    0.0    0.9    7.6  09:22    199
 07   17.1   25.7  17:10    9.4  06:15    1.3    0.0    3.3    0.7   20.0  20:10    228
 08   13.0   15.3  13:45   10.5  04:14    5.3    0.0    7.4    0.0    5.1  11:08    312
 09   12.8   14.1  13:50   10.6  23:51    5.6    0.0   13.0    0.0    5.1  14:33    103
 10   12.8   18.6  14:35    8.9  06:14    5.5    0.0    0.3    0.7    8.5  12:36    281
 11   12.9   18.9  13:38    9.4  02:15    5.4    0.0    0.3    0.3    8.5  12:59    153
 12   11.2   15.0  16:15    6.4  06:20    7.1    0.0   11.2    0.3    7.6  17:14    250
 13   13.2   19.2  14:05    8.0  07:30    5.2    0.0    1.5    0.4   10.9  12:20    162
 14   13.1   16.5  14:38    9.8  05:38    5.3    0.0    1.0    1.4   10.1  12:20    154
 15   11.1   12.9  12:17    9.6  23:16    7.3    0.0   13.5    0.1    6.8  08:39    253
 16   10.7   17.7  16:22    5.8  23:59    7.6    0.0    0.0    0.5    7.6  15:20    150
 17    8.7   14.2  12:09    4.7  02:38    9.6    0.0    1.8    0.3    6.0  14:16    149
 18   10.6   17.8  14:11    5.7  23:57    7.8    0.0    0.0    1.5   14.2  17:01    283
 19    8.2   13.5  15:05    3.0  06:05   10.1    0.0    2.5    0.3    7.6  11:10    282
 20   10.8   17.4  16:48    6.1  23:16    7.6    0.0    0.0    0.9   15.1  13:35    283
 21   10.5   19.8  16:12    4.4  07:15    7.8    0.0    0.0    0.8    8.5  12:10    153
 22   11.6   15.0  13:05    9.2  23:55    6.7    0.0   11.9    0.5    6.0  13:12    161
 23    9.4   14.0  14:49    4.5  23:54    8.9    0.0    0.0    1.1   11.8  14:12    155
 24    8.7   17.9  14:10    2.6  06:25    9.6    0.0    0.0    0.7    9.3  14:24    269
 25    8.1   13.7  14:34    2.7  05:38   10.3    0.0    6.9    0.4    7.6  15:39    172
 26    7.3   12.2  15:12    1.5  23:36   11.1    0.0    6.9    2.9   26.7  13:34    290
 27    5.1   10.9  16:05    1.0  06:16   13.2    0.0    0.0    2.4   15.1  14:43    286
 28    7.1   10.6  13:14    4.6  07:40   11.2    0.0    0.0    5.5   18.4  13:43    285
 29    5.1   10.2  14:57    2.4  07:17   13.3    0.0    0.0    2.2   15.1  12:43    289
 30    4.2   12.0  16:17   -0.3  07:36   14.1    0.0    0.0    0.6    6.8  11:01    152
---------------------------------------------------------------------------------------
      11.3   28.8     06   -0.3     30  210.4    0.0   82.3    1.1   26.7     26    263