NOAA-Style Climate Reports

Select a Year or Month report
2022: Jan Feb Mar Apr May Jun Jul Aug Sep Oct Nov Dec
2021: Jan Feb Mar Apr May Jun Jul Aug Sep Oct Nov Dec
2020: Jan Feb Mar Apr May Jun Jul Aug Sep Oct Nov Dec
2019: Jan Feb Mar Apr May Jun Jul Aug Sep Oct Nov Dec
2018: Jan Feb Mar Apr May Jun Jul Aug Sep Oct Nov Dec
2017: Jan Feb Mar Apr May Jun Jul Aug Sep Oct Nov Dec

Report for 2019 August
                   MONTHLY CLIMATOLOGICAL SUMMARY for Aug 2019


NAME: Darfield                  
ELEV: 725 meters    LAT: 51-15.63 N    LONG: 120-12.20 W


                   TEMPERATURE (C), RAIN (mm), WIND SPEED (km/h)

                                         HEAT   COOL         AVG
      MEAN                               DEG    DEG          WIND                   DOM
DAY   TEMP   HIGH   TIME    LOW   TIME   DAYS   DAYS   RAIN  SPEED   HIGH   TIME    DIR
---------------------------------------------------------------------------------------
 01   18.2   27.6  14:26   10.2  06:35    0.1    0.0    0.0    1.1   10.1  13:51    156
 02   18.2   27.1  14:59   11.2  04:20    0.2    0.0    0.0    3.8   27.5  19:44    194
 03   14.7   22.4  15:36    9.4  05:50    3.6    0.0    0.0    1.6   12.6  13:31    280
 04   16.1   27.8  14:34    6.9  05:55    2.2    0.0    0.0    1.2   12.6  13:37    279
 05   18.7   30.4  15:08    9.4  05:55    0.0    0.3    0.0    1.0   10.1  14:51    234
 06   20.7   33.5  16:06   10.9  05:56    0.0    2.4    0.0    1.0   12.6  17:33    224
 07   21.3   34.5  16:03   11.8  06:10    0.0    3.0    0.0    1.2   11.8  15:58    200
 08   21.2   34.1  16:07   11.4  06:11    0.0    2.9    0.0    1.0    9.3  14:28    171
 09   20.3   31.0  16:05   11.2  06:15    0.0    1.9    0.0    1.8   14.2  16:27    279
 10   19.8   28.5  16:15   13.6  06:15    0.0    1.5    0.0    2.1   13.4  17:14    197
 11   14.6   16.3  12:36   13.0  00:00    3.7    0.0   29.0    0.3    8.5  22:28    197
 12   15.2   20.8  14:52   12.6  00:55    3.2    0.0    7.9    0.4   10.1  15:52    285
 13   16.2   24.4  15:37    9.8  06:21    2.2    0.0    1.8    0.7    7.6  12:10    243
 14   16.8   25.2  13:29   11.0  06:10    1.5    0.0    0.0    1.6   14.2  15:03    285
 15   18.1   28.1  16:14    9.8  03:02    0.3    0.0    0.0    1.6   17.6  23:14    232
 16   18.1   23.4  13:42   12.2  23:42    0.2    0.0    0.0    5.0   25.8  14:32    286
 17   13.6   20.7  14:34    7.3  06:23    4.7    0.0    2.0    1.3   10.9  01:02    274
 18   16.4   25.9  16:33    8.8  06:34    2.0    0.0    0.3    0.9   10.1  12:00    165
 19   16.6   26.0  16:25   11.1  03:55    1.7    0.0    0.0    1.0    9.3  11:42    184
 20   17.1   29.1  14:49    7.2  06:16    1.3    0.0    0.0    0.8    8.5  10:35    273
 21   17.1   24.0  11:30   11.8  05:25    1.3    0.0    0.3    1.3   16.7  14:11    157
 22   14.5   23.0  16:20    8.2  06:01    3.8    0.0    0.0    2.4   15.1  12:04    280
 23   12.2   18.1  15:38    8.8  04:02    6.2    0.0    4.3    0.6    9.3  18:32    245
 24   13.3   21.3  13:31    9.0  06:30    5.0    0.0   10.4    1.0   13.4  11:43    288
 25   13.3   20.7  16:26    7.3  23:55    5.0    0.0    8.4    1.5   15.9  16:41    284
 26   12.6   21.8  16:28    5.4  06:41    5.7    0.0    0.0    1.5   17.6  14:01    285
 27   14.0   26.3  16:27    4.6  06:05    4.3    0.0    0.0    1.3   13.4  21:06    232
 28   16.6   26.0  14:21   10.0  06:38    1.7    0.0    0.0    2.4   15.9  12:42    285
 29   15.2   27.8  16:45    7.1  05:52    3.1    0.0    0.0    1.3   10.1  10:40    282
 30   16.5   27.7  14:22    8.4  06:19    1.8    0.0    0.0    0.8    7.6  10:16    222
 31   17.1   25.0  16:17   11.9  02:20    1.2    0.0    0.0    2.1   15.1  11:17    288
---------------------------------------------------------------------------------------
      16.6   34.5     07    4.6     27   65.9   11.9   64.3    1.5   27.5     02    262