NOAA-Style Climate Reports

Select a Year or Month report
2022: Jan Feb Mar Apr May Jun Jul Aug Sep Oct Nov Dec
2021: Jan Feb Mar Apr May Jun Jul Aug Sep Oct Nov Dec
2020: Jan Feb Mar Apr May Jun Jul Aug Sep Oct Nov Dec
2019: Jan Feb Mar Apr May Jun Jul Aug Sep Oct Nov Dec
2018: Jan Feb Mar Apr May Jun Jul Aug Sep Oct Nov Dec
2017: Jan Feb Mar Apr May Jun Jul Aug Sep Oct Nov Dec

Report for 2019 July
                   MONTHLY CLIMATOLOGICAL SUMMARY for Jul 2019


NAME: Darfield                  
ELEV: 725 meters    LAT: 51-15.63 N    LONG: 120-12.20 W


                   TEMPERATURE (C), RAIN (mm), WIND SPEED (km/h)

                                         HEAT   COOL         AVG
      MEAN                               DEG    DEG          WIND                   DOM
DAY   TEMP   HIGH   TIME    LOW   TIME   DAYS   DAYS   RAIN  SPEED   HIGH   TIME    DIR
---------------------------------------------------------------------------------------
 01   14.7   24.3  14:55    7.6  05:15    3.6    0.0    0.3    1.5   21.7  15:13    265
 02   18.1   25.9  15:00   12.4  23:56    0.3    0.0    0.0    3.6   19.2  16:16    285
 03   15.1   24.2  09:49    6.7  06:00    3.2    0.0    3.3    1.4   19.2  16:54    282
 04   14.1   18.6  14:18   12.0  23:43    4.2    0.0   16.8    0.4   10.1  12:02    289
 05   13.8   17.7  15:09   11.1  04:44    4.5    0.0   18.5    0.1    5.1  15:10    232
 06   15.2   21.8  15:08   11.4  04:58    3.1    0.0    0.5    1.5   15.1  16:23    275
 07   14.7   20.0  15:29   11.3  00:15    3.7    0.0    2.5    0.8    9.3  15:01    189
 08   15.9   25.0  15:25    8.1  05:17    2.4    0.0    0.0    0.9   10.9  14:29    264
 09   19.5   28.4  15:13   11.3  03:17    0.0    1.1    0.0    1.3   10.9  14:55    166
 10   19.3   24.8  15:46   13.0  23:57    0.0    0.9    0.8    2.4   18.4  21:49    160
 11   16.9   24.3  13:00    8.7  06:00    1.4    0.0    1.0    1.6   11.8  11:59    280
 12   17.5   26.1  14:42   10.5  04:56    0.8    0.0    0.0    0.9    8.5  09:08    218
 13   16.3   23.3  13:57    9.8  05:19    2.0    0.0    0.0    1.4   10.9  18:05    290
 14   15.6   22.1  17:00    9.9  06:00    2.8    0.0    0.0    1.8   19.2  17:55    277
 15   15.8   22.7  14:33   10.4  02:59    2.5    0.0    0.0    1.5   10.9  09:25    271
 16   16.6   25.1  16:12    9.0  04:05    1.8    0.0    0.0    1.1   10.1  14:59    161
 17   14.7   21.5  15:11   11.4  02:19    3.6    0.0    4.1    1.2   10.9  22:11    162
 18   11.0   14.6  11:52    7.5  06:09    7.3    0.0   10.2    1.5   17.6  03:44    269
 19   11.9   16.4  15:10    8.3  02:29    6.4    0.0    3.3    1.0   10.9  16:22    287
 20   14.2   23.1  14:40    7.8  04:48    4.2    0.0    0.0    0.9   11.8  13:53    189
 21   17.1   28.0  14:32    8.2  05:16    1.2    0.0    0.0    1.1    7.6  09:15    206
 22   20.0   32.0  14:33    9.4  05:25    0.0    1.7    0.0    1.2   10.1  10:50    243
 23   20.3   31.3  15:23   13.0  05:30    0.0    1.9    0.8    1.5   16.7  15:49    158
 24   16.0   22.7  15:19   10.7  23:59    2.4    0.0    2.5    1.7   15.9  09:22    188
 25   16.2   25.3  15:30    6.3  05:30    2.1    0.0    0.0    1.2   10.1  10:09    156
 26   19.8   29.1  14:56   10.8  06:05    0.0    1.4    0.0    1.3   11.8  15:17    154
 27   15.1   23.1  15:41    9.9  23:53    3.3    0.0    6.6    1.6   21.7  16:03    280
 28   14.8   23.7  16:16    8.8  05:47    3.6    0.0    0.0    1.6   14.2  15:37    284
 29   17.2   27.9  15:51    8.2  05:54    1.2    0.0    0.0    1.4   10.1  15:04    212
 30   16.7   24.5  13:03   12.3  01:00    1.7    0.0    2.0    0.8    7.6  14:52    255
 31   17.4   26.1  16:51   11.0  04:12    0.9    0.0    0.0    0.8    8.5  10:07    199
---------------------------------------------------------------------------------------
      16.2   32.0     22    6.3     25   74.1    7.1   73.2    1.3   21.7     01    240