NOAA-Style Climate Reports

Select a Year or Month report
2022: Jan Feb Mar Apr May Jun Jul Aug Sep Oct Nov Dec
2021: Jan Feb Mar Apr May Jun Jul Aug Sep Oct Nov Dec
2020: Jan Feb Mar Apr May Jun Jul Aug Sep Oct Nov Dec
2019: Jan Feb Mar Apr May Jun Jul Aug Sep Oct Nov Dec
2018: Jan Feb Mar Apr May Jun Jul Aug Sep Oct Nov Dec
2017: Jan Feb Mar Apr May Jun Jul Aug Sep Oct Nov Dec

Report for 2019 June
                   MONTHLY CLIMATOLOGICAL SUMMARY for Jun 2019


NAME: Darfield                  
ELEV: 725 meters    LAT: 51-15.63 N    LONG: 120-12.20 W


                   TEMPERATURE (C), RAIN (mm), WIND SPEED (km/h)

                                         HEAT   COOL         AVG
      MEAN                               DEG    DEG          WIND                   DOM
DAY   TEMP   HIGH   TIME    LOW   TIME   DAYS   DAYS   RAIN  SPEED   HIGH   TIME    DIR
---------------------------------------------------------------------------------------
 01   19.3   29.0  16:20    9.3  06:05    0.0    1.0    0.0    1.3   10.1  15:58    152
 02   18.9   23.7  16:29   12.5  06:02    0.0    0.5    0.0    1.9   13.4  03:32    234
 03   17.3   24.4  14:24   10.4  05:41    1.0    0.0    0.0    1.9   14.2  09:18    208
 04   14.9   22.0  15:50    8.0  06:25    3.4    0.0    0.0    1.8   15.1  00:27    262
 05   12.3   19.1  14:03    8.5  04:59    6.0    0.0    0.0    1.5   10.9  11:57    154
 06   11.6   20.0  13:43    2.9  03:39    6.8    0.0    0.0    3.3   18.4  19:28    255
 07    8.9   14.3  14:40    4.3  02:00    9.5    0.0    5.3    2.1   15.1  10:50    290
 08   10.2   17.0  13:59    4.5  01:50    8.1    0.0    1.3    1.3   20.9  14:32    252
 09   12.2   20.0  12:28    3.7  05:22    6.1    0.0    0.5    1.1   10.1  18:00    185
 10   13.4   19.3  15:15    7.3  01:55    5.0    0.0    0.8    0.6    7.6  14:35    185
 11   18.3   28.0  15:55   11.8  04:15    0.0    0.0    0.0    1.8   15.1  13:49    274
 12   20.1   30.6  16:11    9.6  05:00    0.0    1.7    0.0    1.7   23.4  20:54    241
 13   18.7   26.4  14:06   11.8  05:35    0.0    0.4   12.4    3.1   20.9  14:40    287
 14   17.7   27.2  15:29    9.6  05:27    0.6    0.0    0.0    2.4   15.9  15:40    284
 15   18.0   29.1  14:22    7.8  05:44    0.3    0.0    0.0    1.8   16.7  12:45    285
 16   18.3   28.9  12:31    8.6  05:35    0.0    0.0    0.0    0.7   13.4  20:02    179
 17   21.3   30.3  15:08   12.6  05:25    0.0    3.0    0.0    1.6   14.2  20:46    171
 18   18.5   26.4  13:41    9.6  23:11    0.0    0.2    3.8    2.5   28.3  14:35    284
 19   11.1   17.4  14:21    5.5  23:54    7.2    0.0    0.3    5.3   25.8  13:11    290
 20    8.0   10.6  18:30    3.5  03:29   10.3    0.0    2.8    2.3   26.7  07:12    296
 21   13.8   25.0  15:29    4.4  04:45    4.5    0.0    0.0    1.9   15.9  09:53    283
 22   13.4   21.3  12:29    7.4  04:53    4.9    0.0    3.6    0.7    7.6  12:49    260
 23   13.9   19.3  15:30    9.6  23:57    4.4    0.0    6.6    1.3   14.2  18:32    285
 24   11.6   19.7  09:06    6.3  05:39    6.7    0.0    5.8    1.1   14.2  16:10    259
 25   13.6   23.7  14:36    4.4  05:45    4.8    0.0    0.3    2.0   15.1  16:27    281
 26   13.1   23.0  15:30    6.5  05:00    5.3    0.0    2.3    1.0   12.6  13:11    265
 27   11.2   15.9  12:41    7.3  01:38    7.1    0.0    9.7    1.4   14.2  12:13    290
 28   10.5   15.0  15:39    9.1  23:55    7.8    0.0   22.4    0.3    8.5  15:56    257
 29   12.6   19.2  16:04    7.5  05:01    5.7    0.0    0.3    0.8    7.6  15:16    162
 30   15.1   25.6  14:51    5.4  04:53    3.2    0.0    0.0    1.5   12.6  13:41    257
---------------------------------------------------------------------------------------
      14.6   30.6     12    2.9     06  118.7    6.8   78.0    1.7   28.3     18    270