NOAA-Style Climate Reports

Select a Year or Month report
2022: Jan Feb Mar Apr May Jun Jul Aug Sep Oct Nov Dec
2021: Jan Feb Mar Apr May Jun Jul Aug Sep Oct Nov Dec
2020: Jan Feb Mar Apr May Jun Jul Aug Sep Oct Nov Dec
2019: Jan Feb Mar Apr May Jun Jul Aug Sep Oct Nov Dec
2018: Jan Feb Mar Apr May Jun Jul Aug Sep Oct Nov Dec
2017: Jan Feb Mar Apr May Jun Jul Aug Sep Oct Nov Dec

Report for 2019 May
                   MONTHLY CLIMATOLOGICAL SUMMARY for May 2019


NAME: Darfield                  
ELEV: 725 meters    LAT: 51-15.63 N    LONG: 120-12.20 W


                   TEMPERATURE (C), RAIN (mm), WIND SPEED (km/h)

                                         HEAT   COOL         AVG
      MEAN                               DEG    DEG          WIND                   DOM
DAY   TEMP   HIGH   TIME    LOW   TIME   DAYS   DAYS   RAIN  SPEED   HIGH   TIME    DIR
---------------------------------------------------------------------------------------
 01    5.4   11.7  16:42    0.0  03:14   13.0    0.0    4.3    1.4   10.9  14:48    165
 02    8.8   15.9  16:28    3.5  05:56    9.5    0.0    0.3    1.2    9.3  12:29    157
 03    9.4   16.9  15:47    1.3  05:54    8.9    0.0    0.0    2.9   19.2  14:36    288
 04   10.6   16.4  14:53    4.5  23:02    7.7    0.0    0.0    2.3   20.0  16:16    291
 05    9.8   16.5  17:18    3.8  03:31    8.5    0.0    0.0    2.0   14.2  10:43    289
 06   11.0   20.3  16:46    3.3  04:22    7.4    0.0    0.0    1.8   27.5  19:28    238
 07   12.5   20.7  15:21    3.6  06:06    5.8    0.0    0.0    2.8   20.0  11:29    289
 08   14.2   22.2  13:47    6.4  06:35    4.1    0.0    0.0    3.1   17.6  12:00    289
 09   13.4   25.2  16:22    2.7  06:07    4.9    0.0    0.0    1.7   10.1  13:43    187
 10   15.3   28.2  16:02    5.3  05:33    3.0    0.0    0.0    1.5   14.2  13:29    284
 11   17.2   27.7  14:02    6.3  05:54    1.1    0.0    0.0    1.8   11.8  21:43    171
 12   17.4   25.2  15:41   10.0  05:19    0.9    0.0    0.0    2.6   15.1  12:58    291
 13   16.3   24.3  13:19    7.0  06:17    2.0    0.0    0.0    1.3   15.1  20:09    159
 14   12.6   18.9  11:04    6.7  05:40    5.7    0.0    0.0    1.0   10.1  13:39    155
 15   11.7   19.7  16:51    2.5  06:12    6.6    0.0    0.0    1.6   12.6  17:29    195
 16   11.5   16.3  17:11    7.9  06:11    6.9    0.0    0.5    1.2   10.1  13:53    288
 17   11.0   14.2  13:44    8.7  23:56    7.4    0.0   10.2    0.4    6.8  13:31    272
 18   10.3   14.8  18:00    7.2  05:28    8.0    0.0    1.0    0.8    8.5  12:59    153
 19   11.7   17.1  15:40    8.0  21:45    6.7    0.0    1.8    1.0   14.2  13:22    284
 20   13.0   19.6  15:49    6.5  05:35    5.4    0.0    0.0    1.2   10.1  13:15    150
 21   12.6   19.8  17:12    6.3  05:50    5.7    0.0    0.0    1.1   10.9  09:05    218
 22   14.3   23.7  13:46    5.5  05:50    4.1    0.0    0.0    1.4   12.6  10:58    277
 23   12.7   23.2  16:07    6.6  23:49    5.6    0.0    3.0    1.2   27.5  14:22    269
 24   12.3   21.5  12:47    5.8  02:12    6.0    0.0    0.0    2.7   15.1  16:52    291
 25   12.7   20.0  14:09    7.7  05:10    5.7    0.0    3.6    0.6    8.5  13:28    132
 26   14.9   26.0  15:27    4.3  05:55    3.4    0.0    0.0    2.0   12.6  11:45    281
 27   16.2   28.4  16:17    5.3  05:49    2.2    0.0    0.0    1.8   16.7  13:53    278
 28   18.1   30.9  16:17    6.8  05:45    0.3    0.0    0.0    1.2   10.9  13:47    233
 29   19.3   30.2  13:47    8.4  05:25    0.0    0.9    0.0    2.1   17.6  22:16    286
 30   20.0   29.2  16:26   10.9  05:14    0.0    1.7    0.0    1.6   11.8  00:26    280
 31   19.5   29.1  14:33   10.9  04:12    0.0    1.2    0.0    0.9   10.9  15:32    204
---------------------------------------------------------------------------------------
      13.4   30.9     28    0.0     01  156.4    3.8   24.6    1.6   27.5     06    271