NOAA-Style Climate Reports

Select a Year or Month report
2022: Jan Feb Mar Apr May Jun Jul Aug Sep Oct Nov Dec
2021: Jan Feb Mar Apr May Jun Jul Aug Sep Oct Nov Dec
2020: Jan Feb Mar Apr May Jun Jul Aug Sep Oct Nov Dec
2019: Jan Feb Mar Apr May Jun Jul Aug Sep Oct Nov Dec
2018: Jan Feb Mar Apr May Jun Jul Aug Sep Oct Nov Dec
2017: Jan Feb Mar Apr May Jun Jul Aug Sep Oct Nov Dec

Report for 2019 April
                   MONTHLY CLIMATOLOGICAL SUMMARY for Apr 2019


NAME: Darfield                  
ELEV: 725 meters    LAT: 51-15.63 N    LONG: 120-12.20 W


                   TEMPERATURE (C), RAIN (mm), WIND SPEED (km/h)

                                         HEAT   COOL         AVG
      MEAN                               DEG    DEG          WIND                   DOM
DAY   TEMP   HIGH   TIME    LOW   TIME   DAYS   DAYS   RAIN  SPEED   HIGH   TIME    DIR
---------------------------------------------------------------------------------------
 01    4.5   15.1  16:24   -3.4  06:51   13.8    0.0    0.0    2.0   13.4  13:47    285
 02    5.0   16.2  16:21   -3.3  07:06   13.3    0.0    0.0    1.5   10.1  09:48    271
 03    2.9    6.7  15:45   -1.0  04:25   15.4    0.0    5.1    0.3    5.1  10:11    151
 04    6.4   15.5  15:09    0.8  04:45   11.9    0.0    0.3    1.0    9.3  14:54    161
 05    5.9   12.8  16:12   -0.5  04:15   12.4    0.0    0.8    1.5   12.6  16:15    176
 06    4.8   10.3  13:12   -2.4  07:00   13.6    0.0    0.0    2.3   15.9  13:51    161
 07    4.4   12.9  15:41   -1.5  23:41   13.9    0.0    0.0    2.4   25.8  17:04    238
 08    4.4   13.3  16:45   -3.3  05:53   13.9    0.0    0.0    1.3   12.6  10:33    223
 09    6.4   14.1  16:23    0.6  23:53   12.0    0.0    0.0    2.8   21.7  13:27    288
 10    2.7    7.2  15:19   -1.8  23:55   15.6    0.0    1.3    0.6   10.9  15:26    217
 11    3.0   10.4  15:05   -3.0  02:45   15.3    0.0    0.0    1.4   13.4  16:05    150
 12    3.7   13.6  15:39   -2.7  04:45   14.6    0.0    0.0    1.4   12.6  15:44    253
 13    3.6    9.7  15:36   -1.3  00:35   14.7    0.0    2.8    1.2    9.3  15:45    158
 14    4.1   10.5  15:36   -0.6  05:04   14.3    0.0    1.5    1.1   12.6  14:31    152
 15    4.1   12.0  13:23   -1.3  23:59   14.2    0.0    1.0    1.2   12.6  12:47    156
 16    4.9   14.3  13:49   -3.9  06:40   13.4    0.0    0.0    1.7   15.1  15:21    150
 17    9.4   18.8  17:09   -1.9  06:25    8.9    0.0    0.3    2.3   16.7  15:41    155
 18    7.3    9.5  14:35    5.4  05:50   11.0    0.0    2.3    1.4   10.9  12:45    160
 19    7.0   12.0  15:47    2.2  22:33   11.4    0.0    3.6    2.9   18.4  05:04    289
 20    5.7   14.1  15:46   -1.8  06:16   12.6    0.0    0.0    3.0   19.2  14:41    286
 21    6.4   17.2  16:21   -3.6  05:51   12.0    0.0    0.0    1.2    9.3  13:30    157
 22    7.4   12.5  17:34    2.9  23:54   10.9    0.0    1.5    2.6    9.3  08:15    157
 23    8.3   15.7  15:52    1.8  01:15   10.1    0.0    1.0    1.3   11.8  21:04    209
 24    6.8   12.4  15:58   -0.3  23:59   11.5    0.0    0.0    5.0   25.8  09:37    295
 25    5.7   15.2  17:32   -3.9  06:25   12.7    0.0    0.0    1.3    9.3  10:46    212
 26    7.9   17.9  15:24   -0.8  06:23   10.4    0.0    0.0    3.0   30.8  20:18    280
 27    2.7    9.2  15:04   -0.6  21:39   15.6    0.0    1.0    5.8   33.3  15:22    295
 28    4.0   14.3  15:13   -4.1  05:57   14.3    0.0    0.0    2.3   17.6  13:23    292
 29    4.8   14.3  13:20   -3.0  06:15   13.5    0.0    0.0    2.9   21.7  14:29    290
 30    4.9   12.5  16:12   -3.3  05:12   13.4    0.0    0.0    2.8   17.6  13:35    289
---------------------------------------------------------------------------------------
       5.3   18.8     17   -4.1     28  390.9    0.0   22.4    2.1   33.3     27    255