NOAA-Style Climate Reports

Select a Year or Month report
2022: Jan Feb Mar Apr May Jun Jul Aug Sep Oct Nov Dec
2021: Jan Feb Mar Apr May Jun Jul Aug Sep Oct Nov Dec
2020: Jan Feb Mar Apr May Jun Jul Aug Sep Oct Nov Dec
2019: Jan Feb Mar Apr May Jun Jul Aug Sep Oct Nov Dec
2018: Jan Feb Mar Apr May Jun Jul Aug Sep Oct Nov Dec
2017: Jan Feb Mar Apr May Jun Jul Aug Sep Oct Nov Dec

Report for 2019 March
                   MONTHLY CLIMATOLOGICAL SUMMARY for Mar 2019


NAME: Darfield                  
ELEV: 725 meters    LAT: 51-15.63 N    LONG: 120-12.20 W


                   TEMPERATURE (C), RAIN (mm), WIND SPEED (km/h)

                                         HEAT   COOL         AVG
      MEAN                               DEG    DEG          WIND                   DOM
DAY   TEMP   HIGH   TIME    LOW   TIME   DAYS   DAYS   RAIN  SPEED   HIGH   TIME    DIR
---------------------------------------------------------------------------------------
 01   -5.7    0.9  15:38  -12.6  00:05   24.1    0.0    0.0    2.6   15.9  20:33    292
 02  -11.5   -4.9  16:28  -17.5  23:59   29.8    0.0    0.0    2.6   15.1  12:27    301
 03  -14.6   -4.3  15:27  -21.2  06:37   32.9    0.0    0.0    1.5   13.4  10:56    293
 04  -13.2   -2.8  16:20  -20.3  06:55   31.5    0.0    0.0    0.9    8.5  09:24    279
 05   -9.2   -0.2  15:53  -18.8  06:18   27.5    0.0    0.0    1.4   14.2  12:53    293
 06   -0.6    5.4  14:40   -5.4  05:02   18.9    0.0    0.8    1.4   11.8  13:02    289
 07   -1.7    2.3  15:08   -7.9  22:55   20.1    0.0    0.3    0.3    6.0  06:35    286
 08   -3.1    3.3  12:17   -6.8  00:00   21.5    0.0    0.3    0.2    4.3  12:07    145
 09   -3.4    2.8  14:36   -9.3  23:54   21.7    0.0    0.3    1.1    9.3  10:05    292
 10   -4.2    4.5  15:49  -13.0  07:50   22.5    0.0    2.0    1.5    9.3  13:49    169
 11    0.9    4.6  15:53   -1.1  01:55   17.5    0.0    0.5    3.0   10.9  14:35    167
 12    0.9    7.6  15:55   -4.1  07:08   17.4    0.0    1.8    3.4   27.5  16:42    289
 13   -1.6    6.3  16:14   -6.9  07:38   19.9    0.0    0.0    0.7    7.6  14:15    249
 14    0.6    8.3  15:30   -5.6  00:50   17.8    0.0    0.0    1.8   14.2  15:32    150
 15    1.8    9.6  15:28   -3.1  04:39   16.5    0.0    0.0    0.8    6.8  13:01    144
 16    2.1   11.0  17:12   -3.0  02:50   16.2    0.0    0.0    1.0    9.3  11:00    214
 17    1.8   12.7  16:53   -4.4  07:10   16.5    0.0    0.0    0.8   10.1  11:00    207
 18    2.3   15.7  16:36   -4.2  06:45   16.0    0.0    0.0    0.8   10.1  10:08    244
 19    3.0   16.0  16:33   -4.0  07:11   15.3    0.0    0.0    1.3   10.1  15:00    286
 20    4.4   18.2  16:30   -2.8  06:58   14.0    0.0    0.0    2.0   11.8  13:18    291
 21    5.2   18.2  16:24   -2.5  07:02   13.2    0.0    0.0    0.8    6.8  10:21    214
 22    5.6   17.7  16:36   -1.8  06:46   12.7    0.0    0.0    0.8    6.8  12:15    163
 23    7.1   15.5  16:36    2.2  23:57   11.3    0.0    0.0    1.1   10.1  14:07    146
 24    5.7   13.8  16:46   -0.9  06:40   12.7    0.0    0.5    1.4   12.6  11:48    289
 25    5.1   10.0  15:53    2.6  22:30   13.3    0.0    5.6    0.4    8.5  13:43    291
 26    4.8   10.6  13:27    1.5  00:00   13.6    0.0    0.5    1.4   20.0  17:10    179
 27    4.3   12.1  17:13   -0.9  04:35   14.0    0.0    0.0    1.9   13.4  14:50    289
 28    4.2   15.6  17:16   -2.9  06:45   14.2    0.0    0.0    2.2   13.4  10:38    291
 29    4.7   16.0  16:34   -2.7  07:25   13.6    0.0    0.0    1.6   10.1  11:28    278
 30    5.5   16.4  16:28   -3.4  06:49   12.9    0.0    0.0    1.1    8.5  15:26    165
 31    5.6   14.5  15:30   -0.6  07:11   12.8    0.0    0.0    1.0   18.4  15:57    264
---------------------------------------------------------------------------------------
       0.2   18.2     20  -21.2     03  561.8    0.0   12.4    1.4   27.5     12    266