NOAA-Style Climate Reports

Select a Year or Month report
2022: Jan Feb Mar Apr May Jun Jul Aug Sep Oct Nov Dec
2021: Jan Feb Mar Apr May Jun Jul Aug Sep Oct Nov Dec
2020: Jan Feb Mar Apr May Jun Jul Aug Sep Oct Nov Dec
2019: Jan Feb Mar Apr May Jun Jul Aug Sep Oct Nov Dec
2018: Jan Feb Mar Apr May Jun Jul Aug Sep Oct Nov Dec
2017: Jan Feb Mar Apr May Jun Jul Aug Sep Oct Nov Dec

Report for 2019 February
                   MONTHLY CLIMATOLOGICAL SUMMARY for Feb 2019


NAME: Darfield                  
ELEV: 725 meters    LAT: 51-15.63 N    LONG: 120-12.20 W


                   TEMPERATURE (C), RAIN (mm), WIND SPEED (km/h)

                                         HEAT   COOL         AVG
      MEAN                               DEG    DEG          WIND                   DOM
DAY   TEMP   HIGH   TIME    LOW   TIME   DAYS   DAYS   RAIN  SPEED   HIGH   TIME    DIR
---------------------------------------------------------------------------------------
 01    2.1    4.6  13:05   -1.3  23:59   16.2    0.0    0.5    3.2    8.5  01:29    150
 02   -6.9   -0.1  06:14  -16.5  23:52   25.3    0.0    0.0    5.5   22.5  06:29    293
 03  -20.7  -16.5  00:00  -22.0  09:11   39.0    0.0    0.0    4.9   15.1  07:54    298
 04  -21.0  -17.1  15:06  -25.0  23:58   39.3    0.0    0.0    2.6   15.1  12:22    293
 05  -22.3  -16.8  14:24  -27.0  05:25   40.6    0.0    0.0    0.9    9.3  12:39    291
 06  -20.3  -14.4  15:35  -24.9  07:45   38.7    0.0    0.0    0.8    8.5  11:57    290
 07  -15.7  -11.2  14:12  -21.2  01:37   34.0    0.0    0.0    0.6    6.8  11:18    287
 08  -12.0   -7.8  12:26  -14.4  01:55   30.3    0.0    0.0    2.8   17.6  21:35    292
 09  -16.5  -13.4  14:30  -21.9  23:20   34.8    0.0    0.0    4.5   19.2  12:20    297
 10  -19.9  -13.6  15:16  -24.9  07:05   38.3    0.0    0.0    0.9   10.9  12:43    295
 11  -18.1  -12.7  14:09  -25.0  07:18   36.5    0.0    0.0    1.2    9.3  11:44    296
 12  -12.3   -9.3  13:21  -14.5  03:59   30.7    0.0    0.0    1.3   13.4  11:53    297
 13  -14.4   -9.0  15:27  -18.6  23:51   32.7    0.0    0.0    0.4    7.6  09:59    295
 14  -13.4   -7.2  15:01  -20.3  05:59   31.8    0.0    0.0    0.9    9.3  10:47    296
 15   -5.7   -0.5  13:37   -8.4  00:00   24.0    0.0    0.0    0.0    0.0  00:00    N/A
 16   -2.9    0.6  13:24   -4.9  01:50   21.3    0.0    0.0    0.2   10.1  23:18    298
 17   -7.9   -4.1  00:00  -11.0  23:57   26.3    0.0    0.0    6.2   15.9  12:25    294
 18  -10.1   -4.6  13:53  -13.8  20:52   28.5    0.0    0.0    1.4   11.8  02:42    262
 19   -8.1   -3.5  14:12  -10.7  06:48   26.4    0.0    0.0    0.7    8.5  14:52    275
 20   -6.0   -1.7  14:18  -11.4  06:31   24.4    0.0    0.0    1.4   12.6  23:35    295
 21   -4.5    1.3  12:18   -7.9  19:25   22.8    0.0    0.0    2.5   15.9  00:47    277
 22   -5.5   -1.4  12:51   -9.3  23:05   23.8    0.0    0.0    0.3    6.8  01:24    154
 23   -6.1   -0.1  14:37  -12.2  23:42   24.4    0.0    0.0    0.0    0.0  00:00    N/A
 24   -8.3   -2.7  15:19  -12.4  03:39   26.7    0.0    0.0    2.4   15.9  15:09    295
 25  -10.5   -4.7  15:23  -15.7  23:59   28.8    0.0    0.0    3.4   17.6  11:13    293
 26  -14.1   -4.6  15:26  -20.4  06:58   32.4    0.0    0.0    1.7   11.8  12:21    295
 27  -11.4   -4.3  14:54  -18.9  06:59   29.7    0.0    0.0    1.3   10.9  09:08    288
 28   -8.7   -2.4  15:27  -13.4  05:23   27.0    0.0    0.0    0.7    7.6  09:35    161
---------------------------------------------------------------------------------------
     -11.5    4.6     01  -27.0     05  834.5    0.0    0.5    1.9   22.5     02    290