NOAA-Style Climate Reports

Select a Year or Month report
2022: Jan Feb Mar Apr May Jun Jul Aug Sep Oct Nov Dec
2021: Jan Feb Mar Apr May Jun Jul Aug Sep Oct Nov Dec
2020: Jan Feb Mar Apr May Jun Jul Aug Sep Oct Nov Dec
2019: Jan Feb Mar Apr May Jun Jul Aug Sep Oct Nov Dec
2018: Jan Feb Mar Apr May Jun Jul Aug Sep Oct Nov Dec
2017: Jan Feb Mar Apr May Jun Jul Aug Sep Oct Nov Dec

Report for 2019 January
                   MONTHLY CLIMATOLOGICAL SUMMARY for Jan 2019


NAME: Darfield                  
ELEV: 725 meters    LAT: 51-15.63 N    LONG: 120-12.20 W


                   TEMPERATURE (C), RAIN (mm), WIND SPEED (km/h)

                                         HEAT   COOL         AVG
      MEAN                               DEG    DEG          WIND                   DOM
DAY   TEMP   HIGH   TIME    LOW   TIME   DAYS   DAYS   RAIN  SPEED   HIGH   TIME    DIR
---------------------------------------------------------------------------------------
 01   -4.2   -2.3  23:55   -6.2  00:00   22.6    0.0    0.0    0.0    0.0  00:00    N/A
 02   -0.9    1.0  11:25   -2.3  00:00   19.2    0.0    0.0    0.0    0.0  00:00    N/A
 03    1.4    5.0  13:05   -0.6  00:00   16.9    0.0   25.9    1.0    8.5  20:09    147
 04    0.6    6.1  12:44   -3.0  21:35   17.7    0.0   11.7    0.3    7.6  12:41    165
 05    0.8    6.0  12:31   -2.5  00:00   17.6    0.0    2.5    0.5    6.8  10:41    151
 06    0.6    4.0  12:28   -2.6  22:50   17.7    0.0    4.3    0.9   10.9  14:20    157
 07   -5.3   -1.3  12:51  -12.9  23:58   23.7    0.0    0.0    1.2   18.4  11:42    289
 08  -10.7   -7.8  23:46  -14.7  05:44   29.1    0.0    0.0    0.8    9.3  11:42    294
 09   -4.2   -0.4  22:50   -7.8  00:00   22.5    0.0    0.0    0.4    6.8  13:08    279
 10    0.9    5.3  12:54   -2.3  01:24   17.5    0.0    5.3    0.8    8.5  01:20    140
 11    2.2    5.2  13:33   -0.3  03:14   16.1    0.0    1.8    1.3    7.6  00:04    167
 12   -1.5    1.2  12:47   -3.5  21:25   19.8    0.0    0.0    0.4    9.3  13:50    288
 13   -3.4   -0.1  12:34   -6.4  20:15   21.8    0.0    0.0    0.1    5.1  00:09    283
 14   -4.5   -3.2  12:54   -5.6  23:11   22.9    0.0    0.0    0.1    4.3  22:20    172
 15   -5.7   -4.3  13:08   -6.5  23:50   24.0    0.0    0.0    0.0    3.5  13:14    151
 16   -7.0   -4.5  13:03   -9.9  20:33   25.4    0.0    0.0    0.4    6.0  06:53    290
 17   -3.7   -0.2  13:07   -7.9  00:00   22.0    0.0    0.0    0.4    6.8  05:26    286
 18    0.3    5.5  14:00   -2.6  02:15   18.1    0.0    1.3    0.8    6.8  11:13    162
 19    0.5    6.4  11:43   -4.7  23:54   17.8    0.0    1.5    1.6   11.8  13:42    159
 20   -5.3   -1.1  14:53   -8.7  23:17   23.7    0.0    0.0    0.4    7.6  12:36    286
 21   -6.5   -3.1  14:20   -9.2  01:24   24.9    0.0    0.0    0.3    5.1  08:35    177
 22   -2.6    0.3  12:22   -4.8  00:00   20.9    0.0    0.0    0.2    5.1  01:26    146
 23   -2.1    1.9  13:37   -5.4  06:29   20.4    0.0    0.0    0.0    1.8  21:30     90
 24   -4.2   -0.6  13:40   -7.7  07:10   22.5    0.0    0.0    0.1    4.3  13:20    149
 25   -1.6    2.9  13:20   -4.1  00:00   20.0    0.0    0.3    0.1    4.3  11:00    144
 26   -0.9    2.6  13:18   -3.2  03:45   19.3    0.0    0.3    0.4    6.0  13:59    154
 27    0.4    5.9  11:47   -4.3  06:30   17.9    0.0    4.8    4.5   28.3  15:39    293
 28   -6.0   -1.5  14:05  -10.8  23:55   24.3    0.0    0.0    0.8   11.8  14:46    294
 29  -10.1   -4.9  15:24  -14.0  08:10   28.4    0.0    0.0    0.7    8.5  12:24    287
 30   -5.4   -2.6  12:29  -10.5  00:15   23.7    0.0    0.0    0.8    8.5  10:51    290
 31   -1.6    1.2  13:36   -5.2  01:55   19.9    0.0    0.0    1.8    7.6  18:27    140
---------------------------------------------------------------------------------------
      -2.9    6.4     19  -14.7     08  658.1    0.0   59.7    0.7   28.3     27    232