NOAA-Style Climate Reports

Select a Year or Month report
2022: Jan Feb Mar Apr May Jun Jul Aug Sep Oct Nov Dec
2021: Jan Feb Mar Apr May Jun Jul Aug Sep Oct Nov Dec
2020: Jan Feb Mar Apr May Jun Jul Aug Sep Oct Nov Dec
2019: Jan Feb Mar Apr May Jun Jul Aug Sep Oct Nov Dec
2018: Jan Feb Mar Apr May Jun Jul Aug Sep Oct Nov Dec
2017: Jan Feb Mar Apr May Jun Jul Aug Sep Oct Nov Dec

Report for 2018 December
                   MONTHLY CLIMATOLOGICAL SUMMARY for Dec 2018


NAME: Darfield                  
ELEV: 725 meters    LAT: 51-15.63 N    LONG: 120-12.20 W


                   TEMPERATURE (C), RAIN (mm), WIND SPEED (km/h)

                                         HEAT   COOL         AVG
      MEAN                               DEG    DEG          WIND                   DOM
DAY   TEMP   HIGH   TIME    LOW   TIME   DAYS   DAYS   RAIN  SPEED   HIGH   TIME    DIR
---------------------------------------------------------------------------------------
 01   -1.5    1.0  12:45   -3.3  17:00   19.8    0.0    0.0    0.5   10.1  11:30    292
 02   -1.6   -0.9  11:31   -2.4  23:54   20.0    0.0    0.0    1.7   10.9  13:40    283
 03   -2.6   -0.8  12:51   -3.6  06:48   21.0    0.0    0.0    0.3    6.0  11:06    285
 04   -5.1   -2.1  13:18   -7.7  07:55   23.5    0.0    0.0    0.1    6.0  13:26    156
 05   -6.7   -4.3  12:07  -10.1  06:16   25.1    0.0    0.0    0.4    6.8  12:29    278
 06   -7.8   -5.2  13:04  -11.7  23:33   26.1    0.0    0.0    0.9    7.6  10:11    299
 07   -9.0   -4.3  13:57  -13.2  08:23   27.3    0.0    0.0    0.5    6.8  09:51    191
 08   -5.9   -1.6  23:50  -11.3  06:35   24.3    0.0    0.0    1.2    9.3  19:46    176
 09   -0.1    3.0  13:03   -3.0  03:00   18.4    0.0    0.5    2.7   13.4  13:31    164
 10   -0.3    2.4  13:35   -2.9  21:05   18.6    0.0    0.5    0.3    5.1  00:13    166
 11   -0.3    0.5  12:08   -1.2  00:00   18.7    0.0    0.0    0.2    5.1  00:49    164
 12   -2.0    0.7  12:25   -5.1  08:40   20.3    0.0    0.3    0.0    0.0  00:00    N/A
 13    0.5    3.0  23:46   -2.3  05:26   17.9    0.0   18.8    0.2    6.0  17:07    159
 14    3.4    6.5  12:37   -1.2  23:58   14.9    0.0    9.4    2.5   15.1  06:23    174
 15    0.5    3.4  14:24   -2.0  08:07   17.8    0.0    0.3    1.8   28.3  03:56    218
 16    2.5    5.2  14:32    0.8  03:12   15.8    0.0    2.0    2.9   16.7  04:12    178
 17    2.6    5.8  12:36   -0.4  06:45   15.8    0.0    0.3    0.9    6.0  11:04    172
 18    1.6    3.6  01:33   -1.1  21:10   16.7    0.0    1.8    0.7    6.8  03:43    160
 19   -0.2    3.2  13:10   -2.5  04:18   18.6    0.0    0.0    0.1    4.3  12:25    157
 20    2.6    6.9  15:28    0.1  00:05   15.7    0.0    2.8    2.7   15.9  15:44    166
 21   -3.0    1.4  01:03   -8.6  23:57   21.3    0.0    0.0    3.6   26.7  02:58    293
 22   -5.7   -2.0  23:55   -9.4  02:07   24.1    0.0    0.0    1.5    9.3  21:55    188
 23   -0.6    1.6  13:20   -2.0  00:00   18.9    0.0    0.0    1.5   12.6  04:03    170
 24   -1.1    0.7  12:51   -2.4  06:42   19.5    0.0    0.0    0.0    4.3  04:50    273
 25   -2.1    0.1  12:04   -3.4  21:54   20.4    0.0    0.0    0.0    2.7  12:24    112
 26   -2.8   -1.6  12:44   -4.0  03:40   21.1    0.0    0.0    0.0    3.5  06:24    141
 27   -3.1   -0.3  12:51   -5.6  20:23   21.5    0.0    0.0    0.0    0.0  00:00    N/A
 28   -3.9   -2.5  12:29   -6.0  03:56   22.2    0.0    0.0    0.0    0.0  00:00    N/A
 29   -0.9    2.5  13:27   -3.1  00:00   19.2    0.0    0.5    0.0    0.0  00:00    N/A
 30   -2.0    0.4  12:18   -5.5  21:03   20.3    0.0    0.0    0.0    0.0  00:00    N/A
 31   -6.6   -3.6  13:23  -10.9  08:35   24.9    0.0    0.0    0.0    0.0  00:00    N/A
---------------------------------------------------------------------------------------
      -2.0    6.9     20  -13.2     07  629.6    0.0   37.1    0.9   28.3     15    199