NOAA-Style Climate Reports

Select a Year or Month report
2022: Jan Feb Mar Apr May Jun Jul Aug Sep Oct Nov Dec
2021: Jan Feb Mar Apr May Jun Jul Aug Sep Oct Nov Dec
2020: Jan Feb Mar Apr May Jun Jul Aug Sep Oct Nov Dec
2019: Jan Feb Mar Apr May Jun Jul Aug Sep Oct Nov Dec
2018: Jan Feb Mar Apr May Jun Jul Aug Sep Oct Nov Dec
2017: Jan Feb Mar Apr May Jun Jul Aug Sep Oct Nov Dec

Report for 2018 November
                   MONTHLY CLIMATOLOGICAL SUMMARY for Nov 2018


NAME: Darfield                  
ELEV: 725 meters    LAT: 51-15.63 N    LONG: 120-12.20 W


                   TEMPERATURE (C), RAIN (mm), WIND SPEED (km/h)

                                         HEAT   COOL         AVG
      MEAN                               DEG    DEG          WIND                   DOM
DAY   TEMP   HIGH   TIME    LOW   TIME   DAYS   DAYS   RAIN  SPEED   HIGH   TIME    DIR
---------------------------------------------------------------------------------------
 01
 02
 03
 04
 05
 06
 07
 08
 09   -2.8   -2.7  22:40   -2.9  22:29   21.1    0.0    0.0    0.0    0.0  22:29    N/A
 10   -0.1    2.1  12:21   -3.3  07:31   18.4    0.0    1.0    0.1    6.8  14:13    287
 11   -1.7    0.3  13:50   -4.4  04:10   20.1    0.0    0.0    0.2    6.0  11:12    287
 12   -2.1   -1.5  08:40   -3.0  00:25   20.5    0.0    0.0    0.2    5.1  08:41    286
 13    N/A    N/A    N/A    N/A    N/A    0.0    0.0    0.0    N/A    N/A    N/A    N/A
 14    N/A    N/A    N/A    N/A    N/A    0.0    0.0    0.0    N/A    N/A    N/A    N/A
 15    N/A    N/A    N/A    N/A    N/A    0.0    0.0    0.0    N/A    N/A    N/A    N/A
 16    N/A    N/A    N/A    N/A    N/A    0.0    0.0    0.0    N/A    N/A    N/A    N/A
 17    N/A    N/A    N/A    N/A    N/A    0.0    0.0    0.0    N/A    N/A    N/A    N/A
 18   -3.5    0.1  13:27   -5.8  03:55   21.9    0.0    0.0    0.5    8.5  14:17    291
 19   -4.5   -0.6  14:20   -7.1  06:55   22.9    0.0    0.0    0.5    8.5  12:41    281
 20   -2.4    0.8  11:06   -5.7  00:31   20.8    0.0    0.0    0.5    6.0  11:15    280
 21    1.3    5.0  12:50   -3.1  01:40   17.0    0.0    0.0    1.9   10.1  13:12    160
 22    0.6    2.7  00:00   -0.1  21:05   17.7    0.0    0.8    0.4    6.0  00:47    232
 23    0.9    3.7  12:59   -0.3  20:21   17.4    0.0    5.8    0.2    5.1  14:10    284
 24    0.3    2.6  12:24   -1.2  22:19   18.0    0.0    0.0    0.1    6.0  10:57    163
 25    0.6    2.8  12:18   -1.6  02:19   17.7    0.0    4.3    1.0    6.8  19:28    176
 26    2.5    3.4  20:30    0.9  00:18   15.9    0.0    2.3    3.1    7.6  03:23    162
 27    3.1    5.2  14:29    2.0  05:15   15.3    0.0    3.6    1.5    8.5  08:14    162
 28    1.5    5.8  11:57   -2.6  22:35   16.9    0.0    0.0    0.3    7.6  12:14    155
 29   -0.6    0.5  12:20   -2.0  08:26   18.9    0.0    0.3    0.9   10.1  23:09    288
 30   -1.4    0.0  11:47   -1.9  05:55   19.7    0.0    0.0    3.4   12.6  08:21    293
---------------------------------------------------------------------------------------
      -0.3    5.8     28   -7.1     19  320.1    0.0   18.0    1.0   12.6     30    214