NOAA-Style Climate Reports

Select a Year or Month report
2022: Jan Feb Mar Apr May Jun Jul Aug Sep Oct Nov Dec
2021: Jan Feb Mar Apr May Jun Jul Aug Sep Oct Nov Dec
2020: Jan Feb Mar Apr May Jun Jul Aug Sep Oct Nov Dec
2019: Jan Feb Mar Apr May Jun Jul Aug Sep Oct Nov Dec
2018: Jan Feb Mar Apr May Jun Jul Aug Sep Oct Nov Dec
2017: Jan Feb Mar Apr May Jun Jul Aug Sep Oct Nov Dec

Report for 2018 July
                   MONTHLY CLIMATOLOGICAL SUMMARY for Jul 2018


NAME: Darfield                  
ELEV: 725 meters    LAT: 51-15.63 N    LONG: 120-12.20 W


                   TEMPERATURE (C), RAIN (mm), WIND SPEED (km/h)

                                         HEAT   COOL         AVG
      MEAN                               DEG    DEG          WIND                   DOM
DAY   TEMP   HIGH   TIME    LOW   TIME   DAYS   DAYS   RAIN  SPEED   HIGH   TIME    DIR
---------------------------------------------------------------------------------------
 01   11.4   15.5  11:01    8.0  00:00    6.9    0.0   13.5    0.6   11.8  17:57    293
 02    9.9   13.8  10:56    7.1  03:36    8.5    0.0    1.0    3.7   24.2  14:21    295
 03   14.1   22.1  17:19    7.1  03:41    4.2    0.0    0.0    2.1   18.4  16:05    292
 04   16.9   26.8  15:12    7.2  05:11    1.4    0.0    0.0    1.4   10.9  15:45    275
 05   20.6   32.2  16:11   11.4  05:41    0.0    2.3    1.3    1.3   10.9  11:59    287
 06   18.2   25.0  16:42   13.2  23:57    0.1    0.0    1.3    1.7   15.1  01:08    171
 07   15.7   23.6  13:55   10.2  23:58    2.6    0.0    5.6    1.6   15.9  20:35    225
 08   15.4   25.7  15:06    7.4  03:15    3.0    0.0    0.0    1.2   12.6  10:29    288
 09   17.4   25.9  14:12    8.0  05:55    0.9    0.0    0.0    1.0   13.4  23:40    295
 10   15.7   20.1  00:00   11.0  23:59    2.6    0.0    1.3    1.0   15.1  00:28    299
 11   17.2   26.1  16:12    9.4  05:50    1.2    0.0    0.0    1.4   16.7  12:22    289
 12   19.8   30.4  15:15   10.8  04:10    0.0    1.4    0.0    0.5   10.1  15:44    157
 13   19.4   27.3  12:20   12.4  05:05    0.0    1.1    0.0    3.6   25.0  18:03    290
 14   18.1   26.9  16:23    9.6  04:51    0.3    0.0    0.0    3.3   16.7  05:57    286
 15   17.9   32.6  16:11    6.5  05:30    0.5    0.0    0.0    0.9   10.9  10:19    245
 16   20.6   34.0  16:08    9.9  05:30    0.0    2.3    0.0    0.5    9.3  14:01    236
 17   22.1   34.8  15:14   11.5  05:25    0.0    3.8    0.0    0.8   10.1  16:11    173
 18   22.9   32.8  16:15   15.3  04:12    0.0    4.5    0.0    0.9   10.1  05:56    251
 19   20.7   29.6  15:59   12.3  05:10    0.0    2.4    0.0    2.0   15.1  23:03    170
 20   13.3   19.0  00:00    6.6  00:00    5.1    0.0   10.2    3.1   20.0  01:28    282
 21   11.3   17.3  16:42    5.3  02:22    7.1    0.0    0.8    0.1    6.0  07:14    192
 22   16.9   27.9  16:26    7.2  05:49    1.5    0.0    0.0    1.5   21.7  20:46    289
 23   18.6   25.6  15:22   12.4  01:14    0.0    0.3    0.0    4.1   16.7  12:12    295
 24   18.3   27.6  16:18   10.3  06:01    0.0    0.0    0.0    2.1   13.4  11:00    285
 25   17.8   29.5  15:24    7.8  05:46    0.5    0.0    0.0    1.4   12.6  10:52    293
 26   19.5   31.8  14:59    9.0  05:35    0.0    1.2    0.0    1.8   11.8  11:18    290
 27   20.3   32.1  15:17   11.3  05:09    0.0    1.9    0.0    1.7   14.2  13:30    290
 28   20.2   33.7  16:02   10.0  05:36    0.0    1.8    0.0    0.6    9.3  15:03    266
 29   22.0   34.7  15:21   11.7  06:31    0.0    3.7    0.0    0.4    8.5  15:28    178
 30   23.4   36.0  15:38   14.5  03:51    0.0    5.1    0.0    0.4    9.3  15:58    167
 31   21.4   31.9  16:26   13.5  05:35    0.0    3.1    0.8    1.1    9.3  09:51    291
---------------------------------------------------------------------------------------
      18.0   36.0     30    5.3     21   46.3   34.9   35.6    1.5   25.0     13    282