NOAA-Style Climate Reports

Select a Year or Month report
2022: Jan Feb Mar Apr May Jun Jul Aug Sep Oct Nov Dec
2021: Jan Feb Mar Apr May Jun Jul Aug Sep Oct Nov Dec
2020: Jan Feb Mar Apr May Jun Jul Aug Sep Oct Nov Dec
2019: Jan Feb Mar Apr May Jun Jul Aug Sep Oct Nov Dec
2018: Jan Feb Mar Apr May Jun Jul Aug Sep Oct Nov Dec
2017: Jan Feb Mar Apr May Jun Jul Aug Sep Oct Nov Dec

Report for 2018 June
                   MONTHLY CLIMATOLOGICAL SUMMARY for Jun 2018


NAME: Darfield                  
ELEV: 725 meters    LAT: 51-15.63 N    LONG: 120-12.20 W


                   TEMPERATURE (C), RAIN (mm), WIND SPEED (km/h)

                                         HEAT   COOL         AVG
      MEAN                               DEG    DEG          WIND                   DOM
DAY   TEMP   HIGH   TIME    LOW   TIME   DAYS   DAYS   RAIN  SPEED   HIGH   TIME    DIR
---------------------------------------------------------------------------------------
 01   12.7   21.5  14:25    4.9  05:02    5.6    0.0    0.0    2.1   14.2  19:21    154
 02   13.8   22.9  15:12    3.8  05:10    4.5    0.0    0.0    1.9   11.8  10:14    160
 03   12.0   21.0  13:22    8.6  23:58    6.3    0.0    1.8    0.6   13.4  14:48    168
 04    8.7   14.2  13:49    4.6  23:57    9.6    0.0    6.1    1.8   19.2  16:01    280
 05    9.5   17.1  16:37    2.9  01:23    8.8    0.0    0.0    1.7   10.9  13:36    167
 06   15.3   24.1  14:41    5.6  04:39    3.0    0.0    0.0    2.0   14.2  13:37    163
 07   16.8   25.1  15:47    8.0  05:20    1.6    0.0    0.0    0.8   11.8  15:12    162
 08   15.6   22.7  13:56   10.3  23:45    2.7    0.0    3.6    2.6   12.6  14:27    158
 09   12.5   19.3  15:17    8.3  23:58    5.8    0.0    2.5    2.0   16.7  17:59    228
 10    8.7   13.3  11:33    5.5  23:48    9.6    0.0    1.0    2.0   25.0  12:42    281
 11    9.8   17.7  13:55    3.0  04:46    8.5    0.0    0.0    2.3   19.2  19:35    276
 12   11.0   19.8  14:15    2.0  04:55    7.3    0.0    0.3    1.9   14.2  17:07    151
 13   10.0   16.1  16:18    6.1  04:48    8.3    0.0    3.6    0.6    8.5  19:36    185
 14   11.2   17.3  15:14    7.9  03:06    7.1    0.0    9.4    0.4    8.5  13:37    172
 15   12.2   18.8  18:36    7.9  23:53    6.1    0.0    2.8    1.2   15.9  11:53    289
 16   16.1   27.9  16:08    6.3  04:18    2.2    0.0    0.0    3.7   17.6  15:11    293
 17   17.9   29.0  13:35    6.9  05:20    0.5    0.0    0.0    1.5   12.6  10:04    293
 18   20.6   32.7  14:44    8.6  05:36    0.0    2.3    0.0    2.4   19.2  15:30    293
 19   21.7   33.7  16:21   10.7  05:30    0.0    3.4    0.0    0.7    8.5  14:38    169
 20   23.0   34.7  16:10   12.3  05:12    0.0    4.7    0.0    1.9   20.9  20:09    252
 21   18.8   29.7  14:38   11.8  06:00    0.0    0.5    1.8    0.6   10.9  14:38    282
 22   15.6   22.7  13:00   11.5  05:00    2.7    0.0    5.8    0.6   23.4  15:37    293
 23   15.4   20.9  17:41   12.5  23:38    2.9    0.0    4.3    0.2    6.0  08:31    283
 24   18.9   28.5  14:40   10.0  05:29    0.0    0.6    0.0    0.6   10.9  16:40    164
 25   10.7   17.7  00:20    6.2  23:59    7.6    0.0   35.3    2.2   22.5  01:10    291
 26   13.0   20.3  15:15    5.8  05:12    5.4    0.0    0.3    2.0   10.9  10:19    156
 27   13.6   21.6  14:11    4.9  05:22    4.7    0.0    0.0    1.3   11.8  10:43    226
 28   14.0   19.7  14:04   10.7  06:27    4.4    0.0    2.0    1.4   13.4  04:41    271
 29   12.4   17.6  11:35    8.4  23:35    6.0    0.0   21.8    0.4    9.3  16:19    214
 30   12.5   20.4  12:52    8.2  02:23    5.9    0.0    4.8    1.4   12.6  12:33    242
---------------------------------------------------------------------------------------
      14.1   34.7     20    2.0     12  137.4   11.4  107.2    1.5   25.0     10    217